{"id":693461,"date":"2025-08-27T14:14:40","date_gmt":"2025-08-27T11:14:40","guid":{"rendered":"https:\/\/roveyayinevi.com.tr\/index.php\/urun\/cocuk-isciler-carpik-gelisen-bedenler\/"},"modified":"2026-01-29T02:05:55","modified_gmt":"2026-01-28T23:05:55","slug":"cocuk-isciler-carpik-gelisen-bedenler","status":"publish","type":"product","link":"https:\/\/roveyayinevi.com.tr\/index.php\/urun\/cocuk-isciler-carpik-gelisen-bedenler\/","title":{"rendered":"\u00c7ocuk \u0130\u015f\u00e7iler \u00c7arp\u0131k Geli\u015fen Bedenler"},"content":{"rendered":"<p>Yeni biny\u0131l\u0131n e\u015fi\u011finde \u00e7ocuk eme\u011fine ili\u015fkin yap\u0131lan de\u011ferlendirmelerin sonu\u00e7lar\u0131 pek i\u00e7 a\u00e7\u0131c\u0131 g\u00f6r\u00fcnm\u00fcyor. \u0130ncelemeler, \u00e7ocuklar\u0131n, ba\u015fta az geli\u015fmi\u015f ekonomiler olmak \u00fczere t\u00fcm toplumlarda yayg\u0131n bi\u00e7imde \u00e7al\u0131\u015ft\u0131r\u0131ld\u0131\u011f\u0131n\u0131 ortaya koyuyor. B\u00fcnyeleri tam anlam\u0131yla oturmadan fiziksel y\u00fcklenmelere maruz kalan \u00e7ocuklar\u0131n  \u00e7arp\u0131k  bir bedene sahip olduklar\u0131 g\u00f6r\u00fclmekte, bu da  \u00e7ocuk eme\u011fi nin \u00f6n\u00fcne ge\u00e7ilmesi gereken toplumsal bir yara oldu\u011fu ger\u00e7e\u011fini bir kez daha g\u00f6zler \u00f6n\u00fcne sermektedir. Bu kitapta, say\u0131lar\u0131 y\u00fcz milyonlarla ifade edilen k\u00f6rpe bedenlerin \u00e7al\u0131\u015fma ko\u015fullar\u0131ndan nas\u0131l etkilendi\u011fi sorusuna cevap aranmaktad\u0131r. Bunun yan\u0131 s\u0131ra, d\u00fcnyada ve T\u00fcrkiye\u2019de \u00e7ocuk eme\u011finin tarihsel geli\u015fimi ve g\u00fcn\u00fcm\u00fczdeki durumu da tart\u0131\u015f\u0131lmaktad\u0131r. Elinizdeki kitap, \u00e7al\u0131\u015fan \u00e7ocuklar\u0131n sorunlar\u0131n\u0131 ve bedensel geli\u015fimlerini ele alan, \u015fimdiye kadar yap\u0131lm\u0131\u015f en kapsaml\u0131 \u00e7al\u0131\u015fmalardan biridir. <\/p>\n","protected":false},"excerpt":{"rendered":"<p>Yeni biny\u0131l\u0131n e\u015fi\u011finde \u00e7ocuk eme\u011fine ili\u015fkin yap\u0131lan de\u011ferlendirmelerin sonu\u00e7lar\u0131 pek i\u00e7 a\u00e7\u0131c\u0131 g\u00f6r\u00fcnm\u00fcyor. \u0130ncelemeler, \u00e7ocuklar\u0131n, ba\u015fta az geli\u015fmi\u015f ekonomiler olmak \u00fczere t\u00fcm toplumlarda yayg\u0131n bi\u00e7imde \u00e7al\u0131\u015ft\u0131r\u0131ld\u0131\u011f\u0131n\u0131<span class=\"excerpt-hellip\"> [\u2026]<\/span><\/p>\n","protected":false},"featured_media":0,"template":"","meta":{"_monsterinsights_skip_tracking":false,"_monsterinsights_sitenote_active":false,"_monsterinsights_sitenote_note":"","_monsterinsights_sitenote_category":0},"product_brand":[],"product_cat":[16098,12337],"product_tag":[],"class_list":{"0":"post-693461","1":"product","2":"type-product","3":"status-publish","5":"product_cat-politik-akimlar-hareketler","6":"product_cat-politika-siyaset","7":"pa_cilt-ciltsiz","8":"pa_tur-kitap","9":"pa_yayinevi-utopya-yayinevi","10":"pa_yazar-izzet-duyar","12":"first","13":"instock","14":"sale","15":"shipping-taxable","16":"purchasable","17":"product-type-simple"},"_links":{"self":[{"href":"https:\/\/roveyayinevi.com.tr\/index.php\/wp-json\/wp\/v2\/product\/693461","targetHints":{"allow":["GET"]}}],"collection":[{"href":"https:\/\/roveyayinevi.com.tr\/index.php\/wp-json\/wp\/v2\/product"}],"about":[{"href":"https:\/\/roveyayinevi.com.tr\/index.php\/wp-json\/wp\/v2\/types\/product"}],"wp:attachment":[{"href":"https:\/\/roveyayinevi.com.tr\/index.php\/wp-json\/wp\/v2\/media?parent=693461"}],"wp:term":[{"taxonomy":"product_brand","embeddable":true,"href":"https:\/\/roveyayinevi.com.tr\/index.php\/wp-json\/wp\/v2\/product_brand?post=693461"},{"taxonomy":"product_cat","embeddable":true,"href":"https:\/\/roveyayinevi.com.tr\/index.php\/wp-json\/wp\/v2\/product_cat?post=693461"},{"taxonomy":"product_tag","embeddable":true,"href":"https:\/\/roveyayinevi.com.tr\/index.php\/wp-json\/wp\/v2\/product_tag?post=693461"}],"curies":[{"name":"wp","href":"https:\/\/api.w.org\/{rel}","templated":true}]}}