{"id":693460,"date":"2025-08-27T14:14:40","date_gmt":"2025-08-27T11:14:40","guid":{"rendered":"https:\/\/roveyayinevi.com.tr\/index.php\/urun\/mafya-narkoekonemi-ve-susurluk-semdinli\/"},"modified":"2026-01-29T02:05:55","modified_gmt":"2026-01-28T23:05:55","slug":"mafya-narkoekonemi-ve-susurluk-semdinli","status":"publish","type":"product","link":"https:\/\/roveyayinevi.com.tr\/index.php\/urun\/mafya-narkoekonemi-ve-susurluk-semdinli\/","title":{"rendered":"Mafya, Narkoekonemi ve Susurluk \/ \u015eemdinli"},"content":{"rendered":"<p>Mafya(lar)\u0131n T\u00fcrkiye kapitalizminin birikim s\u00fcre\u00e7lerinde \u00f6nemli bir yeri, rol\u00fc olagelmi\u015ftir. \u00dcstelik de bu rol, yeni de\u011fildir; bu co\u011frafyada sermayenin T\u00fcrkle\u015ftirilmesi, a\u011f\u0131rl\u0131kl\u0131 olarak devlete eklemlenmi\u015f, onun koruyucu kanatlar\u0131 alt\u0131nda i\u015fleyen mafyavari \u00f6rg\u00fctlenmeler eliyle ger\u00e7ekle\u015ftirilen uzun, sanc\u0131l\u0131 bir s\u00fcre\u00e7tir. Bu ba\u011flamda devletin (a\u00e7\u0131k ya da gizli) \u00f6rg\u00fctleri nerede biter, yeralt\u0131 \u00e7eteleri nerede ba\u015fla, kestirmesi her zaman nerdeyse olanaks\u0131z bir muammad\u0131r. Topal Osman\u2019lardan \u2018ASALA ve P KK\u2019ya kar\u015f\u0131 kullan\u0131lan\u2019 \u2018milli kahramanlar\u2019a \u2018bu vatan i\u00e7in kur\u015fun at\u0131p kur\u015fun yiyenler\u2019in dokunulmazl\u0131\u011f\u0131, kara para aklamadan uyu\u015fturucu ka\u00e7ak\u00e7\u0131l\u0131\u011f\u0131na, kiral\u0131k katillikten kad\u0131n ticaretine her t\u00fcrl\u00fc melaneti ger\u00e7ekle\u015ftirenlerin k\u0131llar\u0131na dokunulmayaca\u011f\u0131n\u0131 bilmenin rahatl\u0131\u011f\u0131yla ellerini kollar\u0131n\u0131 sallaya sallaya ortal\u0131kta dola\u015fmalar\u0131, kimseyi \u015fa\u015f\u0131rtmamal\u0131. Bu silsilenin her bir kademesi, \u2018millile\u015fme\u2019 tarihimizde (ya da tarihimizin \u2018millile\u015ftirilmesinde\u2019) \u00f6nemli bir rol oynam\u0131\u015ft\u0131r: Ermeni katliam\u0131, Rumlar\u0131n m\u00fcbadelesi, S\u00fcryanilerin sindirilmesi, kalan gayrim\u00fcslimlerin s\u00fcrekli taciz yoluyla y\u0131ld\u0131r\u0131lmas\u0131 ve \u00fclkeyi terke zorlanmas\u0131 ve nihayet bo\u015falt\u0131lan K\u00fcrt k\u00f6yleri, el konulacak, \u2018temell\u00fck edilerek\u2019 T\u00fcrkle\u015ftirilecek topraklar, gayrimenkuller, i\u015fletmeler, ziynet e\u015fyalar\u0131, s\u00fcr\u00fcler, paralard\u0131r bir yandan da. Ku\u015fkusuz buna bir de, \u2018d\u00fc\u015f\u00fck yo\u011funluklu \u00e7at\u0131\u015fmalar\u0131\u2019 uyu\u015fturucu ka\u00e7ak\u00e7\u0131l\u0131\u011f\u0131yla finanse etme giri\u015fimleri de eklenmeli&#8230; <\/p>\n","protected":false},"excerpt":{"rendered":"<p>Mafya(lar)\u0131n T\u00fcrkiye kapitalizminin birikim s\u00fcre\u00e7lerinde \u00f6nemli bir yeri, rol\u00fc olagelmi\u015ftir. \u00dcstelik de bu rol, yeni de\u011fildir; bu co\u011frafyada sermayenin T\u00fcrkle\u015ftirilmesi, a\u011f\u0131rl\u0131kl\u0131 olarak devlete eklemlenmi\u015f, onun koruyucu<span class=\"excerpt-hellip\"> [\u2026]<\/span><\/p>\n","protected":false},"featured_media":0,"template":"","meta":{"_monsterinsights_skip_tracking":false,"_monsterinsights_sitenote_active":false,"_monsterinsights_sitenote_note":"","_monsterinsights_sitenote_category":0},"product_brand":[],"product_cat":[12312,12304],"product_tag":[],"class_list":{"0":"post-693460","1":"product","2":"type-product","3":"status-publish","5":"product_cat-diger","6":"product_cat-tarih","7":"pa_cilt-ciltsiz","8":"pa_tur-kitap","9":"pa_yayinevi-utopya-yayinevi","10":"pa_yazar-derleme","12":"first","13":"instock","14":"sale","15":"shipping-taxable","16":"purchasable","17":"product-type-simple"},"_links":{"self":[{"href":"https:\/\/roveyayinevi.com.tr\/index.php\/wp-json\/wp\/v2\/product\/693460","targetHints":{"allow":["GET"]}}],"collection":[{"href":"https:\/\/roveyayinevi.com.tr\/index.php\/wp-json\/wp\/v2\/product"}],"about":[{"href":"https:\/\/roveyayinevi.com.tr\/index.php\/wp-json\/wp\/v2\/types\/product"}],"wp:attachment":[{"href":"https:\/\/roveyayinevi.com.tr\/index.php\/wp-json\/wp\/v2\/media?parent=693460"}],"wp:term":[{"taxonomy":"product_brand","embeddable":true,"href":"https:\/\/roveyayinevi.com.tr\/index.php\/wp-json\/wp\/v2\/product_brand?post=693460"},{"taxonomy":"product_cat","embeddable":true,"href":"https:\/\/roveyayinevi.com.tr\/index.php\/wp-json\/wp\/v2\/product_cat?post=693460"},{"taxonomy":"product_tag","embeddable":true,"href":"https:\/\/roveyayinevi.com.tr\/index.php\/wp-json\/wp\/v2\/product_tag?post=693460"}],"curies":[{"name":"wp","href":"https:\/\/api.w.org\/{rel}","templated":true}]}}