{"id":693453,"date":"2025-08-27T14:14:39","date_gmt":"2025-08-27T11:14:39","guid":{"rendered":"https:\/\/roveyayinevi.com.tr\/index.php\/urun\/karanligin-icinde-aydinlik-yuzler\/"},"modified":"2026-01-29T02:05:55","modified_gmt":"2026-01-28T23:05:55","slug":"karanligin-icinde-aydinlik-yuzler","status":"publish","type":"product","link":"https:\/\/roveyayinevi.com.tr\/index.php\/urun\/karanligin-icinde-aydinlik-yuzler\/","title":{"rendered":"Karanl\u0131\u011f\u0131n \u0130\u00e7inde Ayd\u0131nl\u0131k Y\u00fczler"},"content":{"rendered":"<p>Bu \u00e7al\u0131\u015fmamda cumhuriyetin kurulu\u015fundan bu yana \u00f6len, \u00f6ld\u00fcr\u00fclen insan haklar\u0131 savunucular\u0131n\u0131 ve &#8216;\u00f6teki&#8217; olduklar\u0131 i\u00e7in katledilen insanlar\u0131 konu\u015fturmaya \u00e7al\u0131\u015ft\u0131m. Her gelenekten, etnik k\u00f6kenden, cinsten &#8216;sembol&#8217;ler se\u00e7tim. Oyun kahramanlar\u0131n\u0131n ortak \u00f6zelli\u011fi, ya\u015fad\u0131\u011f\u0131m\u0131z yeni orta\u00e7a\u011fda egemenler taraf\u0131ndan kurban edilmeleriydi. Kimisi daha \u00e7ocuktu. Kimisi ser verip s\u0131r vermeyen militand\u0131. Kimisi sanat\u00e7\u0131, bilim insan\u0131, \u00f6\u011frenci, gazeteci ya da sendikac\u0131. Bu insanlar\u0131n sesleri karanl\u0131\u011f\u0131 y\u0131rt\u0131p geliyordu. Bu seslerin sahipleri, benim oyuna verdi\u011fim adla &#8216;Karanl\u0131\u011f\u0131n \u0130\u00e7inde Ayd\u0131nl\u0131k Y\u00fczler&#8217;di. Onlara ben de bor\u00e7luyum, siz de. Onlar sizin i\u00e7in, benim i\u00e7in, \u00e7ocuklar\u0131n\u0131z i\u00e7in, denizler, da\u011flar, nehirler, hayvanlar, bitkiler i\u00e7in, b\u00fcy\u00fck \u00e7o\u011funlu\u011fun, hani Naz\u0131m&#8217;\u0131n &#8216;Akrep gibisin karde\u015fim&#8217; \u015fiirinde betimledi\u011fi insanlar\u0131n g\u00f6steremedi\u011fi cesaret ve kararl\u0131l\u0131\u011f\u0131 g\u00f6sterdiler. S\u00fcr\u00fcye kat\u0131lmad\u0131lar. &#8216;Oyunda seslerini duydu\u011funuz bu insanlar, susman\u0131n sizi kirletece\u011fini, haks\u0131zl\u0131klar\u0131 g\u00f6r\u00fcp de bir \u015fey s\u00f6ylememenin, sizi su\u00e7 ortaklar\u0131na d\u00f6n\u00fc\u015ft\u00fcrece\u011fine inan\u0131yorlar.&#8217; Resmi tarih onlar\u0131 yok saysa, unutturmak istese de i\u015fte buradalar. Aram\u0131zdalar ve sizinle konu\u015fuyorlar. Sizi tarihle ve kendinizle y\u00fczle\u015fmeye \u00e7a\u011f\u0131r\u0131yorlar. Sizi unutman\u0131n kaygan ipine ba\u011fl\u0131 aymazl\u0131k kay\u0131\u011f\u0131ndan inmeye ve sokaklara \u00e7\u0131k\u0131p &#8216;itiraz etmeye&#8217; davet ediyorlar&#8230; <\/p>\n","protected":false},"excerpt":{"rendered":"<p>Bu \u00e7al\u0131\u015fmamda cumhuriyetin kurulu\u015fundan bu yana \u00f6len, \u00f6ld\u00fcr\u00fclen insan haklar\u0131 savunucular\u0131n\u0131 ve &#8216;\u00f6teki&#8217; olduklar\u0131 i\u00e7in katledilen insanlar\u0131 konu\u015fturmaya \u00e7al\u0131\u015ft\u0131m. Her gelenekten, etnik k\u00f6kenden, cinsten &#8216;sembol&#8217;ler se\u00e7tim.<span class=\"excerpt-hellip\"> [\u2026]<\/span><\/p>\n","protected":false},"featured_media":0,"template":"","meta":{"_monsterinsights_skip_tracking":false,"_monsterinsights_sitenote_active":false,"_monsterinsights_sitenote_note":"","_monsterinsights_sitenote_category":0},"product_brand":[],"product_cat":[13021,12408],"product_tag":[],"class_list":{"0":"post-693453","1":"product","2":"type-product","3":"status-publish","5":"product_cat-sahne-sanatlari","6":"product_cat-sanat","7":"pa_cilt-ciltsiz","8":"pa_tur-kitap","9":"pa_yayinevi-utopya-yayinevi","10":"pa_yazar-adil-okay","12":"first","13":"instock","14":"sale","15":"shipping-taxable","16":"purchasable","17":"product-type-simple"},"_links":{"self":[{"href":"https:\/\/roveyayinevi.com.tr\/index.php\/wp-json\/wp\/v2\/product\/693453","targetHints":{"allow":["GET"]}}],"collection":[{"href":"https:\/\/roveyayinevi.com.tr\/index.php\/wp-json\/wp\/v2\/product"}],"about":[{"href":"https:\/\/roveyayinevi.com.tr\/index.php\/wp-json\/wp\/v2\/types\/product"}],"wp:attachment":[{"href":"https:\/\/roveyayinevi.com.tr\/index.php\/wp-json\/wp\/v2\/media?parent=693453"}],"wp:term":[{"taxonomy":"product_brand","embeddable":true,"href":"https:\/\/roveyayinevi.com.tr\/index.php\/wp-json\/wp\/v2\/product_brand?post=693453"},{"taxonomy":"product_cat","embeddable":true,"href":"https:\/\/roveyayinevi.com.tr\/index.php\/wp-json\/wp\/v2\/product_cat?post=693453"},{"taxonomy":"product_tag","embeddable":true,"href":"https:\/\/roveyayinevi.com.tr\/index.php\/wp-json\/wp\/v2\/product_tag?post=693453"}],"curies":[{"name":"wp","href":"https:\/\/api.w.org\/{rel}","templated":true}]}}