{"id":693439,"date":"2025-08-27T14:14:36","date_gmt":"2025-08-27T11:14:36","guid":{"rendered":"https:\/\/roveyayinevi.com.tr\/index.php\/urun\/televizyon\/"},"modified":"2026-01-29T02:05:55","modified_gmt":"2026-01-28T23:05:55","slug":"televizyon","status":"publish","type":"product","link":"https:\/\/roveyayinevi.com.tr\/index.php\/urun\/televizyon\/","title":{"rendered":"Televizyon"},"content":{"rendered":"<p>Televizyon ve \u015fiddet konusu \u00e7e\u015fitli boyutlar\u0131yla \u00e7ok uzun zamand\u0131r gerek kamuoyunun gerek ara\u015ft\u0131rmac\u0131lar\u0131n ve gerekse h\u00fck\u00fcmetlerin g\u00fcndeminde \u00f6nemini korumaktad\u0131r. Ancak konuyla ilgili yine \u00e7ok uzun zamand\u0131r bir k\u0131s\u0131r d\u00f6ng\u00fc i\u00e7inde s\u0131k\u0131\u015f\u0131p kalm\u0131\u015fl\u0131k durumu bulunmaktad\u0131r. Bu k\u0131s\u0131r d\u00f6ng\u00fc, konunun d\u00f6rt taraf\u0131 diyebilece\u011fimiz halk, ara\u015ft\u0131rmac\u0131lar, h\u00fck\u00fcmetler ve televizyon end\u00fcstrisinin \u00e7e\u015fitli nedenlerle konuya farkl\u0131 a\u00e7\u0131lardan yakla\u015fmalar\u0131 ve dolay\u0131s\u0131yla farkl\u0131 \u00e7\u00f6z\u00fcmler getirmelerinden kaynaklanmaktad\u0131r. Bu sorun kar\u015f\u0131s\u0131nda h\u00fck\u00fcmetlere d\u00fc\u015fen g\u00f6rev ise, denetim ve \u00e7e\u015fitli d\u00fczenlemeler yapmakt\u0131r. Ancak konunun bu k\u0131sm\u0131nda da baz\u0131 sorunlar kar\u015f\u0131m\u0131za \u00e7\u0131kmaktad\u0131r. \u00c7\u00fcnk\u00fc g\u00fcn\u00fcm\u00fcz Pazar merkezli d\u00fcnyas\u0131nda konuyla ilgili olarak h\u00fck\u00fcmetlerin elini kolunu ba\u011flayan, end\u00fcstriye direkt m\u00fcdahale etmesini \u00f6nleyen baz\u0131 etkenler bulunmaktad\u0131r. Geli\u015ftirilen politikalar, dikkatlerin ve sorumlulu\u011fun end\u00fcstriden izleyici \u00fczerine at\u0131lmas\u0131 i\u015flevini g\u00f6rmekte, bunun d\u0131\u015f\u0131nda bir \u00e7\u00f6z\u00fcm getirememektedir.  Televizyon: Mesih mi \u015eeytan m\u0131? , televizyon ve \u015fiddet konusunu t\u00fcm bu a\u00e7\u0131dan inceleyen ve hepsi ayn\u0131 zamanda birer televizyon izleyicisi olan konunun t\u00fcm taraflar\u0131 i\u00e7in ayd\u0131nlat\u0131c\u0131 bir \u00e7al\u0131\u015fma. <\/p>\n","protected":false},"excerpt":{"rendered":"<p>Televizyon ve \u015fiddet konusu \u00e7e\u015fitli boyutlar\u0131yla \u00e7ok uzun zamand\u0131r gerek kamuoyunun gerek ara\u015ft\u0131rmac\u0131lar\u0131n ve gerekse h\u00fck\u00fcmetlerin g\u00fcndeminde \u00f6nemini korumaktad\u0131r. Ancak konuyla ilgili yine \u00e7ok uzun zamand\u0131r<span class=\"excerpt-hellip\"> [\u2026]<\/span><\/p>\n","protected":false},"featured_media":0,"template":"","meta":{"_monsterinsights_skip_tracking":false,"_monsterinsights_sitenote_active":false,"_monsterinsights_sitenote_note":"","_monsterinsights_sitenote_category":0},"product_brand":[],"product_cat":[15983,13488],"product_tag":[],"class_list":{"0":"post-693439","1":"product","2":"type-product","3":"status-publish","5":"product_cat-iletisim-ve-medya","6":"product_cat-toplum-ve-insan","7":"pa_cilt-ciltsiz","8":"pa_tur-kitap","9":"pa_yayinevi-utopya-yayinevi","10":"pa_yazar-defne-ozonur-cologlu","12":"first","13":"instock","14":"sale","15":"shipping-taxable","16":"purchasable","17":"product-type-simple"},"_links":{"self":[{"href":"https:\/\/roveyayinevi.com.tr\/index.php\/wp-json\/wp\/v2\/product\/693439","targetHints":{"allow":["GET"]}}],"collection":[{"href":"https:\/\/roveyayinevi.com.tr\/index.php\/wp-json\/wp\/v2\/product"}],"about":[{"href":"https:\/\/roveyayinevi.com.tr\/index.php\/wp-json\/wp\/v2\/types\/product"}],"wp:attachment":[{"href":"https:\/\/roveyayinevi.com.tr\/index.php\/wp-json\/wp\/v2\/media?parent=693439"}],"wp:term":[{"taxonomy":"product_brand","embeddable":true,"href":"https:\/\/roveyayinevi.com.tr\/index.php\/wp-json\/wp\/v2\/product_brand?post=693439"},{"taxonomy":"product_cat","embeddable":true,"href":"https:\/\/roveyayinevi.com.tr\/index.php\/wp-json\/wp\/v2\/product_cat?post=693439"},{"taxonomy":"product_tag","embeddable":true,"href":"https:\/\/roveyayinevi.com.tr\/index.php\/wp-json\/wp\/v2\/product_tag?post=693439"}],"curies":[{"name":"wp","href":"https:\/\/api.w.org\/{rel}","templated":true}]}}