{"id":693428,"date":"2025-08-27T14:13:58","date_gmt":"2025-08-27T11:13:58","guid":{"rendered":"https:\/\/roveyayinevi.com.tr\/index.php\/urun\/andersenden-dokuz-masal\/"},"modified":"2026-01-29T02:05:55","modified_gmt":"2026-01-28T23:05:55","slug":"andersenden-dokuz-masal","status":"publish","type":"product","link":"https:\/\/roveyayinevi.com.tr\/index.php\/urun\/andersenden-dokuz-masal\/","title":{"rendered":"Andersen\u2019den Dokuz Masal"},"content":{"rendered":"<p>Ad\u0131, Hans Christian Andersen, 19. Y\u00fczy\u0131l\u0131n ba\u015flar\u0131nda Danimarka\u2019da do\u011fmu\u015f. Ayakkab\u0131c\u0131 bir baba ile okuma yazma bilmeyen bir annenin o\u011flu. Delikanl\u0131l\u0131\u011fa ad\u0131m atmas\u0131yla birlikte ailesinden ayr\u0131lm\u0131\u015f ve tiyatro oyuncusu olmak i\u00e7in \u00fclkesinin ba\u015fkenti Kopenhag\u2019a gitmi\u015f. Kraliyet Tiyatrosu\u2019nun y\u00f6neticilerinden birinin deste\u011fi ile \u00fcniversitede e\u011fitim g\u00f6r\u00fcp yazarl\u0131k yetene\u011fini geli\u015ftirdikten sonra hemen hemen b\u00fct\u00fcn Avrupa\u2019y\u0131 dola\u015fm\u0131\u015f. \u00c7ocuklu\u011funda ya\u015fad\u0131klar\u0131n\u0131, yolculuklar\u0131 s\u0131ras\u0131nda g\u00f6rd\u00fcklerini, dinledi\u011fi \u00f6yk\u00fcleri, Danimarka k\u00fclt\u00fcr\u00fcne ait gelenekleri hayal g\u00fcc\u00fcyle birle\u015ftirip bir s\u00fcr\u00fc roman, \u00f6yk\u00fc, \u015fiir yazm\u0131\u015f. T\u00fcm bu yazd\u0131klar\u0131 i\u00e7inde onu d\u00fcnya \u00e7ap\u0131nda \u00fcne kavu\u015fturansa masallar\u0131 olmu\u015f. Elinizdeki kitap, bu \u2018Masalc\u0131 Baba\u2019 n\u0131n birbirinden g\u00fczel dokuz masal\u0131n\u0131 bir araya getiriyor. G\u00fczelliklere, iyiliklere kap\u0131 a\u00e7mak; d\u00fc\u015f g\u00fcc\u00fcn\u00fc dolu dizgin ko\u015fturmak i\u00e7in&#8230; <\/p>\n","protected":false},"excerpt":{"rendered":"<p>Ad\u0131, Hans Christian Andersen, 19. Y\u00fczy\u0131l\u0131n ba\u015flar\u0131nda Danimarka\u2019da do\u011fmu\u015f. Ayakkab\u0131c\u0131 bir baba ile okuma yazma bilmeyen bir annenin o\u011flu. Delikanl\u0131l\u0131\u011fa ad\u0131m atmas\u0131yla birlikte ailesinden ayr\u0131lm\u0131\u015f ve<span class=\"excerpt-hellip\"> [\u2026]<\/span><\/p>\n","protected":false},"featured_media":0,"template":"","meta":{"_monsterinsights_skip_tracking":false,"_monsterinsights_sitenote_active":false,"_monsterinsights_sitenote_note":"","_monsterinsights_sitenote_category":0},"product_brand":[],"product_cat":[12913,12274],"product_tag":[],"class_list":{"0":"post-693428","1":"product","2":"type-product","3":"status-publish","5":"product_cat-3-6-yas-kitaplari","6":"product_cat-cocuk-ve-genclik-kitaplari","7":"pa_cilt-ciltsiz","8":"pa_tur-kitap","9":"pa_yayinevi-utopya-yayinevi","10":"pa_yazar-hans-christian-andersen","12":"first","13":"instock","14":"sale","15":"shipping-taxable","16":"purchasable","17":"product-type-simple"},"_links":{"self":[{"href":"https:\/\/roveyayinevi.com.tr\/index.php\/wp-json\/wp\/v2\/product\/693428","targetHints":{"allow":["GET"]}}],"collection":[{"href":"https:\/\/roveyayinevi.com.tr\/index.php\/wp-json\/wp\/v2\/product"}],"about":[{"href":"https:\/\/roveyayinevi.com.tr\/index.php\/wp-json\/wp\/v2\/types\/product"}],"wp:attachment":[{"href":"https:\/\/roveyayinevi.com.tr\/index.php\/wp-json\/wp\/v2\/media?parent=693428"}],"wp:term":[{"taxonomy":"product_brand","embeddable":true,"href":"https:\/\/roveyayinevi.com.tr\/index.php\/wp-json\/wp\/v2\/product_brand?post=693428"},{"taxonomy":"product_cat","embeddable":true,"href":"https:\/\/roveyayinevi.com.tr\/index.php\/wp-json\/wp\/v2\/product_cat?post=693428"},{"taxonomy":"product_tag","embeddable":true,"href":"https:\/\/roveyayinevi.com.tr\/index.php\/wp-json\/wp\/v2\/product_tag?post=693428"}],"curies":[{"name":"wp","href":"https:\/\/api.w.org\/{rel}","templated":true}]}}