{"id":693420,"date":"2025-08-27T14:13:57","date_gmt":"2025-08-27T11:13:57","guid":{"rendered":"https:\/\/roveyayinevi.com.tr\/index.php\/urun\/aile-ve-siddet\/"},"modified":"2026-01-29T02:05:54","modified_gmt":"2026-01-28T23:05:54","slug":"aile-ve-siddet","status":"publish","type":"product","link":"https:\/\/roveyayinevi.com.tr\/index.php\/urun\/aile-ve-siddet\/","title":{"rendered":"Aile ve \u015eiddet"},"content":{"rendered":"<p>Ailede \u015fiddetin her t\u00fcrl\u00fcs\u00fcn\u00fcn yo\u011fun bir \u015fekilde ya\u015fand\u0131\u011f\u0131n\u0131, ancak g\u00fc\u00e7s\u00fcz ve \u00e7aresiz olan kad\u0131nlara ve \u00e7ocuklara y\u00f6neltilen \u015fiddetin daha da yo\u011fun oldu\u011funu g\u00f6rmekteyiz. Ailede \u015fiddet en fazla erkekler taraf\u0131ndan kad\u0131nlara y\u00f6nlendirilirken, bir halk sa\u011fl\u0131\u011f\u0131 problemi olan \u015fiddete kar\u015f\u0131 \u00f6zellikle \u00e7ocuklar \u00e7ok daha fazla duyarl\u0131 olmaktad\u0131r. \u00c7\u00fcnk\u00fc aile i\u00e7i \u00e7ocu\u011fa y\u00f6nelik \u015fiddet \u00e7ocukta fiziksel yaralanmalara yol a\u00e7mas\u0131n\u0131n yan\u0131 s\u0131ra bili\u015fsel, davran\u0131\u015fsal, sosyal ve duygusal fonksiyonlar \u00fczerinde zararl\u0131 etkilere de sahiptir. Aile i\u00e7i \u015fiddet \u00e7ocuklarda sa\u011fl\u0131k sorunlar\u0131na yol a\u00e7makta ve aile i\u00e7i istismar\u0131n t\u00fcm genetik hastal\u0131klar\u0131n toplam\u0131ndan daha fazla insan\u0131n hayat\u0131na zarar verdi\u011fi bildirilmektedir. \u015eiddet ailede ba\u015flay\u0131p okulda devam eden ve engellenmedi\u011fi zaman toplumsal alana s\u0131\u00e7rayarak daha b\u00fcy\u00fck sorunlar\u0131n ya\u015fanmas\u0131na neden olan geli\u015fmelere kaynakl\u0131k edebilmektedir. Elinizdeki kitap ailede \u015fiddet ve \u00e7ocu\u011fa y\u00f6nelik \u015fiddeti sosyo-k\u00fclt\u00fcrel, ekonomik, psikolojik, ileti\u015fimsel ve hukuksal nedenleri a\u00e7\u0131s\u0131ndan ele al\u0131p incelemekte ve \u00f6nlemeye y\u00f6nelik \u00e7\u00f6z\u00fcm \u00f6nerileri sunmaktad\u0131r. <\/p>\n","protected":false},"excerpt":{"rendered":"<p>Ailede \u015fiddetin her t\u00fcrl\u00fcs\u00fcn\u00fcn yo\u011fun bir \u015fekilde ya\u015fand\u0131\u011f\u0131n\u0131, ancak g\u00fc\u00e7s\u00fcz ve \u00e7aresiz olan kad\u0131nlara ve \u00e7ocuklara y\u00f6neltilen \u015fiddetin daha da yo\u011fun oldu\u011funu g\u00f6rmekteyiz. Ailede \u015fiddet en<span class=\"excerpt-hellip\"> [\u2026]<\/span><\/p>\n","protected":false},"featured_media":0,"template":"","meta":{"_monsterinsights_skip_tracking":false,"_monsterinsights_sitenote_active":false,"_monsterinsights_sitenote_note":"","_monsterinsights_sitenote_category":0},"product_brand":[],"product_cat":[12835,12324],"product_tag":[],"class_list":{"0":"post-693420","1":"product","2":"type-product","3":"status-publish","5":"product_cat-genel-sosyoloji","6":"product_cat-sosyoloji","7":"pa_cilt-ciltsiz","8":"pa_tur-kitap","9":"pa_yayinevi-utopya-yayinevi","10":"pa_yazar-sezer-ayan","12":"first","13":"instock","14":"sale","15":"shipping-taxable","16":"purchasable","17":"product-type-simple"},"_links":{"self":[{"href":"https:\/\/roveyayinevi.com.tr\/index.php\/wp-json\/wp\/v2\/product\/693420","targetHints":{"allow":["GET"]}}],"collection":[{"href":"https:\/\/roveyayinevi.com.tr\/index.php\/wp-json\/wp\/v2\/product"}],"about":[{"href":"https:\/\/roveyayinevi.com.tr\/index.php\/wp-json\/wp\/v2\/types\/product"}],"wp:attachment":[{"href":"https:\/\/roveyayinevi.com.tr\/index.php\/wp-json\/wp\/v2\/media?parent=693420"}],"wp:term":[{"taxonomy":"product_brand","embeddable":true,"href":"https:\/\/roveyayinevi.com.tr\/index.php\/wp-json\/wp\/v2\/product_brand?post=693420"},{"taxonomy":"product_cat","embeddable":true,"href":"https:\/\/roveyayinevi.com.tr\/index.php\/wp-json\/wp\/v2\/product_cat?post=693420"},{"taxonomy":"product_tag","embeddable":true,"href":"https:\/\/roveyayinevi.com.tr\/index.php\/wp-json\/wp\/v2\/product_tag?post=693420"}],"curies":[{"name":"wp","href":"https:\/\/api.w.org\/{rel}","templated":true}]}}