{"id":693417,"date":"2025-08-27T14:13:56","date_gmt":"2025-08-27T11:13:56","guid":{"rendered":"https:\/\/roveyayinevi.com.tr\/index.php\/urun\/fransiz-direnis-yoneticilerine-mektup\/"},"modified":"2026-01-29T02:05:54","modified_gmt":"2026-01-28T23:05:54","slug":"fransiz-direnis-yoneticilerine-mektup","status":"publish","type":"product","link":"https:\/\/roveyayinevi.com.tr\/index.php\/urun\/fransiz-direnis-yoneticilerine-mektup\/","title":{"rendered":"Frans\u0131z Direni\u015f Y\u00f6neticilerine Mektup"},"content":{"rendered":"<p>Ben bir direni\u015f\u00e7iyim, 1940 y\u0131l\u0131n\u0131n Haziran ay\u0131nda direni\u015fe ba\u015flad\u0131m ve hala da direni\u015f\u00e7iyim, en az\u0131ndan \u00f6yle oldu\u011funu d\u00fc\u015f\u00fcn\u00fcyorum. Ama art\u0131k b\u0131rak\u0131n gurur duymay\u0131, bundan utan\u0131yorum. Her g\u00fcn, direnmenin ilk bak\u0131\u015fta g\u00f6r\u00fcnd\u00fc\u011f\u00fc kadar kolay olmad\u0131\u011f\u0131n\u0131 fark ediyorum. Fakat izin verin de her \u015feyi en ba\u015ftan anlatay\u0131m&#8230; &#8230;Direni\u015fe kat\u0131lan he ki\u015fi, kendisini daha iyi hissederdi. Yapt\u0131\u011f\u0131 i\u015f g\u00fczel gelirdi ona. Ku\u015fkusuz \u00f6lmek de vard\u0131, ama kendi kendine pek de fazla \u015fans\u0131 olmad\u0131\u011f\u0131n\u0131 s\u00f6ylerdi. \u00d6l\u00fcm de\u011filse de s\u00fcrg\u00fcn ve hapis Kurtulu\u015fla sona erecekti&#8230; &#8230;Ancak anlataca\u011f\u0131m \u015feyler pek i\u00e7 a\u00e7\u0131c\u0131 de\u011fil. Bunu yapmay\u0131 da hi\u00e7 istemezdim. Fakat madem i\u00e7imizden hi\u00e7 kimse bunu anlatm\u0131yor, i\u015f bana d\u00fc\u015ft\u00fc demektir. Ben burada direni\u015f\u00e7ilere sesleniyorum. Onlara tuza\u011fa d\u00fc\u015ft\u00fcklerini s\u00f6ylemekte hi\u00e7 sak\u0131nca g\u00f6rm\u00fcyorum&#8230; &#8211; Jean Paulhan <\/p>\n","protected":false},"excerpt":{"rendered":"<p>Ben bir direni\u015f\u00e7iyim, 1940 y\u0131l\u0131n\u0131n Haziran ay\u0131nda direni\u015fe ba\u015flad\u0131m ve hala da direni\u015f\u00e7iyim, en az\u0131ndan \u00f6yle oldu\u011funu d\u00fc\u015f\u00fcn\u00fcyorum. Ama art\u0131k b\u0131rak\u0131n gurur duymay\u0131, bundan utan\u0131yorum. Her<span class=\"excerpt-hellip\"> [\u2026]<\/span><\/p>\n","protected":false},"featured_media":0,"template":"","meta":{"_monsterinsights_skip_tracking":false,"_monsterinsights_sitenote_active":false,"_monsterinsights_sitenote_note":"","_monsterinsights_sitenote_category":0},"product_brand":[],"product_cat":[12312,12304],"product_tag":[],"class_list":{"0":"post-693417","1":"product","2":"type-product","3":"status-publish","5":"product_cat-diger","6":"product_cat-tarih","7":"pa_cilt-ciltsiz","8":"pa_tur-kitap","9":"pa_yayinevi-utopya-yayinevi","10":"pa_yazar-jean-paulhan","12":"first","13":"instock","14":"sale","15":"shipping-taxable","16":"purchasable","17":"product-type-simple"},"_links":{"self":[{"href":"https:\/\/roveyayinevi.com.tr\/index.php\/wp-json\/wp\/v2\/product\/693417","targetHints":{"allow":["GET"]}}],"collection":[{"href":"https:\/\/roveyayinevi.com.tr\/index.php\/wp-json\/wp\/v2\/product"}],"about":[{"href":"https:\/\/roveyayinevi.com.tr\/index.php\/wp-json\/wp\/v2\/types\/product"}],"wp:attachment":[{"href":"https:\/\/roveyayinevi.com.tr\/index.php\/wp-json\/wp\/v2\/media?parent=693417"}],"wp:term":[{"taxonomy":"product_brand","embeddable":true,"href":"https:\/\/roveyayinevi.com.tr\/index.php\/wp-json\/wp\/v2\/product_brand?post=693417"},{"taxonomy":"product_cat","embeddable":true,"href":"https:\/\/roveyayinevi.com.tr\/index.php\/wp-json\/wp\/v2\/product_cat?post=693417"},{"taxonomy":"product_tag","embeddable":true,"href":"https:\/\/roveyayinevi.com.tr\/index.php\/wp-json\/wp\/v2\/product_tag?post=693417"}],"curies":[{"name":"wp","href":"https:\/\/api.w.org\/{rel}","templated":true}]}}