{"id":693411,"date":"2025-08-27T14:13:55","date_gmt":"2025-08-27T11:13:55","guid":{"rendered":"https:\/\/roveyayinevi.com.tr\/index.php\/urun\/insan-ve-degerleri\/"},"modified":"2026-04-16T02:03:08","modified_gmt":"2026-04-15T23:03:08","slug":"insan-ve-degerleri","status":"publish","type":"product","link":"https:\/\/roveyayinevi.com.tr\/index.php\/urun\/insan-ve-degerleri\/","title":{"rendered":"\u0130nsan ve De\u011ferleri"},"content":{"rendered":"<p>Ayn\u0131 insanlar\u0131n, ayn\u0131 eylemlerin, ayn\u0131 olaylar\u0131n, ayn\u0131 durumlar\u0131n farkl\u0131 \u015fekillerde de\u011ferlendirilmesi insan d\u00fcnyas\u0131n\u0131n bir olgusudur. Bu olgu kimi d\u00fc\u015f\u00fcn\u00fcrleri &#8220;de\u011ferlerin g\u00f6reli oldu\u011funu&#8221; ileri s\u00fcrmeye ve bundan eylemle ilgili sonu\u00e7lar \u00e7\u0131karmaya g\u00f6t\u00fcrm\u00fc\u015ft\u00fcr. Kimi filozoflar da bu sava kar\u015f\u0131 &#8220;de\u011fi\u015fmez, evrensel de\u011ferler oldu\u011funu&#8221; temellendirmeye \u00e7al\u0131\u015fm\u0131\u015ft\u0131r. De\u011fi\u015fik ve de\u011fi\u015fken d\u00fcnya g\u00f6r\u00fc\u015flerinin ve normlar\u0131n varl\u0131\u011f\u0131, ayr\u0131ca da ayn\u0131 konularda de\u011fi\u015fik ve de\u011fi\u015fken normlar\u0131n \u00e7oklu\u011fu olgusu, y\u00fczy\u0131l\u0131m\u0131zda \u00e7o\u011fulculu\u011fun bir ideal haline getirilmesine yol a\u00e7m\u0131\u015f; bu \u00e7o\u011fulculuk da, y\u00fczy\u0131l\u0131m\u0131z\u0131n ikinci yar\u0131s\u0131nda kimi d\u00fc\u015f\u00fcn\u00fcrleri b\u00fct\u00fcn g\u00f6r\u00fc\u015flerin ve normlar\u0131n &#8220;e\u015fde\u011fer&#8221; oldu\u011funu ileri s\u00fcrmeye g\u00f6t\u00fcrm\u00fc\u015ft\u00fcr. Bu kitap iki y\u00f6nl\u00fc olguyu bir a\u00e7\u0131klama giri\u015fimi, ayn\u0131 zamanda da de\u011ferlendirme fenomenine ve de\u011ferlere g\u00f6relilik-mutlak\u00e7\u0131l\u0131k se\u00e7enekleri d\u0131\u015f\u0131nda bir \u0131\u015f\u0131k tutma \u00e7abas\u0131d\u0131r: bunlar\u0131n ne oldu\u011funa \u0131\u015f\u0131k tutma \u00e7abas\u0131. <\/p>\n","protected":false},"excerpt":{"rendered":"<p>Ayn\u0131 insanlar\u0131n, ayn\u0131 eylemlerin, ayn\u0131 olaylar\u0131n, ayn\u0131 durumlar\u0131n farkl\u0131 \u015fekillerde de\u011ferlendirilmesi insan d\u00fcnyas\u0131n\u0131n bir olgusudur. Bu olgu kimi d\u00fc\u015f\u00fcn\u00fcrleri &#8220;de\u011ferlerin g\u00f6reli oldu\u011funu&#8221; ileri s\u00fcrmeye ve bundan<span class=\"excerpt-hellip\"> [\u2026]<\/span><\/p>\n","protected":false},"featured_media":0,"template":"","meta":{"_monsterinsights_skip_tracking":false,"_monsterinsights_sitenote_active":false,"_monsterinsights_sitenote_note":"","_monsterinsights_sitenote_category":0},"product_brand":[],"product_cat":[15319,12388],"product_tag":[],"class_list":{"0":"post-693411","1":"product","2":"type-product","3":"status-publish","5":"product_cat-etik","6":"product_cat-felsefe","7":"pa_cilt-ciltsiz","8":"pa_tur-kitap","9":"pa_yayinevi-turkiye-felsefe-kurumu","10":"pa_yazar-ioanna-kucuradi","12":"first","13":"instock","14":"sale","15":"shipping-taxable","16":"purchasable","17":"product-type-simple"},"_links":{"self":[{"href":"https:\/\/roveyayinevi.com.tr\/index.php\/wp-json\/wp\/v2\/product\/693411","targetHints":{"allow":["GET"]}}],"collection":[{"href":"https:\/\/roveyayinevi.com.tr\/index.php\/wp-json\/wp\/v2\/product"}],"about":[{"href":"https:\/\/roveyayinevi.com.tr\/index.php\/wp-json\/wp\/v2\/types\/product"}],"wp:attachment":[{"href":"https:\/\/roveyayinevi.com.tr\/index.php\/wp-json\/wp\/v2\/media?parent=693411"}],"wp:term":[{"taxonomy":"product_brand","embeddable":true,"href":"https:\/\/roveyayinevi.com.tr\/index.php\/wp-json\/wp\/v2\/product_brand?post=693411"},{"taxonomy":"product_cat","embeddable":true,"href":"https:\/\/roveyayinevi.com.tr\/index.php\/wp-json\/wp\/v2\/product_cat?post=693411"},{"taxonomy":"product_tag","embeddable":true,"href":"https:\/\/roveyayinevi.com.tr\/index.php\/wp-json\/wp\/v2\/product_tag?post=693411"}],"curies":[{"name":"wp","href":"https:\/\/api.w.org\/{rel}","templated":true}]}}

İnsan ve Değerleri

<p>Aynı insanların, aynı eylemlerin, aynı olayların, aynı durumların farklı şekillerde değerlendirilmesi insan dünyasının bir olgusudur. Bu olgu kimi düşünürleri &#8220;değerlerin göreli olduğunu&#8221; ileri sürmeye ve bundan eylemle ilgili sonuçlar çıkarmaya götürmüştür. Kimi filozoflar da bu sava karşı &#8220;değişmez, evrensel değerler olduğunu&#8221; temellendirmeye çalışmıştır. Değişik ve değişken dünya görüşlerinin ve normların varlığı, ayrıca da aynı konularda değişik ve değişken normların çokluğu olgusu, yüzyılımızda çoğulculuğun bir ideal haline getirilmesine yol açmış; bu çoğulculuk da, yüzyılımızın ikinci yarısında kimi düşünürleri bütün görüşlerin ve normların &#8220;eşdeğer&#8221; olduğunu ileri sürmeye götürmüştür. Bu kitap iki yönlü olguyu bir açıklama girişimi, aynı zamanda da değerlendirme fenomenine ve değerlere görelilik-mutlakçılık seçenekleri dışında bir ışık tutma çabasıdır: bunların ne olduğuna ışık tutma çabası. </p>

<p>Aynı insanların, aynı eylemlerin, aynı olayların, aynı durumların farklı şekillerde değerlendirilmesi insan dünyasının bir olgusudur. Bu olgu kimi düşünürleri &#8220;değerlerin göreli olduğunu&#8221; ileri sürmeye ve bundan<span class="excerpt-hellip"> […]</span></p>
