{"id":693409,"date":"2025-08-27T14:13:55","date_gmt":"2025-08-27T11:13:55","guid":{"rendered":"https:\/\/roveyayinevi.com.tr\/index.php\/urun\/dil-ve-politika\/"},"modified":"2026-01-29T02:05:54","modified_gmt":"2026-01-28T23:05:54","slug":"dil-ve-politika","status":"publish","type":"product","link":"https:\/\/roveyayinevi.com.tr\/index.php\/urun\/dil-ve-politika\/","title":{"rendered":"Dil ve Politika"},"content":{"rendered":"<p>Maalouf\u2019un dedi\u011fi gibi insan dinsiz ya\u015fayabilir ama dilsiz asla. \u0130leti\u015fimin h\u0131zla artt\u0131\u011f\u0131 g\u00fcn\u00fcm\u00fcz d\u00fcnyas\u0131nda dile her zamankinden daha \u00e7ok i\u015f d\u00fc\u015fmekte. K\u00fcreselle\u015fmeyle s\u0131n\u0131rlar a\u015f\u0131l\u0131rken farkl\u0131 k\u00fclt\u00fcrler anla\u015fabilecek ortak bir zemini yine dil \u00fczerinden bulabiliyor. D\u00fcnya \u00e7okk\u00fclt\u00fcrl\u00fc ve \u00e7okdilli ama hemen herkes art\u0131k bir lingua franca haline gelen \u0130ngilizceyi kullan\u0131yor. Yeni ileti\u015fim teknolojileri \u00f6ncelikle g\u00f6rselli\u011fe dayal\u0131 bir sosyal d\u00fcnya yarat\u0131rken dil de bi\u00e7im de\u011fi\u015ftirmekte. Bilgisayar, internet ve cep telefonu ile yap\u0131lan haberle\u015fmelerde kullan\u0131lan ulusal diller, k\u0131saltma, kodlama veya ba\u015fka bir dille kar\u0131\u015ft\u0131rma gibi bi\u00e7im de\u011fi\u015fikliklerine u\u011frat\u0131lmaktad\u0131r. Haliyle e\u011fitime onca yat\u0131r\u0131ma ra\u011fmen anadilini yetkin bi\u00e7imde kullanma becerisi de her ge\u00e7en g\u00fcn geriliyor; bas\u0131l\u0131 metinleri ele\u015ftirel olarak \u00e7\u00f6z\u00fcmleme g\u00fcc\u00fc giderek ortadan kalk\u0131yor. K\u00fcreselle\u015fme ve teknoloji, dilde yetkinle\u015fmenin \u00f6n\u00fcnde bir engel art\u0131k. \u00d6te yandan bask\u0131c\u0131-tek dilci politikalara bel ba\u011flayan kimi ulus-devletler, yerel, az\u0131nl\u0131k, kabile, b\u00f6lgesel dillerin kendilerini kamusal alanda ifade etmesini engellemeye devam etmekte. Bu da \u00e7a\u011f\u0131m\u0131zda etnik ve ulusal \u00e7at\u0131\u015fmalar\u0131n i\u00e7inde dilin \u00f6nemli bir rol oynad\u0131\u011f\u0131n\u0131n i\u015fareti say\u0131labilir. Avustralya\u2019da Aborjiniler, \u00c7in\u2019de T\u00fcrkistan ve Uygurlar, Afrika\u2019da say\u0131s\u0131z kabile, \u0130sve\u00e7\u2019te Samiler, \u0130spanya\u2019da Katalan ve Baskl\u0131lar, T\u00fcrkiye\u2019de K\u00fcrtler, Almanya\u2019da T\u00fcrkler, B\u00fcy\u00fck Britanya\u2019da \u0130sko\u00e7 veya Galliler vs. ya\u015fad\u0131klar\u0131 etnik ve g\u00f6\u00e7 sorununun i\u00e7inde dile \u00f6ncelikli bir yer vermekte ve bu da dil sorununu siyasalla\u015ft\u0131rmaktad\u0131r. Bu kitap, teknoloji, ulus-devlet ve etnik sorun \u00e7er\u00e7evesinde dilin farkl\u0131 g\u00f6r\u00fcn\u00fcmlerini ele alarak konunun \u00e7ok \u00e7e\u015fitli boyutlar\u0131na dikkat \u00e7ekmektedir. <\/p>\n","protected":false},"excerpt":{"rendered":"<p>Maalouf\u2019un dedi\u011fi gibi insan dinsiz ya\u015fayabilir ama dilsiz asla. \u0130leti\u015fimin h\u0131zla artt\u0131\u011f\u0131 g\u00fcn\u00fcm\u00fcz d\u00fcnyas\u0131nda dile her zamankinden daha \u00e7ok i\u015f d\u00fc\u015fmekte. K\u00fcreselle\u015fmeyle s\u0131n\u0131rlar a\u015f\u0131l\u0131rken farkl\u0131 k\u00fclt\u00fcrler<span class=\"excerpt-hellip\"> [\u2026]<\/span><\/p>\n","protected":false},"featured_media":0,"template":"","meta":{"_monsterinsights_skip_tracking":false,"_monsterinsights_sitenote_active":false,"_monsterinsights_sitenote_note":"","_monsterinsights_sitenote_category":0},"product_brand":[],"product_cat":[15499,13488],"product_tag":[],"class_list":{"0":"post-693409","1":"product","2":"type-product","3":"status-publish","5":"product_cat-antropoloji","6":"product_cat-toplum-ve-insan","7":"pa_cilt-ciltsiz","8":"pa_tur-kitap","9":"pa_yayinevi-utopya-yayinevi","10":"pa_yazar-kemal-inal","12":"first","13":"instock","14":"sale","15":"shipping-taxable","16":"purchasable","17":"product-type-simple"},"_links":{"self":[{"href":"https:\/\/roveyayinevi.com.tr\/index.php\/wp-json\/wp\/v2\/product\/693409","targetHints":{"allow":["GET"]}}],"collection":[{"href":"https:\/\/roveyayinevi.com.tr\/index.php\/wp-json\/wp\/v2\/product"}],"about":[{"href":"https:\/\/roveyayinevi.com.tr\/index.php\/wp-json\/wp\/v2\/types\/product"}],"wp:attachment":[{"href":"https:\/\/roveyayinevi.com.tr\/index.php\/wp-json\/wp\/v2\/media?parent=693409"}],"wp:term":[{"taxonomy":"product_brand","embeddable":true,"href":"https:\/\/roveyayinevi.com.tr\/index.php\/wp-json\/wp\/v2\/product_brand?post=693409"},{"taxonomy":"product_cat","embeddable":true,"href":"https:\/\/roveyayinevi.com.tr\/index.php\/wp-json\/wp\/v2\/product_cat?post=693409"},{"taxonomy":"product_tag","embeddable":true,"href":"https:\/\/roveyayinevi.com.tr\/index.php\/wp-json\/wp\/v2\/product_tag?post=693409"}],"curies":[{"name":"wp","href":"https:\/\/api.w.org\/{rel}","templated":true}]}}