{"id":693404,"date":"2025-08-27T14:13:54","date_gmt":"2025-08-27T11:13:54","guid":{"rendered":"https:\/\/roveyayinevi.com.tr\/index.php\/urun\/devlete-dogru-seflikler-iktidar-iktisat-ideoloji\/"},"modified":"2026-01-29T02:05:54","modified_gmt":"2026-01-28T23:05:54","slug":"devlete-dogru-seflikler-iktidar-iktisat-ideoloji","status":"publish","type":"product","link":"https:\/\/roveyayinevi.com.tr\/index.php\/urun\/devlete-dogru-seflikler-iktidar-iktisat-ideoloji\/","title":{"rendered":"Devlete Do\u011fru, \u015eeflikler: \u0130ktidar, \u0130ktisat, \u0130deoloji"},"content":{"rendered":"<p>Elinizdeki kitap, Amerikan Ara\u015ft\u0131rmalar\u0131 Okulu\u2019nda \u015feflikler konusunda d\u00fczenlenen bir seminerden yola \u00e7\u0131k\u0131larak haz\u0131rland\u0131. Seminer, karma\u015f\u0131k devletsiz toplumlar\u0131n k\u00f6kenlerini ve evrimini temellendiren s\u00fcre\u00e7lerin anla\u015f\u0131lmas\u0131n\u0131 ama\u00e7lamaktayd\u0131. Tart\u0131\u015fmalar h\u0131zl\u0131 bir bi\u00e7imde iktidar\u0131n do\u011fas\u0131 \u00fczerine odakland\u0131: \u015eefler, di\u011ferlerini nas\u0131l pe\u015finden s\u00fcr\u00fckl\u00fcyordu? Bu kitaba katk\u0131 yapanlar, \u015fefliklerdeki iktidar\u0131n kaynaklar\u0131yla ilgileniyor. Hepsinin ileri s\u00fcrd\u00fc\u011f\u00fc nokta, bir toplumun ekonomisiyle ideolojisinin, geli\u015fen siyasal egemenli\u011fe altyap\u0131 ve me\u015fruiyet olu\u015fturdu\u011fudur. <\/p>\n","protected":false},"excerpt":{"rendered":"<p>Elinizdeki kitap, Amerikan Ara\u015ft\u0131rmalar\u0131 Okulu\u2019nda \u015feflikler konusunda d\u00fczenlenen bir seminerden yola \u00e7\u0131k\u0131larak haz\u0131rland\u0131. Seminer, karma\u015f\u0131k devletsiz toplumlar\u0131n k\u00f6kenlerini ve evrimini temellendiren s\u00fcre\u00e7lerin anla\u015f\u0131lmas\u0131n\u0131 ama\u00e7lamaktayd\u0131. Tart\u0131\u015fmalar h\u0131zl\u0131<span class=\"excerpt-hellip\"> [\u2026]<\/span><\/p>\n","protected":false},"featured_media":0,"template":"","meta":{"_monsterinsights_skip_tracking":false,"_monsterinsights_sitenote_active":false,"_monsterinsights_sitenote_note":"","_monsterinsights_sitenote_category":0},"product_brand":[],"product_cat":[13633,12324],"product_tag":[],"class_list":{"0":"post-693404","1":"product","2":"type-product","3":"status-publish","5":"product_cat-kultur-ve-bilim","6":"product_cat-sosyoloji","7":"pa_cilt-ciltsiz","8":"pa_tur-kitap","9":"pa_yayinevi-utopya-yayinevi","10":"pa_yazar-derleme","12":"first","13":"instock","14":"sale","15":"shipping-taxable","16":"purchasable","17":"product-type-simple"},"_links":{"self":[{"href":"https:\/\/roveyayinevi.com.tr\/index.php\/wp-json\/wp\/v2\/product\/693404","targetHints":{"allow":["GET"]}}],"collection":[{"href":"https:\/\/roveyayinevi.com.tr\/index.php\/wp-json\/wp\/v2\/product"}],"about":[{"href":"https:\/\/roveyayinevi.com.tr\/index.php\/wp-json\/wp\/v2\/types\/product"}],"wp:attachment":[{"href":"https:\/\/roveyayinevi.com.tr\/index.php\/wp-json\/wp\/v2\/media?parent=693404"}],"wp:term":[{"taxonomy":"product_brand","embeddable":true,"href":"https:\/\/roveyayinevi.com.tr\/index.php\/wp-json\/wp\/v2\/product_brand?post=693404"},{"taxonomy":"product_cat","embeddable":true,"href":"https:\/\/roveyayinevi.com.tr\/index.php\/wp-json\/wp\/v2\/product_cat?post=693404"},{"taxonomy":"product_tag","embeddable":true,"href":"https:\/\/roveyayinevi.com.tr\/index.php\/wp-json\/wp\/v2\/product_tag?post=693404"}],"curies":[{"name":"wp","href":"https:\/\/api.w.org\/{rel}","templated":true}]}}