{"id":693393,"date":"2025-08-27T14:13:51","date_gmt":"2025-08-27T11:13:51","guid":{"rendered":"https:\/\/roveyayinevi.com.tr\/index.php\/urun\/radyonun-abecesi\/"},"modified":"2026-01-29T02:05:54","modified_gmt":"2026-01-28T23:05:54","slug":"radyonun-abecesi","status":"publish","type":"product","link":"https:\/\/roveyayinevi.com.tr\/index.php\/urun\/radyonun-abecesi\/","title":{"rendered":"Radyonun Abece\u2019si"},"content":{"rendered":"<p>Radyonun Abece\u2019si , bir radyo istasyonunun nas\u0131l kurulaca\u011f\u0131, radyoda kimlerin hangi g\u00f6revleri \u00fcstlenece\u011fi ve radyonun nas\u0131l bir marka haline getirilece\u011fiyle ilgili bilgilerin yan\u0131 s\u0131ra, radyo yay\u0131nc\u0131l\u0131k anlay\u0131\u015flar\u0131, yay\u0131n-program t\u00fcrleri, radyo habercili\u011fi ve program metinlerinin haz\u0131rlan\u0131\u015f\u0131yla ilgili ayr\u0131nt\u0131l\u0131 bilgiler i\u00e7eriyor. Kitap, ayn\u0131 zamanda, radyo st\u00fcdyolar\u0131nda kullan\u0131lan g\u00fcncel teknolojiyi kolay anla\u015f\u0131l\u0131r bir dille a\u00e7\u0131kl\u0131yor. Radyo reklamlar\u0131n\u0131n haz\u0131rlan\u0131\u015f\u0131yla ilgili bilgiler ve radyo sunuculuk teknikleriyle ilgili ayr\u0131nt\u0131l\u0131 bir b\u00f6l\u00fcm de, ilk kez bir radyoculuk kitab\u0131na girmi\u015f oluyor.  Radyonun Abece\u2019si , b\u00f6ylece, radyo yay\u0131nc\u0131l\u0131\u011f\u0131yla ilgili b\u00fct\u00fcnl\u00fckl\u00fc bir elkitab\u0131 olma \u00f6zelli\u011fini ta\u015f\u0131yor. Radyoculara, ileti\u015fim \u00f6\u011frenimi g\u00f6renlere, gelecekte yay\u0131n d\u00fcnyas\u0131nda yer almay\u0131 d\u00fc\u015f\u00fcnenlere, g\u00fcncel bilgiler, \u00e7ok say\u0131da resim ve foto\u011frafla yol g\u00f6steriyor. <\/p>\n","protected":false},"excerpt":{"rendered":"<p>Radyonun Abece\u2019si , bir radyo istasyonunun nas\u0131l kurulaca\u011f\u0131, radyoda kimlerin hangi g\u00f6revleri \u00fcstlenece\u011fi ve radyonun nas\u0131l bir marka haline getirilece\u011fiyle ilgili bilgilerin yan\u0131 s\u0131ra, radyo yay\u0131nc\u0131l\u0131k<span class=\"excerpt-hellip\"> [\u2026]<\/span><\/p>\n","protected":false},"featured_media":0,"template":"","meta":{"_monsterinsights_skip_tracking":false,"_monsterinsights_sitenote_active":false,"_monsterinsights_sitenote_note":"","_monsterinsights_sitenote_category":0},"product_brand":[],"product_cat":[15983,13488],"product_tag":[],"class_list":{"0":"post-693393","1":"product","2":"type-product","3":"status-publish","5":"product_cat-iletisim-ve-medya","6":"product_cat-toplum-ve-insan","7":"pa_cilt-ciltsiz","8":"pa_tur-kitap","9":"pa_yayinevi-utopya-yayinevi","10":"pa_yazar-yigit-yavuz","12":"first","13":"instock","14":"sale","15":"shipping-taxable","16":"purchasable","17":"product-type-simple"},"_links":{"self":[{"href":"https:\/\/roveyayinevi.com.tr\/index.php\/wp-json\/wp\/v2\/product\/693393","targetHints":{"allow":["GET"]}}],"collection":[{"href":"https:\/\/roveyayinevi.com.tr\/index.php\/wp-json\/wp\/v2\/product"}],"about":[{"href":"https:\/\/roveyayinevi.com.tr\/index.php\/wp-json\/wp\/v2\/types\/product"}],"wp:attachment":[{"href":"https:\/\/roveyayinevi.com.tr\/index.php\/wp-json\/wp\/v2\/media?parent=693393"}],"wp:term":[{"taxonomy":"product_brand","embeddable":true,"href":"https:\/\/roveyayinevi.com.tr\/index.php\/wp-json\/wp\/v2\/product_brand?post=693393"},{"taxonomy":"product_cat","embeddable":true,"href":"https:\/\/roveyayinevi.com.tr\/index.php\/wp-json\/wp\/v2\/product_cat?post=693393"},{"taxonomy":"product_tag","embeddable":true,"href":"https:\/\/roveyayinevi.com.tr\/index.php\/wp-json\/wp\/v2\/product_tag?post=693393"}],"curies":[{"name":"wp","href":"https:\/\/api.w.org\/{rel}","templated":true}]}}