{"id":693386,"date":"2025-08-27T14:13:50","date_gmt":"2025-08-27T11:13:50","guid":{"rendered":"https:\/\/roveyayinevi.com.tr\/index.php\/urun\/suclu-kim\/"},"modified":"2026-01-29T02:05:54","modified_gmt":"2026-01-28T23:05:54","slug":"suclu-kim","status":"publish","type":"product","link":"https:\/\/roveyayinevi.com.tr\/index.php\/urun\/suclu-kim\/","title":{"rendered":"Su\u00e7lu Kim?"},"content":{"rendered":"<p>T\u00fcrkiye&#8217;de \u00c7ocuk Su\u00e7lulu\u011fu \u00c7ocu\u011fun mizac\u0131 ve sosyal geli\u015fiminin herhangi bir d\u00f6neminde kar\u015f\u0131la\u015faca\u011f\u0131 baz\u0131 olumsuzluklar onun ileriki hayat\u0131nda anti-sosyal ve su\u00e7lu davran\u0131\u015flar geli\u015ftirilmesinde etkili olabiliyor. \u00c7\u00fcnk\u00fc \u00e7ocuklukta kar\u015f\u0131la\u015f\u0131lan ve \u00e7ocu\u011fu su\u00e7 i\u015flemeye y\u00f6nelten risk fakt\u00f6rlerinin etkisinin yeti\u015fkinlikte de ortadan kalkmad\u0131\u011f\u0131, muhtemelen \u00f6m\u00fcr boyu s\u00fcrd\u00fc\u011f\u00fc iddia edilmektedir. <\/p>\n","protected":false},"excerpt":{"rendered":"<p>T\u00fcrkiye&#8217;de \u00c7ocuk Su\u00e7lulu\u011fu \u00c7ocu\u011fun mizac\u0131 ve sosyal geli\u015fiminin herhangi bir d\u00f6neminde kar\u015f\u0131la\u015faca\u011f\u0131 baz\u0131 olumsuzluklar onun ileriki hayat\u0131nda anti-sosyal ve su\u00e7lu davran\u0131\u015flar geli\u015ftirilmesinde etkili olabiliyor. \u00c7\u00fcnk\u00fc \u00e7ocuklukta<span class=\"excerpt-hellip\"> [\u2026]<\/span><\/p>\n","protected":false},"featured_media":0,"template":"","meta":{"_monsterinsights_skip_tracking":false,"_monsterinsights_sitenote_active":false,"_monsterinsights_sitenote_note":"","_monsterinsights_sitenote_category":0},"product_brand":[],"product_cat":[13633,12324],"product_tag":[],"class_list":{"0":"post-693386","1":"product","2":"type-product","3":"status-publish","5":"product_cat-kultur-ve-bilim","6":"product_cat-sosyoloji","7":"pa_cilt-ciltsiz","8":"pa_tur-kitap","9":"pa_yayinevi-utopya-yayinevi","10":"pa_yazar-sezer-ayan","12":"first","13":"instock","14":"sale","15":"shipping-taxable","16":"purchasable","17":"product-type-simple"},"_links":{"self":[{"href":"https:\/\/roveyayinevi.com.tr\/index.php\/wp-json\/wp\/v2\/product\/693386","targetHints":{"allow":["GET"]}}],"collection":[{"href":"https:\/\/roveyayinevi.com.tr\/index.php\/wp-json\/wp\/v2\/product"}],"about":[{"href":"https:\/\/roveyayinevi.com.tr\/index.php\/wp-json\/wp\/v2\/types\/product"}],"wp:attachment":[{"href":"https:\/\/roveyayinevi.com.tr\/index.php\/wp-json\/wp\/v2\/media?parent=693386"}],"wp:term":[{"taxonomy":"product_brand","embeddable":true,"href":"https:\/\/roveyayinevi.com.tr\/index.php\/wp-json\/wp\/v2\/product_brand?post=693386"},{"taxonomy":"product_cat","embeddable":true,"href":"https:\/\/roveyayinevi.com.tr\/index.php\/wp-json\/wp\/v2\/product_cat?post=693386"},{"taxonomy":"product_tag","embeddable":true,"href":"https:\/\/roveyayinevi.com.tr\/index.php\/wp-json\/wp\/v2\/product_tag?post=693386"}],"curies":[{"name":"wp","href":"https:\/\/api.w.org\/{rel}","templated":true}]}}