{"id":693385,"date":"2025-08-27T14:13:50","date_gmt":"2025-08-27T11:13:50","guid":{"rendered":"https:\/\/roveyayinevi.com.tr\/index.php\/urun\/ulusal-sorun-ve-kulturel-ozerklik\/"},"modified":"2026-01-29T02:05:54","modified_gmt":"2026-01-28T23:05:54","slug":"ulusal-sorun-ve-kulturel-ozerklik","status":"publish","type":"product","link":"https:\/\/roveyayinevi.com.tr\/index.php\/urun\/ulusal-sorun-ve-kulturel-ozerklik\/","title":{"rendered":"Ulusal Sorun ve K\u00fclt\u00fcrel \u00d6zerklik"},"content":{"rendered":"<p>&#8230; Tutarl\u0131 demokratik bir devlet rejimi i\u00e7in m\u00fccadele eden sosyal demokrasi, milliyetlerin mutlak hak e\u015fitli\u011fini savunur ve bir ya da birka\u00e7 milliyet olan lehine b\u00fct\u00fcn ayr\u0131cal\u0131klara kar\u015f\u0131 m\u00fccadele eder. Sosyal-demokrasi \u00f6zellikle \u2018resmi\u2019 dil\u2019i reddeder&#8230; Sosyal-demokrasi  milli k\u00fclt\u00fcrel \u00f6zerklik  (ya da yaln\u0131zca  milli \u00f6zerklik )slogan\u0131n\u0131 ve onu ger\u00e7ekle\u015ftirme tasar\u0131lar\u0131n\u0131 onaylamamaktad\u0131r&#8230; Milli k\u00fclt\u00fcr slogan\u0131 yanl\u0131\u015ft\u0131r; milli sorun kavray\u0131\u015f\u0131nda burjuva darkafal\u0131l\u0131\u011f\u0131n\u0131 ifadelendirmektedir. Enternasyonal k\u00fclt\u00fcr&#8230; K\u00fc\u00e7\u00fck burjuva y\u0131lg\u0131nl\u0131\u011f\u0131 (milli a\u011f\u0131z kavgalar\u0131na kar\u015f\u0131 sonu\u00e7suz m\u00fccadele) ve radikal demokratik d\u00f6n\u00fc\u015f\u00fcmlerden ve sosyalist hareketten korku: kapitalist devletlerde milli bar\u0131\u015f\u0131 yaln\u0131zca radikal d\u00f6n\u00fc\u015f\u00fcmler sa\u011flayabilir ve milli (sorun \u00fczerine) a\u011f\u0131z kavgalar\u0131na, yaln\u0131zca sosyalizm son verebilir.  -V.I. Lenin- Kitap, Lenin\u2019in ulusal sorun ve k\u00fclt\u00fcrel \u00f6zerklik \u00fczerine -Yahudi sorunu diye nitelenebilecek- bundculuk dolay\u0131m\u0131yla yazd\u0131\u011f\u0131 yaz\u0131lara derli toplu yer verdi\u011finden, d\u00fc\u015f\u00fcnsel d\u00fcnyam\u0131za da a\u00e7\u0131mlay\u0131c\u0131 olaca\u011f\u0131 ve zenginlik kataca\u011f\u0131 kesindir. <\/p>\n","protected":false},"excerpt":{"rendered":"<p>&#8230; Tutarl\u0131 demokratik bir devlet rejimi i\u00e7in m\u00fccadele eden sosyal demokrasi, milliyetlerin mutlak hak e\u015fitli\u011fini savunur ve bir ya da birka\u00e7 milliyet olan lehine b\u00fct\u00fcn ayr\u0131cal\u0131klara<span class=\"excerpt-hellip\"> [\u2026]<\/span><\/p>\n","protected":false},"featured_media":0,"template":"","meta":{"_monsterinsights_skip_tracking":false,"_monsterinsights_sitenote_active":false,"_monsterinsights_sitenote_note":"","_monsterinsights_sitenote_category":0},"product_brand":[],"product_cat":[20039,13488],"product_tag":[],"class_list":{"0":"post-693385","1":"product","2":"type-product","3":"status-publish","5":"product_cat-kultur-tarihi","6":"product_cat-toplum-ve-insan","7":"pa_cilt-ciltsiz","8":"pa_tur-kitap","9":"pa_yayinevi-utopya-yayinevi","10":"pa_yazar-vladimir-ilyic-lenin","12":"first","13":"instock","14":"sale","15":"shipping-taxable","16":"purchasable","17":"product-type-simple"},"_links":{"self":[{"href":"https:\/\/roveyayinevi.com.tr\/index.php\/wp-json\/wp\/v2\/product\/693385","targetHints":{"allow":["GET"]}}],"collection":[{"href":"https:\/\/roveyayinevi.com.tr\/index.php\/wp-json\/wp\/v2\/product"}],"about":[{"href":"https:\/\/roveyayinevi.com.tr\/index.php\/wp-json\/wp\/v2\/types\/product"}],"wp:attachment":[{"href":"https:\/\/roveyayinevi.com.tr\/index.php\/wp-json\/wp\/v2\/media?parent=693385"}],"wp:term":[{"taxonomy":"product_brand","embeddable":true,"href":"https:\/\/roveyayinevi.com.tr\/index.php\/wp-json\/wp\/v2\/product_brand?post=693385"},{"taxonomy":"product_cat","embeddable":true,"href":"https:\/\/roveyayinevi.com.tr\/index.php\/wp-json\/wp\/v2\/product_cat?post=693385"},{"taxonomy":"product_tag","embeddable":true,"href":"https:\/\/roveyayinevi.com.tr\/index.php\/wp-json\/wp\/v2\/product_tag?post=693385"}],"curies":[{"name":"wp","href":"https:\/\/api.w.org\/{rel}","templated":true}]}}