{"id":693378,"date":"2025-08-27T14:13:48","date_gmt":"2025-08-27T11:13:48","guid":{"rendered":"https:\/\/roveyayinevi.com.tr\/index.php\/urun\/turkiyede-anayasalar-ve-sivil-toplum\/"},"modified":"2026-01-29T02:05:54","modified_gmt":"2026-01-28T23:05:54","slug":"turkiyede-anayasalar-ve-sivil-toplum","status":"publish","type":"product","link":"https:\/\/roveyayinevi.com.tr\/index.php\/urun\/turkiyede-anayasalar-ve-sivil-toplum\/","title":{"rendered":"T\u00fcrkiye\u2019de Anayasalar ve Sivil Toplum"},"content":{"rendered":"<p>T\u00fcrkiye&#8217;de &#8220;sivil anayasa&#8221; yapal\u0131m tart\u0131\u015fmalar\u0131 s\u00f6z konusu oldu\u011funda, \u00e7o\u011fu kez 1961 ve 1982 Anayasalar\u0131n\u0131n toptanc\u0131 bir yakla\u015f\u0131mla ve ayn\u0131 d\u00fczlemde de\u011ferlendirilmesi \u00f6nemli bir paradokstur. Zira g\u00fcn\u00fcm\u00fcz d\u00fcnyas\u0131nda yaln\u0131zca kavramlar de\u011fil, ayn\u0131 zamanda temel hukuksal belgeler de tarihsel ve toplumsal ba\u011flam\u0131ndan soyutlanmakta ve bir anlamda kafa kar\u0131\u015f\u0131kl\u0131\u011f\u0131 yarat\u0131lmaktad\u0131r. \u00c7al\u0131\u015fma; anayasa-sivil toplum ili\u015fkisinin anla\u015f\u0131lmas\u0131 a\u00e7\u0131s\u0131ndan \u00f6nemli bir inceleme alan\u0131 olan 1961 ve 1982 Anayasalar\u0131na, d\u00f6nemlerinin tarihsel ve toplumsal ger\u00e7eklikleri \u0131\u015f\u0131\u011f\u0131nda yakla\u015fmaktad\u0131r. Bu \u00e7aba, T\u00fcrkiye&#8217;de sivil toplumun geli\u015fim dinami\u011finde, anayasalar\u0131n oynad\u0131klar\u0131 role ili\u015fkin tart\u0131\u015fmalara kafa kar\u0131\u015ft\u0131r\u0131c\u0131 de\u011fil, tersine fikir a\u00e7\u0131c\u0131 katk\u0131lar sunabilmeyi hedefleyen bir tav\u0131rd\u0131r. <\/p>\n","protected":false},"excerpt":{"rendered":"<p>T\u00fcrkiye&#8217;de &#8220;sivil anayasa&#8221; yapal\u0131m tart\u0131\u015fmalar\u0131 s\u00f6z konusu oldu\u011funda, \u00e7o\u011fu kez 1961 ve 1982 Anayasalar\u0131n\u0131n toptanc\u0131 bir yakla\u015f\u0131mla ve ayn\u0131 d\u00fczlemde de\u011ferlendirilmesi \u00f6nemli bir paradokstur. Zira g\u00fcn\u00fcm\u00fcz<span class=\"excerpt-hellip\"> [\u2026]<\/span><\/p>\n","protected":false},"featured_media":0,"template":"","meta":{"_monsterinsights_skip_tracking":false,"_monsterinsights_sitenote_active":false,"_monsterinsights_sitenote_note":"","_monsterinsights_sitenote_category":0},"product_brand":[],"product_cat":[13278,12324],"product_tag":[],"class_list":{"0":"post-693378","1":"product","2":"type-product","3":"status-publish","5":"product_cat-sivil-toplum-kuruluslari","6":"product_cat-sosyoloji","7":"pa_cilt-ciltsiz","8":"pa_tur-kitap","9":"pa_yayinevi-utopya-yayinevi","10":"pa_yazar-sezer-ayan","12":"first","13":"instock","14":"sale","15":"shipping-taxable","16":"purchasable","17":"product-type-simple"},"_links":{"self":[{"href":"https:\/\/roveyayinevi.com.tr\/index.php\/wp-json\/wp\/v2\/product\/693378","targetHints":{"allow":["GET"]}}],"collection":[{"href":"https:\/\/roveyayinevi.com.tr\/index.php\/wp-json\/wp\/v2\/product"}],"about":[{"href":"https:\/\/roveyayinevi.com.tr\/index.php\/wp-json\/wp\/v2\/types\/product"}],"wp:attachment":[{"href":"https:\/\/roveyayinevi.com.tr\/index.php\/wp-json\/wp\/v2\/media?parent=693378"}],"wp:term":[{"taxonomy":"product_brand","embeddable":true,"href":"https:\/\/roveyayinevi.com.tr\/index.php\/wp-json\/wp\/v2\/product_brand?post=693378"},{"taxonomy":"product_cat","embeddable":true,"href":"https:\/\/roveyayinevi.com.tr\/index.php\/wp-json\/wp\/v2\/product_cat?post=693378"},{"taxonomy":"product_tag","embeddable":true,"href":"https:\/\/roveyayinevi.com.tr\/index.php\/wp-json\/wp\/v2\/product_tag?post=693378"}],"curies":[{"name":"wp","href":"https:\/\/api.w.org\/{rel}","templated":true}]}}

Türkiye’de Anayasalar ve Sivil Toplum

<p>Türkiye&#8217;de &#8220;sivil anayasa&#8221; yapalım tartışmaları söz konusu olduğunda, çoğu kez 1961 ve 1982 Anayasalarının toptancı bir yaklaşımla ve aynı düzlemde değerlendirilmesi önemli bir paradokstur. Zira günümüz dünyasında yalnızca kavramlar değil, aynı zamanda temel hukuksal belgeler de tarihsel ve toplumsal bağlamından soyutlanmakta ve bir anlamda kafa karışıklığı yaratılmaktadır. Çalışma; anayasa-sivil toplum ilişkisinin anlaşılması açısından önemli bir inceleme alanı olan 1961 ve 1982 Anayasalarına, dönemlerinin tarihsel ve toplumsal gerçeklikleri ışığında yaklaşmaktadır. Bu çaba, Türkiye&#8217;de sivil toplumun gelişim dinamiğinde, anayasaların oynadıkları role ilişkin tartışmalara kafa karıştırıcı değil, tersine fikir açıcı katkılar sunabilmeyi hedefleyen bir tavırdır. </p>

<p>Türkiye&#8217;de &#8220;sivil anayasa&#8221; yapalım tartışmaları söz konusu olduğunda, çoğu kez 1961 ve 1982 Anayasalarının toptancı bir yaklaşımla ve aynı düzlemde değerlendirilmesi önemli bir paradokstur. Zira günümüz<span class="excerpt-hellip"> […]</span></p>
