{"id":693367,"date":"2025-08-27T14:13:46","date_gmt":"2025-08-27T11:13:46","guid":{"rendered":"https:\/\/roveyayinevi.com.tr\/index.php\/urun\/bir-tas-da-siz-atin\/"},"modified":"2026-01-29T02:05:53","modified_gmt":"2026-01-28T23:05:53","slug":"bir-tas-da-siz-atin","status":"publish","type":"product","link":"https:\/\/roveyayinevi.com.tr\/index.php\/urun\/bir-tas-da-siz-atin\/","title":{"rendered":"Bir Ta\u015f da Siz At\u0131n"},"content":{"rendered":"<p>Krizler, topyek\u00fbn de\u011fersizle\u015fme momentleridir; hisseler, yat\u0131r\u0131m ara\u00e7lar\u0131, gayrimenkuller vs.nin \u00e7o\u011funlu\u011fu kriz s\u00fcre\u00e7lerinde de\u011fer kaybeder. Ve ad\u0131na  Kapitalizm  denilen bu devasa Gazino\u2019da yat\u0131r\u0131mc\u0131lar, spek\u00fclat\u00f6rler, simsarlar, onmaz kumarbaz tutkular\u0131yla, rakipleri bat\u0131r\u0131p kendi kazan\u00e7lar\u0131n\u0131 maksimize edecek, haydi olmad\u0131, kurtaracak hamlelerin pe\u015finde ko\u015farlar. Yani kapitalizmin akt\u00f6rleri i\u00e7in b\u00fcy\u00fck oynanan, b\u00fcy\u00fck kaybedilen ve b\u00fcy\u00fck kazan\u0131lan bir kumarhanede ge\u00e7irilen heyecanl\u0131 ve uzun bir gecedir kriz&#8230; Ama ya berikiler&#8230; Kapitalizmle, ona eme\u011fini, g\u00f6vdesini yak\u0131t etme d\u0131\u015f\u0131nda hi\u00e7bir ili\u015fkisi olmayan  alttakiler &#8230; Kriz, onlar i\u00e7in ka\u011f\u0131tlar\u0131n de\u011fil, bizatih\u00ee \u00f6zlerinin de\u011fersizle\u015fmesidir. Emekleri, kimlikleri, ki\u015filikleri, bedenleri, mek\u00e2nlar\u0131, duygular\u0131, d\u00fc\u015f\u00fcnceleri, a\u015fklar\u0131, d\u00fc\u015fleri, idealleri, arzular\u0131&#8230; k\u0131sacas\u0131 hayatlar\u0131 s\u0131f\u0131rlan\u0131p pa\u00e7avraya d\u00f6n\u00fc\u015f\u00fcr&#8230; Bu yaz\u0131lar\u0131n en \u00f6nemli hedefi, bir  \u00e7\u0131k\u0131\u015f yolu nun oldu\u011funa i\u015faret etmek. Kapitalizmin krizinin ancak kapitalizmin a\u015f\u0131lmas\u0131yla alt edilebilece\u011fini, s\u00f6m\u00fcr\u00fclenler, ezilenler, d\u0131\u015flananlar i\u00e7in gerekli olan\u0131n ise yaln\u0131zca cesaret, kararl\u0131l\u0131k ve birlik oldu\u011funu g\u00f6stermek&#8230; Art\u0131k  s\u00fcrd\u00fcr\u00fclemezle\u015fmi\u015f  bir h\u00e2le gelen sistemin, hayat\u0131 ya\u015fanmaz k\u0131ld\u0131\u011f\u0131 sokaklarda alt edilebilece\u011fi \u00e7a\u011fr\u0131s\u0131n\u0131 \u00e7\u0131karmak&#8230; <\/p>\n","protected":false},"excerpt":{"rendered":"<p>Krizler, topyek\u00fbn de\u011fersizle\u015fme momentleridir; hisseler, yat\u0131r\u0131m ara\u00e7lar\u0131, gayrimenkuller vs.nin \u00e7o\u011funlu\u011fu kriz s\u00fcre\u00e7lerinde de\u011fer kaybeder. Ve ad\u0131na Kapitalizm denilen bu devasa Gazino\u2019da yat\u0131r\u0131mc\u0131lar, spek\u00fclat\u00f6rler, simsarlar, onmaz kumarbaz<span class=\"excerpt-hellip\"> [\u2026]<\/span><\/p>\n","protected":false},"featured_media":0,"template":"","meta":{"_monsterinsights_skip_tracking":false,"_monsterinsights_sitenote_active":false,"_monsterinsights_sitenote_note":"","_monsterinsights_sitenote_category":0},"product_brand":[],"product_cat":[12965,12337],"product_tag":[],"class_list":{"0":"post-693367","1":"product","2":"type-product","3":"status-publish","5":"product_cat-genel-politika","6":"product_cat-politika-siyaset","7":"pa_cilt-ciltsiz","8":"pa_tur-kitap","9":"pa_yayinevi-utopya-yayinevi","10":"pa_yazar-derleme","12":"first","13":"instock","14":"sale","15":"shipping-taxable","16":"purchasable","17":"product-type-simple"},"_links":{"self":[{"href":"https:\/\/roveyayinevi.com.tr\/index.php\/wp-json\/wp\/v2\/product\/693367","targetHints":{"allow":["GET"]}}],"collection":[{"href":"https:\/\/roveyayinevi.com.tr\/index.php\/wp-json\/wp\/v2\/product"}],"about":[{"href":"https:\/\/roveyayinevi.com.tr\/index.php\/wp-json\/wp\/v2\/types\/product"}],"wp:attachment":[{"href":"https:\/\/roveyayinevi.com.tr\/index.php\/wp-json\/wp\/v2\/media?parent=693367"}],"wp:term":[{"taxonomy":"product_brand","embeddable":true,"href":"https:\/\/roveyayinevi.com.tr\/index.php\/wp-json\/wp\/v2\/product_brand?post=693367"},{"taxonomy":"product_cat","embeddable":true,"href":"https:\/\/roveyayinevi.com.tr\/index.php\/wp-json\/wp\/v2\/product_cat?post=693367"},{"taxonomy":"product_tag","embeddable":true,"href":"https:\/\/roveyayinevi.com.tr\/index.php\/wp-json\/wp\/v2\/product_tag?post=693367"}],"curies":[{"name":"wp","href":"https:\/\/api.w.org\/{rel}","templated":true}]}}