{"id":693365,"date":"2025-08-27T14:13:46","date_gmt":"2025-08-27T11:13:46","guid":{"rendered":"https:\/\/roveyayinevi.com.tr\/index.php\/urun\/avrupa-birligi-ve-turkiye-icerden-bir-bakis\/"},"modified":"2026-01-29T02:05:53","modified_gmt":"2026-01-28T23:05:53","slug":"avrupa-birligi-ve-turkiye-icerden-bir-bakis","status":"publish","type":"product","link":"https:\/\/roveyayinevi.com.tr\/index.php\/urun\/avrupa-birligi-ve-turkiye-icerden-bir-bakis\/","title":{"rendered":"Avrupa Birli\u011fi ve T\u00fcrkiye \u0130\u00e7erden Bir Bak\u0131\u015f&#8230;"},"content":{"rendered":"<p>Bu kitap, T\u00fcrkiye\u2019nin Avrupa Birli\u011fi \u00fcyeli\u011fine evet ya da hay\u0131r denilmesini savunma d\u00fc\u015f\u00fcncesiyle yaz\u0131lmad\u0131. T\u00fcrkiye\u2019de hakk\u0131nda fazlas\u0131yla tart\u0131\u015f\u0131lan AB, 2004 y\u0131l\u0131nda 15\u2019den 25\u2019e \u00e7\u0131kan \u00fcye say\u0131s\u0131yla \u00f6nemli bir de\u011fi\u015fim ge\u00e7irdi. Art\u0131k Almanya- Fransa ekseni AB\u2019nin belirleyici g\u00fcc\u00fc de\u011fil, ek olarak ABD de AB\u2019nin i\u00e7inde \u00f6nemli bir g\u00fcce sahip oldu. Kitap, bu de\u011fi\u015fimin yan\u0131 s\u0131ra, AB ve ulusal devlet, AB-ABD ili\u015fkisi, Avrupa kimli\u011fi, eme\u011fin Avrupas\u0131n\u0131n ula\u015ft\u0131\u011f\u0131 geli\u015fme d\u00fczeyi ile AB i\u00e7indeki sol g\u00fc\u00e7lerin ba\u015fka bir Avrupa i\u00e7in y\u00fcr\u00fctt\u00fc\u011f\u00fc m\u00fccadeleyi de inceliyor. Almanya\u2019da PDS\u2019in yeni ad\u0131yla Sol Parti- y\u0131llardan beri \u00fcyesi olarak ba\u015fka bir Avrupa i\u00e7in m\u00fccadelenin de i\u00e7inde yer alan yazar, konuyu i\u00e7erden bir bak\u0131\u015fla ele al\u0131yor. <\/p>\n","protected":false},"excerpt":{"rendered":"<p>Bu kitap, T\u00fcrkiye\u2019nin Avrupa Birli\u011fi \u00fcyeli\u011fine evet ya da hay\u0131r denilmesini savunma d\u00fc\u015f\u00fcncesiyle yaz\u0131lmad\u0131. T\u00fcrkiye\u2019de hakk\u0131nda fazlas\u0131yla tart\u0131\u015f\u0131lan AB, 2004 y\u0131l\u0131nda 15\u2019den 25\u2019e \u00e7\u0131kan \u00fcye say\u0131s\u0131yla<span class=\"excerpt-hellip\"> [\u2026]<\/span><\/p>\n","protected":false},"featured_media":0,"template":"","meta":{"_monsterinsights_skip_tracking":false,"_monsterinsights_sitenote_active":false,"_monsterinsights_sitenote_note":"","_monsterinsights_sitenote_category":0},"product_brand":[],"product_cat":[13596,12337],"product_tag":[],"class_list":{"0":"post-693365","1":"product","2":"type-product","3":"status-publish","5":"product_cat-avrupa-birligi","6":"product_cat-politika-siyaset","7":"pa_cilt-ciltsiz","8":"pa_tur-kitap","9":"pa_yayinevi-utopya-yayinevi","10":"pa_yazar-engin-erkiner","12":"first","13":"instock","14":"sale","15":"shipping-taxable","16":"purchasable","17":"product-type-simple"},"_links":{"self":[{"href":"https:\/\/roveyayinevi.com.tr\/index.php\/wp-json\/wp\/v2\/product\/693365","targetHints":{"allow":["GET"]}}],"collection":[{"href":"https:\/\/roveyayinevi.com.tr\/index.php\/wp-json\/wp\/v2\/product"}],"about":[{"href":"https:\/\/roveyayinevi.com.tr\/index.php\/wp-json\/wp\/v2\/types\/product"}],"wp:attachment":[{"href":"https:\/\/roveyayinevi.com.tr\/index.php\/wp-json\/wp\/v2\/media?parent=693365"}],"wp:term":[{"taxonomy":"product_brand","embeddable":true,"href":"https:\/\/roveyayinevi.com.tr\/index.php\/wp-json\/wp\/v2\/product_brand?post=693365"},{"taxonomy":"product_cat","embeddable":true,"href":"https:\/\/roveyayinevi.com.tr\/index.php\/wp-json\/wp\/v2\/product_cat?post=693365"},{"taxonomy":"product_tag","embeddable":true,"href":"https:\/\/roveyayinevi.com.tr\/index.php\/wp-json\/wp\/v2\/product_tag?post=693365"}],"curies":[{"name":"wp","href":"https:\/\/api.w.org\/{rel}","templated":true}]}}

Avrupa Birliği ve Türkiye İçerden Bir Bakış&#8230;

<p>Bu kitap, Türkiye’nin Avrupa Birliği üyeliğine evet ya da hayır denilmesini savunma düşüncesiyle yazılmadı. Türkiye’de hakkında fazlasıyla tartışılan AB, 2004 yılında 15’den 25’e çıkan üye sayısıyla önemli bir değişim geçirdi. Artık Almanya- Fransa ekseni AB’nin belirleyici gücü değil, ek olarak ABD de AB’nin içinde önemli bir güce sahip oldu. Kitap, bu değişimin yanı sıra, AB ve ulusal devlet, AB-ABD ilişkisi, Avrupa kimliği, emeğin Avrupasının ulaştığı gelişme düzeyi ile AB içindeki sol güçlerin başka bir Avrupa için yürüttüğü mücadeleyi de inceliyor. Almanya’da PDS’in yeni adıyla Sol Parti- yıllardan beri üyesi olarak başka bir Avrupa için mücadelenin de içinde yer alan yazar, konuyu içerden bir bakışla ele alıyor. </p>

<p>Bu kitap, Türkiye’nin Avrupa Birliği üyeliğine evet ya da hayır denilmesini savunma düşüncesiyle yazılmadı. Türkiye’de hakkında fazlasıyla tartışılan AB, 2004 yılında 15’den 25’e çıkan üye sayısıyla<span class="excerpt-hellip"> […]</span></p>
