{"id":693364,"date":"2025-08-27T14:13:45","date_gmt":"2025-08-27T11:13:45","guid":{"rendered":"https:\/\/roveyayinevi.com.tr\/index.php\/urun\/avrupa-birligi-ve-gazetecilik\/"},"modified":"2026-01-29T02:05:53","modified_gmt":"2026-01-28T23:05:53","slug":"avrupa-birligi-ve-gazetecilik","status":"publish","type":"product","link":"https:\/\/roveyayinevi.com.tr\/index.php\/urun\/avrupa-birligi-ve-gazetecilik\/","title":{"rendered":"Avrupa Birli\u011fi ve Gazetecilik"},"content":{"rendered":"<p>AB \u00fcyesi \u00fclkelerde, AB politikalar\u0131 konusunda haber yapmak, ayr\u0131 bir uzmanl\u0131k gerektirmektedir. Bunun i\u00e7in, sadece haber merkezinde oturup Br\u00fcksel\u2019den gelen haberleri sayfalara ya da haber b\u00fcltenleri aras\u0131na yerle\u015ftirmek yetmemekte; ayn\u0131 zamanda, AB\u2019nin kurumlar\u0131n\u0131 ve i\u015fleyi\u015fini \u00e7ok iyi kavram\u0131\u015f bir muhabirler ordusu da yaratmak gerekmektedir. Nitekim, bu \u00e7al\u0131\u015fman\u0131n amac\u0131, Avrupa kamusal alan\u0131n\u0131n in\u015f\u00e2s\u0131 s\u00fcrecinde gazetecilerin oynad\u0131\u011f\u0131 rol\u00fc, \u00f6zellikle Br\u00fcksel\u2019de g\u00f6rev yapan AB muhabirlerinin i\u015f rutinleri \u00fczerinden incelemektir. Son y\u0131llarda, Avrupa b\u00fct\u00fcnle\u015fme s\u00fcrecinde de\u011fi\u015fti\u011fi iddia edilen Avrupa kimli\u011fine paralel olarak  de\u011fi\u015fen bir gazetecilik anlay\u0131\u015f\u0131ndan  s\u00f6z edilmektedir.  Euroreporter\/Avrupa muhabiri  veya  European journalism\/Avrupal\u0131 gazetecilik  kavramlar\u0131, art\u0131k Avrupa gazetecilik okullar\u0131nda s\u0131kl\u0131kla kullan\u0131lan terimler haline gelmi\u015ftir. Avrupa\u2019da ger\u00e7ekten de\u011fi\u015fen bir gazetecilik anlay\u0131\u015f\u0131 var m\u0131d\u0131r? E\u011fer varsa, bu gazetecilik anlay\u0131\u015f\u0131 AB\u2019ye ili\u015fkin haberlerin derlenmesinde ve AB vatanda\u015flar\u0131na sunulmas\u0131nda kendisini g\u00f6stermekte midir? AB\u2019nin kurucu \u00fcye \u00fclkelerinde ve daha sonraki y\u0131llarda AB\u2019ye tam \u00fcye olan \u00fclkelerde, AB\u2019ye ili\u015fkin haberlerin derlenmesinde ve sunumunda \u00f6zel muhabirler kullan\u0131lmakta m\u0131d\u0131r? Ba\u015fka bir deyi\u015fle, AB\u2019ye ili\u015fkin haberlerin aktar\u0131lmas\u0131 sorunsal\u0131, Avrupa gazetecili\u011finde ve haber merkezi \u00f6rg\u00fctlenmesinde bir farkl\u0131l\u0131k yaratm\u0131\u015f m\u0131d\u0131r? E\u011fer varsa bu farkl\u0131l\u0131k, acaba gazetecilik prati\u011fi \u00fczerinden okunabilecek bir  Avrupal\u0131l\u0131k  veya  Avrupa kamusal alan\u0131  i\u00e7in gerekli zeminin haz\u0131rlanmas\u0131nda aktif rol oynamakta m\u0131d\u0131r?.. \u0130\u015fte bu kitap, AB haberlerinin siyasalla\u015fma s\u00fcrecinde, ulusal medya sistemleri ile Avrupa medya sisteminin i\u015fleyi\u015fini kar\u015f\u0131la\u015ft\u0131rabilmek i\u00e7in, bu s\u00fcre\u00e7te aktif olarak yer alan gazetecilerin (AB muhabirlerinin) rol\u00fcne dikkat \u00e7ekmeyi hedeflemektedir. <\/p>\n","protected":false},"excerpt":{"rendered":"<p>AB \u00fcyesi \u00fclkelerde, AB politikalar\u0131 konusunda haber yapmak, ayr\u0131 bir uzmanl\u0131k gerektirmektedir. Bunun i\u00e7in, sadece haber merkezinde oturup Br\u00fcksel\u2019den gelen haberleri sayfalara ya da haber b\u00fcltenleri<span class=\"excerpt-hellip\"> [\u2026]<\/span><\/p>\n","protected":false},"featured_media":0,"template":"","meta":{"_monsterinsights_skip_tracking":false,"_monsterinsights_sitenote_active":false,"_monsterinsights_sitenote_note":"","_monsterinsights_sitenote_category":0},"product_brand":[],"product_cat":[13596,12337],"product_tag":[],"class_list":{"0":"post-693364","1":"product","2":"type-product","3":"status-publish","5":"product_cat-avrupa-birligi","6":"product_cat-politika-siyaset","7":"pa_cilt-ciltsiz","8":"pa_tur-kitap","9":"pa_yayinevi-utopya-yayinevi","10":"pa_yazar-esra-arsan","12":"first","13":"instock","14":"sale","15":"shipping-taxable","16":"purchasable","17":"product-type-simple"},"_links":{"self":[{"href":"https:\/\/roveyayinevi.com.tr\/index.php\/wp-json\/wp\/v2\/product\/693364","targetHints":{"allow":["GET"]}}],"collection":[{"href":"https:\/\/roveyayinevi.com.tr\/index.php\/wp-json\/wp\/v2\/product"}],"about":[{"href":"https:\/\/roveyayinevi.com.tr\/index.php\/wp-json\/wp\/v2\/types\/product"}],"wp:attachment":[{"href":"https:\/\/roveyayinevi.com.tr\/index.php\/wp-json\/wp\/v2\/media?parent=693364"}],"wp:term":[{"taxonomy":"product_brand","embeddable":true,"href":"https:\/\/roveyayinevi.com.tr\/index.php\/wp-json\/wp\/v2\/product_brand?post=693364"},{"taxonomy":"product_cat","embeddable":true,"href":"https:\/\/roveyayinevi.com.tr\/index.php\/wp-json\/wp\/v2\/product_cat?post=693364"},{"taxonomy":"product_tag","embeddable":true,"href":"https:\/\/roveyayinevi.com.tr\/index.php\/wp-json\/wp\/v2\/product_tag?post=693364"}],"curies":[{"name":"wp","href":"https:\/\/api.w.org\/{rel}","templated":true}]}}

Avrupa Birliği ve Gazetecilik

<p>AB üyesi ülkelerde, AB politikaları konusunda haber yapmak, ayrı bir uzmanlık gerektirmektedir. Bunun için, sadece haber merkezinde oturup Brüksel’den gelen haberleri sayfalara ya da haber bültenleri arasına yerleştirmek yetmemekte; aynı zamanda, AB’nin kurumlarını ve işleyişini çok iyi kavramış bir muhabirler ordusu da yaratmak gerekmektedir. Nitekim, bu çalışmanın amacı, Avrupa kamusal alanının inşâsı sürecinde gazetecilerin oynadığı rolü, özellikle Brüksel’de görev yapan AB muhabirlerinin iş rutinleri üzerinden incelemektir. Son yıllarda, Avrupa bütünleşme sürecinde değiştiği iddia edilen Avrupa kimliğine paralel olarak  değişen bir gazetecilik anlayışından  söz edilmektedir.  Euroreporter/Avrupa muhabiri  veya  European journalism/Avrupalı gazetecilik  kavramları, artık Avrupa gazetecilik okullarında sıklıkla kullanılan terimler haline gelmiştir. Avrupa’da gerçekten değişen bir gazetecilik anlayışı var mıdır? Eğer varsa, bu gazetecilik anlayışı AB’ye ilişkin haberlerin derlenmesinde ve AB vatandaşlarına sunulmasında kendisini göstermekte midir? AB’nin kurucu üye ülkelerinde ve daha sonraki yıllarda AB’ye tam üye olan ülkelerde, AB’ye ilişkin haberlerin derlenmesinde ve sunumunda özel muhabirler kullanılmakta mıdır? Başka bir deyişle, AB’ye ilişkin haberlerin aktarılması sorunsalı, Avrupa gazeteciliğinde ve haber merkezi örgütlenmesinde bir farklılık yaratmış mıdır? Eğer varsa bu farklılık, acaba gazetecilik pratiği üzerinden okunabilecek bir  Avrupalılık  veya  Avrupa kamusal alanı  için gerekli zeminin hazırlanmasında aktif rol oynamakta mıdır?.. İşte bu kitap, AB haberlerinin siyasallaşma sürecinde, ulusal medya sistemleri ile Avrupa medya sisteminin işleyişini karşılaştırabilmek için, bu süreçte aktif olarak yer alan gazetecilerin (AB muhabirlerinin) rolüne dikkat çekmeyi hedeflemektedir. </p>

<p>AB üyesi ülkelerde, AB politikaları konusunda haber yapmak, ayrı bir uzmanlık gerektirmektedir. Bunun için, sadece haber merkezinde oturup Brüksel’den gelen haberleri sayfalara ya da haber bültenleri<span class="excerpt-hellip"> […]</span></p>
