{"id":693358,"date":"2025-08-27T14:13:44","date_gmt":"2025-08-27T11:13:44","guid":{"rendered":"https:\/\/roveyayinevi.com.tr\/index.php\/urun\/sanata-felsefeyle-bakmak\/"},"modified":"2026-04-16T02:03:08","modified_gmt":"2026-04-15T23:03:08","slug":"sanata-felsefeyle-bakmak","status":"publish","type":"product","link":"https:\/\/roveyayinevi.com.tr\/index.php\/urun\/sanata-felsefeyle-bakmak\/","title":{"rendered":"Sanata Felsefeyle Bakmak"},"content":{"rendered":"<p>Bir yaz\u0131n yap\u0131t\u0131n\u0131n do\u011fru -yani amaca ula\u015ft\u0131ran-de\u011ferlendirilmesi&#8230; \u00fc\u00e7 ana a\u015famadan ge\u00e7er. \u0130lk ve onsuz edilemeyecek ad\u0131m, yap\u0131t\u0131 anlamakt\u0131r&#8230; De\u011ferlendirme etkinli\u011finin ikinci a\u015famas\u0131, bir yap\u0131t\u0131 kendi alan\u0131nda bir yere oturtmakt\u0131r&#8230; Ba\u015far\u0131l\u0131 bir yap\u0131t\u0131 de\u011ferli bir yap\u0131ttan ay\u0131rabilmek i\u00e7in, de\u011ferlendirmede \u00fc\u00e7\u00fcnc\u00fc bir ad\u0131m atmak gereklidir. Bu, bir yap\u0131t\u0131n \u00f6nemini: b\u00f6yle bir yap\u0131t\u0131n yarat\u0131lmas\u0131n\u0131n insan i\u00e7in, d\u00fcnyam\u0131z i\u00e7in anlam\u0131n\u0131n ne oldu\u011funu g\u00f6stermek; bu olanaklar\u0131n etik de\u011ferler bak\u0131m\u0131ndan anlam\u0131n\u0131n ne oldu\u011funu g\u00f6stermektir. Bu ad\u0131m\u0131n at\u0131labilmesi i\u00e7in genellikle de\u011ferlerin, \u00f6zellikle de etik de\u011ferlerin felsefi bilgisi gereklidir: etik de\u011ferlerin de\u011ferinin bilgisi. <\/p>\n","protected":false},"excerpt":{"rendered":"<p>Bir yaz\u0131n yap\u0131t\u0131n\u0131n do\u011fru -yani amaca ula\u015ft\u0131ran-de\u011ferlendirilmesi&#8230; \u00fc\u00e7 ana a\u015famadan ge\u00e7er. \u0130lk ve onsuz edilemeyecek ad\u0131m, yap\u0131t\u0131 anlamakt\u0131r&#8230; De\u011ferlendirme etkinli\u011finin ikinci a\u015famas\u0131, bir yap\u0131t\u0131 kendi alan\u0131nda<span class=\"excerpt-hellip\"> [\u2026]<\/span><\/p>\n","protected":false},"featured_media":0,"template":"","meta":{"_monsterinsights_skip_tracking":false,"_monsterinsights_sitenote_active":false,"_monsterinsights_sitenote_note":"","_monsterinsights_sitenote_category":0},"product_brand":[],"product_cat":[16038,12388],"product_tag":[],"class_list":{"0":"post-693358","1":"product","2":"type-product","3":"status-publish","5":"product_cat-arastirma-inceleme-referans-felsefe","6":"product_cat-felsefe","7":"pa_cilt-ciltsiz","8":"pa_tur-kitap","9":"pa_yayinevi-turkiye-felsefe-kurumu","10":"pa_yazar-ioanna-kucuradi","12":"first","13":"instock","14":"sale","15":"shipping-taxable","16":"purchasable","17":"product-type-simple"},"_links":{"self":[{"href":"https:\/\/roveyayinevi.com.tr\/index.php\/wp-json\/wp\/v2\/product\/693358","targetHints":{"allow":["GET"]}}],"collection":[{"href":"https:\/\/roveyayinevi.com.tr\/index.php\/wp-json\/wp\/v2\/product"}],"about":[{"href":"https:\/\/roveyayinevi.com.tr\/index.php\/wp-json\/wp\/v2\/types\/product"}],"wp:attachment":[{"href":"https:\/\/roveyayinevi.com.tr\/index.php\/wp-json\/wp\/v2\/media?parent=693358"}],"wp:term":[{"taxonomy":"product_brand","embeddable":true,"href":"https:\/\/roveyayinevi.com.tr\/index.php\/wp-json\/wp\/v2\/product_brand?post=693358"},{"taxonomy":"product_cat","embeddable":true,"href":"https:\/\/roveyayinevi.com.tr\/index.php\/wp-json\/wp\/v2\/product_cat?post=693358"},{"taxonomy":"product_tag","embeddable":true,"href":"https:\/\/roveyayinevi.com.tr\/index.php\/wp-json\/wp\/v2\/product_tag?post=693358"}],"curies":[{"name":"wp","href":"https:\/\/api.w.org\/{rel}","templated":true}]}}