{"id":693355,"date":"2025-08-27T14:13:44","date_gmt":"2025-08-27T11:13:44","guid":{"rendered":"https:\/\/roveyayinevi.com.tr\/index.php\/urun\/insan-haklarinin-felsefi-temelleri\/"},"modified":"2026-04-16T02:03:08","modified_gmt":"2026-04-15T23:03:08","slug":"insan-haklarinin-felsefi-temelleri","status":"publish","type":"product","link":"https:\/\/roveyayinevi.com.tr\/index.php\/urun\/insan-haklarinin-felsefi-temelleri\/","title":{"rendered":"\u0130nsan Haklar\u0131n\u0131n Felsefi Temelleri"},"content":{"rendered":"<p>Bu kitap, 1980 y\u0131l\u0131nda yap\u0131lan, insan haklar\u0131na ili\u015fkin bir uluslararas\u0131 seminerde sunulan bilidirilerden olu\u015fuyor. Yirmi y\u0131l sonra, o zaman s\u00f6ylenenleri okuyan i\u00e7in \u00f6\u011fretici bir kitap olsa gerek. D\u00fcnyada ve T\u00fcrkiye&#8217;de hangi konularda yol al\u0131nd\u0131\u011f\u0131n\u0131, hangilerinde yerinde say\u0131ld\u0131\u011f\u0131n\u0131 g\u00f6rmemize yard\u0131mc\u0131 olabilecek bir kitapt\u0131r. \ufffcTan\u0131t\u0131m Metni<\/p>\n","protected":false},"excerpt":{"rendered":"<p>Bu kitap, 1980 y\u0131l\u0131nda yap\u0131lan, insan haklar\u0131na ili\u015fkin bir uluslararas\u0131 seminerde sunulan bilidirilerden olu\u015fuyor. Yirmi y\u0131l sonra, o zaman s\u00f6ylenenleri okuyan i\u00e7in \u00f6\u011fretici bir kitap olsa<span class=\"excerpt-hellip\"> [\u2026]<\/span><\/p>\n","protected":false},"featured_media":0,"template":"","meta":{"_monsterinsights_skip_tracking":false,"_monsterinsights_sitenote_active":false,"_monsterinsights_sitenote_note":"","_monsterinsights_sitenote_category":0},"product_brand":[],"product_cat":[12388,13555],"product_tag":[],"class_list":{"0":"post-693355","1":"product","2":"type-product","3":"status-publish","5":"product_cat-felsefe","6":"product_cat-genel-felsefe","7":"pa_cilt-ciltsiz","8":"pa_tur-kitap","9":"pa_yayinevi-turkiye-felsefe-kurumu","10":"pa_yazar-ioanna-kucuradi","12":"first","13":"instock","14":"sale","15":"shipping-taxable","16":"purchasable","17":"product-type-simple"},"_links":{"self":[{"href":"https:\/\/roveyayinevi.com.tr\/index.php\/wp-json\/wp\/v2\/product\/693355","targetHints":{"allow":["GET"]}}],"collection":[{"href":"https:\/\/roveyayinevi.com.tr\/index.php\/wp-json\/wp\/v2\/product"}],"about":[{"href":"https:\/\/roveyayinevi.com.tr\/index.php\/wp-json\/wp\/v2\/types\/product"}],"wp:attachment":[{"href":"https:\/\/roveyayinevi.com.tr\/index.php\/wp-json\/wp\/v2\/media?parent=693355"}],"wp:term":[{"taxonomy":"product_brand","embeddable":true,"href":"https:\/\/roveyayinevi.com.tr\/index.php\/wp-json\/wp\/v2\/product_brand?post=693355"},{"taxonomy":"product_cat","embeddable":true,"href":"https:\/\/roveyayinevi.com.tr\/index.php\/wp-json\/wp\/v2\/product_cat?post=693355"},{"taxonomy":"product_tag","embeddable":true,"href":"https:\/\/roveyayinevi.com.tr\/index.php\/wp-json\/wp\/v2\/product_tag?post=693355"}],"curies":[{"name":"wp","href":"https:\/\/api.w.org\/{rel}","templated":true}]}}