{"id":693351,"date":"2025-08-27T14:13:43","date_gmt":"2025-08-27T11:13:43","guid":{"rendered":"https:\/\/roveyayinevi.com.tr\/index.php\/urun\/cagin-olaylari-arasinda\/"},"modified":"2026-04-16T02:03:08","modified_gmt":"2026-04-15T23:03:08","slug":"cagin-olaylari-arasinda","status":"publish","type":"product","link":"https:\/\/roveyayinevi.com.tr\/index.php\/urun\/cagin-olaylari-arasinda\/","title":{"rendered":"\u00c7a\u011f\u0131n Olaylar\u0131 Aras\u0131nda"},"content":{"rendered":"<p>\u0130kinci D\u00fcnya Sava\u015f\u0131&#8217;ndan bu yana g\u00f6ze batan siyasal olaylar\u0131 olu\u015fturan eylem ve kararlara, yayg\u0131nl\u0131k kazanan d\u00fc\u015f\u00fcnce-sanat ak\u0131mlar\u0131yla moral ve toplumsal ak\u0131mlara bak\u0131l\u0131rsa, \u00e7a\u011fda\u015f k\u00fclt\u00fcr\u00fcn en belirgin \u00f6zelli\u011fi, insan\u0131n y\u00fcz\u00fcn\u00fcn unutulmu\u015f olmas\u0131; insan\u0131n, de\u011feri s\u0131f\u0131r olan bir varl\u0131k olarak g\u00f6r\u00fclmesidir.Bunun do\u011fal sonucu, ki\u015filerin y\u00fcz\u00fcn\u00fcn silinmesi, bir &#8220;s\u0131f\u0131rlar toplam\u0131&#8221; say\u0131lmas\u0131; di\u011fer zincirleme bir sonucu da, daha \u00f6nce t\u00fcretilmi\u015f bir ilkenin &#8220;her\u015fey yap\u0131labilir&#8221; ilkesinin eylemleri belirleyen en yayg\u0131n ilke haline gelmesidir. <\/p>\n","protected":false},"excerpt":{"rendered":"<p>\u0130kinci D\u00fcnya Sava\u015f\u0131&#8217;ndan bu yana g\u00f6ze batan siyasal olaylar\u0131 olu\u015fturan eylem ve kararlara, yayg\u0131nl\u0131k kazanan d\u00fc\u015f\u00fcnce-sanat ak\u0131mlar\u0131yla moral ve toplumsal ak\u0131mlara bak\u0131l\u0131rsa, \u00e7a\u011fda\u015f k\u00fclt\u00fcr\u00fcn en belirgin<span class=\"excerpt-hellip\"> [\u2026]<\/span><\/p>\n","protected":false},"featured_media":0,"template":"","meta":{"_monsterinsights_skip_tracking":false,"_monsterinsights_sitenote_active":false,"_monsterinsights_sitenote_note":"","_monsterinsights_sitenote_category":0},"product_brand":[],"product_cat":[12388,14717],"product_tag":[],"class_list":{"0":"post-693351","1":"product","2":"type-product","3":"status-publish","5":"product_cat-felsefe","6":"product_cat-felsefe-tarihi","7":"pa_cilt-ciltsiz","8":"pa_tur-kitap","9":"pa_yayinevi-turkiye-felsefe-kurumu","10":"pa_yazar-ioanna-kucuradi","12":"first","13":"instock","14":"sale","15":"shipping-taxable","16":"purchasable","17":"product-type-simple"},"_links":{"self":[{"href":"https:\/\/roveyayinevi.com.tr\/index.php\/wp-json\/wp\/v2\/product\/693351","targetHints":{"allow":["GET"]}}],"collection":[{"href":"https:\/\/roveyayinevi.com.tr\/index.php\/wp-json\/wp\/v2\/product"}],"about":[{"href":"https:\/\/roveyayinevi.com.tr\/index.php\/wp-json\/wp\/v2\/types\/product"}],"wp:attachment":[{"href":"https:\/\/roveyayinevi.com.tr\/index.php\/wp-json\/wp\/v2\/media?parent=693351"}],"wp:term":[{"taxonomy":"product_brand","embeddable":true,"href":"https:\/\/roveyayinevi.com.tr\/index.php\/wp-json\/wp\/v2\/product_brand?post=693351"},{"taxonomy":"product_cat","embeddable":true,"href":"https:\/\/roveyayinevi.com.tr\/index.php\/wp-json\/wp\/v2\/product_cat?post=693351"},{"taxonomy":"product_tag","embeddable":true,"href":"https:\/\/roveyayinevi.com.tr\/index.php\/wp-json\/wp\/v2\/product_tag?post=693351"}],"curies":[{"name":"wp","href":"https:\/\/api.w.org\/{rel}","templated":true}]}}