{"id":693340,"date":"2025-08-27T14:13:41","date_gmt":"2025-08-27T11:13:41","guid":{"rendered":"https:\/\/roveyayinevi.com.tr\/index.php\/urun\/adalet-kavrami\/"},"modified":"2026-04-16T02:03:08","modified_gmt":"2026-04-15T23:03:08","slug":"adalet-kavrami","status":"publish","type":"product","link":"https:\/\/roveyayinevi.com.tr\/index.php\/urun\/adalet-kavrami\/","title":{"rendered":"Adalet Kavram\u0131"},"content":{"rendered":"<p>Bu kitap, 17-18 Aral\u0131k 1992 tarihlerinde Ankara&#8217;da d\u00fczenlenen &#8220;Adalet Kavram\u0131&#8221; seminerinde sunulan bildirilerden olu\u015fuyor. Adalet konusuna disiplinlerarasi bir yakla\u015fimi okuyucuya sunuyor. Kitap, dilimizde, adalet konusundaki ilk eser olma \u00f6zelligini de ta\u015fiyor. \ufffcTan\u0131t\u0131m Metni<\/p>\n","protected":false},"excerpt":{"rendered":"<p>Bu kitap, 17-18 Aral\u0131k 1992 tarihlerinde Ankara&#8217;da d\u00fczenlenen &#8220;Adalet Kavram\u0131&#8221; seminerinde sunulan bildirilerden olu\u015fuyor. Adalet konusuna disiplinlerarasi bir yakla\u015fimi okuyucuya sunuyor. Kitap, dilimizde, adalet konusundaki ilk<span class=\"excerpt-hellip\"> [\u2026]<\/span><\/p>\n","protected":false},"featured_media":0,"template":"","meta":{"_monsterinsights_skip_tracking":false,"_monsterinsights_sitenote_active":false,"_monsterinsights_sitenote_note":"","_monsterinsights_sitenote_category":0},"product_brand":[],"product_cat":[15350,17602],"product_tag":[],"class_list":{"0":"post-693340","1":"product","2":"type-product","3":"status-publish","5":"product_cat-hukuk","6":"product_cat-hukuk-uzerine","7":"pa_cilt-ciltsiz","8":"pa_tur-kitap","9":"pa_yayinevi-turkiye-felsefe-kurumu","10":"pa_yazar-adnan-guriz","12":"first","13":"instock","14":"sale","15":"shipping-taxable","16":"purchasable","17":"product-type-simple"},"_links":{"self":[{"href":"https:\/\/roveyayinevi.com.tr\/index.php\/wp-json\/wp\/v2\/product\/693340","targetHints":{"allow":["GET"]}}],"collection":[{"href":"https:\/\/roveyayinevi.com.tr\/index.php\/wp-json\/wp\/v2\/product"}],"about":[{"href":"https:\/\/roveyayinevi.com.tr\/index.php\/wp-json\/wp\/v2\/types\/product"}],"wp:attachment":[{"href":"https:\/\/roveyayinevi.com.tr\/index.php\/wp-json\/wp\/v2\/media?parent=693340"}],"wp:term":[{"taxonomy":"product_brand","embeddable":true,"href":"https:\/\/roveyayinevi.com.tr\/index.php\/wp-json\/wp\/v2\/product_brand?post=693340"},{"taxonomy":"product_cat","embeddable":true,"href":"https:\/\/roveyayinevi.com.tr\/index.php\/wp-json\/wp\/v2\/product_cat?post=693340"},{"taxonomy":"product_tag","embeddable":true,"href":"https:\/\/roveyayinevi.com.tr\/index.php\/wp-json\/wp\/v2\/product_tag?post=693340"}],"curies":[{"name":"wp","href":"https:\/\/api.w.org\/{rel}","templated":true}]}}