{"id":693331,"date":"2025-08-27T14:13:39","date_gmt":"2025-08-27T11:13:39","guid":{"rendered":"https:\/\/roveyayinevi.com.tr\/index.php\/urun\/sakincali-cunku-edepsiz\/"},"modified":"2026-01-29T02:05:52","modified_gmt":"2026-01-28T23:05:52","slug":"sakincali-cunku-edepsiz","status":"publish","type":"product","link":"https:\/\/roveyayinevi.com.tr\/index.php\/urun\/sakincali-cunku-edepsiz\/","title":{"rendered":"Sak\u0131ncal\u0131, \u00c7\u00fcnk\u00fc Edepsiz"},"content":{"rendered":"<p>K\u00fcresel imparatorluk ve s\u00f6zc\u00fcleri pervas\u0131zca ilerliyor, buna da \u00f6zg\u00fcrl\u00fck diyorlar. Do\u011fru; bu, onlar\u0131n \u00f6zg\u00fcrl\u00fc\u011f\u00fc &#8211; maruz kalanlar\u0131nsa tutsakl\u0131\u011f\u0131! K\u00fcresel imparatorluk d\u00fcnyay\u0131 kocaman bir ma\u011fazaya \u00e7evirdi. \u0130stedi\u011fi gibi hareket edebilmek i\u00e7in, k\u0131skac\u0131na ald\u0131\u011f\u0131 her \u00fclkeye, her kurulu\u015fa, her iktidara bir rol vermi\u015f durumda. T\u00fcrkiye\u2019de devlet \u00fcniversiteleri dinci ve milliyet\u00e7i muhafazak\u00e2rlar\u0131n; \u00f6zel \u00fcniversiteler sermayenin denetiminde. Karar sahipleri tavizsiz itaatk\u00e2rl\u0131k bekliyor. \u00d6zg\u00fcrl\u00fck, bir yan\u0131lsamadan ibaret. \u0130lk ve orta\u00f6\u011fretim kurumlar\u0131n\u0131n hemen hepsi gerici kadrolara emanet. \u00d6zel okullar, yine sermaye d\u00fczenine hizmet ediyor. Sa\u011fl\u0131k sistemi de \u00f6yle. Paran yoksa e\u011fitim ve sa\u011fl\u0131k hizmeti de yok. Mill\u00ee ve ahl\u00e2k\u00ee hassasiyetler bahanesiyle \u00f6zg\u00fcr d\u00fc\u015f\u00fcnce rafa kalkm\u0131\u015f durumda. Sanat ve felsefe dersleri gereksiz, sak\u0131ncal\u0131; ama din ve ahl\u00e2k dersleri zorunlu. Ele\u015ftiri ve d\u00fc\u015f\u00fcnme yasak; inan\u00e7, tevekk\u00fcl ve itaat zorunlu! Ve bu, \u00f6zg\u00fcrl\u00fck olarak pazarlan\u0131yor! Her t\u00fcrl\u00fc uyu\u015fturucu inan\u00e7 ve davran\u0131\u015f\u0131 sorgulayan, ele\u015ftiren ve \u00e7omak sokanlar \u00f6teden beri iktidarlar taraf\u0131ndan sak\u0131ncal\u0131 say\u0131ld\u0131, say\u0131l\u0131yor. O halde, sak\u0131ncal\u0131 olman\u0131n zaman\u0131d\u0131r. Amerikan dostu iktidar bir yandan bireyleri din\u00ee ve ahlak\u00ee hassasiyetler motifleriyle s\u00fcsl\u00fc bir \u00f6rt\u00fcn\u00fcn alt\u0131na sokmaya \u00e7al\u0131\u015f\u0131yor; bir yandan da ruh sa\u011fl\u0131\u011f\u0131n\u0131 bozmadan tecav\u00fcz eden din bezirg\u00e2nlar\u0131na ortam haz\u0131rl\u0131yor. Kendisi gibi d\u00fc\u015f\u00fcnmeyenlere, ele\u015ftirenlere \u2018edepli ol edepli!\u2019 ya da \u2018artistlik yapma lan!\u2019 diyor; hatta a\u00e7\u0131k\u00e7a tehdit ediyor. O halde, artistlik yapman\u0131n, edepsiz olman\u0131n zaman\u0131d\u0131r. Evet, Picasso\u2019nun dedi\u011fi gibi:  Sanat asla edepli olmam\u0131\u015ft\u0131r. Zaten edepli olsayd\u0131 sanat olmazd\u0131. <\/p>\n","protected":false},"excerpt":{"rendered":"<p>K\u00fcresel imparatorluk ve s\u00f6zc\u00fcleri pervas\u0131zca ilerliyor, buna da \u00f6zg\u00fcrl\u00fck diyorlar. Do\u011fru; bu, onlar\u0131n \u00f6zg\u00fcrl\u00fc\u011f\u00fc &#8211; maruz kalanlar\u0131nsa tutsakl\u0131\u011f\u0131! K\u00fcresel imparatorluk d\u00fcnyay\u0131 kocaman bir ma\u011fazaya \u00e7evirdi. \u0130stedi\u011fi<span class=\"excerpt-hellip\"> [\u2026]<\/span><\/p>\n","protected":false},"featured_media":0,"template":"","meta":{"_monsterinsights_skip_tracking":false,"_monsterinsights_sitenote_active":false,"_monsterinsights_sitenote_note":"","_monsterinsights_sitenote_category":0},"product_brand":[],"product_cat":[12312,12304],"product_tag":[],"class_list":{"0":"post-693331","1":"product","2":"type-product","3":"status-publish","5":"product_cat-diger","6":"product_cat-tarih","7":"pa_cilt-ciltsiz","8":"pa_tur-kitap","9":"pa_yayinevi-utopya-yayinevi","10":"pa_yazar-mehmet-yilmaz","12":"first","13":"instock","14":"sale","15":"shipping-taxable","16":"purchasable","17":"product-type-simple"},"_links":{"self":[{"href":"https:\/\/roveyayinevi.com.tr\/index.php\/wp-json\/wp\/v2\/product\/693331","targetHints":{"allow":["GET"]}}],"collection":[{"href":"https:\/\/roveyayinevi.com.tr\/index.php\/wp-json\/wp\/v2\/product"}],"about":[{"href":"https:\/\/roveyayinevi.com.tr\/index.php\/wp-json\/wp\/v2\/types\/product"}],"wp:attachment":[{"href":"https:\/\/roveyayinevi.com.tr\/index.php\/wp-json\/wp\/v2\/media?parent=693331"}],"wp:term":[{"taxonomy":"product_brand","embeddable":true,"href":"https:\/\/roveyayinevi.com.tr\/index.php\/wp-json\/wp\/v2\/product_brand?post=693331"},{"taxonomy":"product_cat","embeddable":true,"href":"https:\/\/roveyayinevi.com.tr\/index.php\/wp-json\/wp\/v2\/product_cat?post=693331"},{"taxonomy":"product_tag","embeddable":true,"href":"https:\/\/roveyayinevi.com.tr\/index.php\/wp-json\/wp\/v2\/product_tag?post=693331"}],"curies":[{"name":"wp","href":"https:\/\/api.w.org\/{rel}","templated":true}]}}