{"id":693257,"date":"2025-08-27T14:13:23","date_gmt":"2025-08-27T11:13:23","guid":{"rendered":"https:\/\/roveyayinevi.com.tr\/index.php\/urun\/kus-kulesi\/"},"modified":"2026-04-16T02:03:06","modified_gmt":"2026-04-15T23:03:06","slug":"kus-kulesi","status":"publish","type":"product","link":"https:\/\/roveyayinevi.com.tr\/index.php\/urun\/kus-kulesi\/","title":{"rendered":"Ku\u015f Kulesi"},"content":{"rendered":"<p>&#8220;Kitapta, yazar\u0131n kimilerinin d\u00fc\u015f\u00fcnd\u00fc\u011f\u00fc gibi \u00e7ocu\u011fun i\u015flenebilir bir hamur olarak de\u011fil, ya\u015fad\u0131\u011f\u0131 toplumda sosyal bir varl\u0131k oldu\u011funun fark\u0131ndal\u0131\u011f\u0131yla yazd\u0131\u011f\u0131, dil, kurgu ve anlat\u0131m bak\u0131m\u0131ndan zengin, \u00e7ocu\u011fu hafife almayan 6 k\u0131sa \u00f6yk\u00fc yer al\u0131yor.&#8221; Cumhuriyet Kitap &#8220;\u00c7\u0131narla kule, e\u011filip duvar dibinde uyuyan \u00e7ocu\u011fa bakt\u0131lar. Alt\u0131n rengi kirpiklerine ay \u0131\u015f\u0131\u011f\u0131 vurmu\u015ftu. \u00d6yle g\u00fczeldi ki&#8230; -\u00dc\u015f\u00fcyecek, dedi kule. \u00c7\u0131nar, iyice gerinip \u015f\u00f6yle bir silkelendi. Pek \u00e7ok yaprak d\u00f6k\u00fcld\u00fc dallar\u0131ndan. \u0130nce birr\u00fczgar \u00e7\u0131nardan d\u00f6k\u00fclen yapraklar\u0131 s\u00fcp\u00fcr\u00fcp kulenin kap\u0131s\u0131ndan i\u00e7eri soktu. Ku\u015flar yuvalar\u0131ndan \u00e7\u0131kt\u0131. Kanatlar\u0131n\u0131 \u015f\u00f6yle bir \u00e7\u0131rpt\u0131lar. Kulenin karanl\u0131\u011f\u0131nda p\u0131r\u0131lt\u0131l\u0131 t\u00fcyler u\u00e7u\u015ftu. \u00c7ocu\u011fun \u00fcst\u00fc ku\u015f t\u00fcyleriyle kapand\u0131.&#8221; Kitapta farkl\u0131 d\u00fcnyalar\u0131n kap\u0131lar\u0131n\u0131 aralayan alt\u0131 \u00f6yk\u00fc yer al\u0131yor. &#8220;Son Tren&#8221;de, dershaneden \u00e7\u0131kan Sinan ve \u0130rem\u2019in uyuyakal\u0131\u015f\u0131, &#8220;Papatyalar&#8221; da, aya\u011f\u0131 al\u00e7\u0131da olan P\u0131nar\u2019\u0131n annesine \u00e7ok sevdi\u011fi papatyalardan toplayamay\u0131\u015f\u0131n\u0131n \u00fcz\u00fcnt\u00fcs\u00fc, &#8220;Ku\u015f Kulesi&#8221;nde, Mustafa\u2019n\u0131n \u0131\u015f\u0131kl\u0131 hayalleri, &#8220;Kasabal\u0131 \u00c7ocuk&#8221;ta, tan\u0131\u015ft\u0131\u011f\u0131 yazar ablas\u0131ndan kendisi ve \u00e7ocuklar i\u00e7in de \u00f6yk\u00fcler isteyen Hasan&#8230;<\/p>\n","protected":false},"excerpt":{"rendered":"<p>&#8220;Kitapta, yazar\u0131n kimilerinin d\u00fc\u015f\u00fcnd\u00fc\u011f\u00fc gibi \u00e7ocu\u011fun i\u015flenebilir bir hamur olarak de\u011fil, ya\u015fad\u0131\u011f\u0131 toplumda sosyal bir varl\u0131k oldu\u011funun fark\u0131ndal\u0131\u011f\u0131yla yazd\u0131\u011f\u0131, dil, kurgu ve anlat\u0131m bak\u0131m\u0131ndan zengin, \u00e7ocu\u011fu<span class=\"excerpt-hellip\"> [\u2026]<\/span><\/p>\n","protected":false},"featured_media":0,"template":"","meta":{"_monsterinsights_skip_tracking":false,"_monsterinsights_sitenote_active":false,"_monsterinsights_sitenote_note":"","_monsterinsights_sitenote_category":0},"product_brand":[],"product_cat":[12275,12274],"product_tag":[],"class_list":{"0":"post-693257","1":"product","2":"type-product","3":"status-publish","5":"product_cat-6-12-yas-kitaplari","6":"product_cat-cocuk-ve-genclik-kitaplari","7":"pa_cilt-ciltsiz","8":"pa_tur-kitap","9":"pa_yayinevi-tudem-yayinlari","10":"pa_yazar-ferda-izbudak-akinci","12":"first","13":"instock","14":"sale","15":"shipping-taxable","16":"purchasable","17":"product-type-simple"},"_links":{"self":[{"href":"https:\/\/roveyayinevi.com.tr\/index.php\/wp-json\/wp\/v2\/product\/693257","targetHints":{"allow":["GET"]}}],"collection":[{"href":"https:\/\/roveyayinevi.com.tr\/index.php\/wp-json\/wp\/v2\/product"}],"about":[{"href":"https:\/\/roveyayinevi.com.tr\/index.php\/wp-json\/wp\/v2\/types\/product"}],"wp:attachment":[{"href":"https:\/\/roveyayinevi.com.tr\/index.php\/wp-json\/wp\/v2\/media?parent=693257"}],"wp:term":[{"taxonomy":"product_brand","embeddable":true,"href":"https:\/\/roveyayinevi.com.tr\/index.php\/wp-json\/wp\/v2\/product_brand?post=693257"},{"taxonomy":"product_cat","embeddable":true,"href":"https:\/\/roveyayinevi.com.tr\/index.php\/wp-json\/wp\/v2\/product_cat?post=693257"},{"taxonomy":"product_tag","embeddable":true,"href":"https:\/\/roveyayinevi.com.tr\/index.php\/wp-json\/wp\/v2\/product_tag?post=693257"}],"curies":[{"name":"wp","href":"https:\/\/api.w.org\/{rel}","templated":true}]}}