{"id":693255,"date":"2025-08-27T14:13:23","date_gmt":"2025-08-27T11:13:23","guid":{"rendered":"https:\/\/roveyayinevi.com.tr\/index.php\/urun\/kirmizi-arabanin-hayaleti\/"},"modified":"2026-04-16T02:03:06","modified_gmt":"2026-04-15T23:03:06","slug":"kirmizi-arabanin-hayaleti","status":"publish","type":"product","link":"https:\/\/roveyayinevi.com.tr\/index.php\/urun\/kirmizi-arabanin-hayaleti\/","title":{"rendered":"K\u0131rm\u0131z\u0131 Araban\u0131n Hayaleti"},"content":{"rendered":"<p>Gizemli bir k\u00f6\u015fk, s\u00fcrekli suret de\u011fi\u015ftiren kimli\u011fi belirsiz bir ev sahibi, iki delikanl\u0131, iki k\u0131z, bir kedi, bir k\u00f6pek, bir tav\u015fan, bir ku\u015f, yerine getirilmeyi bekleyen d\u00f6rt ayr\u0131 vasiyet ve t\u00fcm bunlara \u015fahit olan \u00fcst\u00fc a\u00e7\u0131k k\u0131rm\u0131z\u0131 bir Cabrio\u2026Ruhlar\u0131 tedirgin eden bu gen\u00e7lik masal\u0131, hi\u00e7bir gencin kay\u0131ts\u0131z kalamayaca\u011f\u0131 muhte\u015fem vaatlerle dolu bir i\u015f ilan\u0131n\u0131n yay\u0131mlanmas\u0131 ile ba\u015fl\u0131yor. K\u0131sa yoldan h\u0131zl\u0131 bir \u015fekilde kolayca hedefe ula\u015fmak i\u00e7in tek yapmak gereken ise \u00fc\u00e7 ayl\u0131k bir s\u00fcre zarf\u0131nda gizemli k\u00f6\u015fkteki i\u015fverenin verdi\u011fi g\u00f6revi tamamlamak. T\u00fcrkiye\u2019nin bir ucundan di\u011ferine uzanan d\u00f6rt ayr\u0131 yolculuk ve d\u00f6rt s\u0131ra d\u0131\u015f\u0131 g\u00f6rev\u2026 Her biri t\u00fcrl\u00fc tehlikeler ve anlam verilemeyen kar\u015f\u0131la\u015fmalarla dolu d\u00f6rt de\u011fi\u015fik ser\u00fcven. Bilinmeyene do\u011fru gitmenin getirdi\u011fi \u00fcrk\u00fct\u00fcc\u00fc ve tedirgin edici hislerin ki\u015fisel h\u0131rslarla birle\u015ferek olu\u015fturdu\u011fu ruhsal hezeyanlar okurlar\u0131 derinden tesir etmeye yetiyor da art\u0131yor bile. \u00d6zellikle birinci b\u00f6l\u00fcm\u00fcn sonunda kan\u0131n\u0131z\u0131n \u00e7ekildi\u011fini hissetmeniz i\u015ften bile de\u011fil\u2026Korkular\u0131n\u0131zla y\u00fczle\u015fece\u011finiz esrarengiz bir yolculu\u011fa \u00e7\u0131kmak istiyorsan\u0131z tek yapman\u0131z gereken \u00fcst\u00fc a\u00e7\u0131k bu k\u0131rm\u0131z\u0131 arabay\u0131 takip etmek!..<\/p>\n","protected":false},"excerpt":{"rendered":"<p>Gizemli bir k\u00f6\u015fk, s\u00fcrekli suret de\u011fi\u015ftiren kimli\u011fi belirsiz bir ev sahibi, iki delikanl\u0131, iki k\u0131z, bir kedi, bir k\u00f6pek, bir tav\u015fan, bir ku\u015f, yerine getirilmeyi bekleyen<span class=\"excerpt-hellip\"> [\u2026]<\/span><\/p>\n","protected":false},"featured_media":0,"template":"","meta":{"_monsterinsights_skip_tracking":false,"_monsterinsights_sitenote_active":false,"_monsterinsights_sitenote_note":"","_monsterinsights_sitenote_category":0},"product_brand":[],"product_cat":[12275,12274],"product_tag":[],"class_list":{"0":"post-693255","1":"product","2":"type-product","3":"status-publish","5":"product_cat-6-12-yas-kitaplari","6":"product_cat-cocuk-ve-genclik-kitaplari","7":"pa_cilt-ciltsiz","8":"pa_tur-kitap","9":"pa_yayinevi-tudem-yayinlari","10":"pa_yazar-aytul-akal","12":"first","13":"instock","14":"sale","15":"shipping-taxable","16":"purchasable","17":"product-type-simple"},"_links":{"self":[{"href":"https:\/\/roveyayinevi.com.tr\/index.php\/wp-json\/wp\/v2\/product\/693255","targetHints":{"allow":["GET"]}}],"collection":[{"href":"https:\/\/roveyayinevi.com.tr\/index.php\/wp-json\/wp\/v2\/product"}],"about":[{"href":"https:\/\/roveyayinevi.com.tr\/index.php\/wp-json\/wp\/v2\/types\/product"}],"wp:attachment":[{"href":"https:\/\/roveyayinevi.com.tr\/index.php\/wp-json\/wp\/v2\/media?parent=693255"}],"wp:term":[{"taxonomy":"product_brand","embeddable":true,"href":"https:\/\/roveyayinevi.com.tr\/index.php\/wp-json\/wp\/v2\/product_brand?post=693255"},{"taxonomy":"product_cat","embeddable":true,"href":"https:\/\/roveyayinevi.com.tr\/index.php\/wp-json\/wp\/v2\/product_cat?post=693255"},{"taxonomy":"product_tag","embeddable":true,"href":"https:\/\/roveyayinevi.com.tr\/index.php\/wp-json\/wp\/v2\/product_tag?post=693255"}],"curies":[{"name":"wp","href":"https:\/\/api.w.org\/{rel}","templated":true}]}}