{"id":693242,"date":"2025-08-27T14:13:20","date_gmt":"2025-08-27T11:13:20","guid":{"rendered":"https:\/\/roveyayinevi.com.tr\/index.php\/urun\/demis-demis-ne-demis\/"},"modified":"2026-04-16T02:03:05","modified_gmt":"2026-04-15T23:03:05","slug":"demis-demis-ne-demis","status":"publish","type":"product","link":"https:\/\/roveyayinevi.com.tr\/index.php\/urun\/demis-demis-ne-demis\/","title":{"rendered":"Demi\u015f Demi\u015f Ne Demi\u015f?"},"content":{"rendered":"<p>Birbirinden e\u011flenceli ve d\u00fc\u015f\u00fcnd\u00fcr\u00fcc\u00fc 101 f\u0131kray\u0131 kendi cevaplar\u0131n\u0131zla bamba\u015fka bir hale \u00e7evirmek ister misiniz? F\u0131kralar\u0131 okuyun, yorumlay\u0131n, onlara alternatif cevaplar \u00fcretin ve yeni ba\u015fl\u0131klar verin. <\/p>\n","protected":false},"excerpt":{"rendered":"<p>Birbirinden e\u011flenceli ve d\u00fc\u015f\u00fcnd\u00fcr\u00fcc\u00fc 101 f\u0131kray\u0131 kendi cevaplar\u0131n\u0131zla bamba\u015fka bir hale \u00e7evirmek ister misiniz? F\u0131kralar\u0131 okuyun, yorumlay\u0131n, onlara alternatif cevaplar \u00fcretin ve yeni ba\u015fl\u0131klar verin.<\/p>\n","protected":false},"featured_media":0,"template":"","meta":{"_monsterinsights_skip_tracking":false,"_monsterinsights_sitenote_active":false,"_monsterinsights_sitenote_note":"","_monsterinsights_sitenote_category":0},"product_brand":[],"product_cat":[12492,12274],"product_tag":[],"class_list":{"0":"post-693242","1":"product","2":"type-product","3":"status-publish","5":"product_cat-bilmece-bulmaca","6":"product_cat-cocuk-ve-genclik-kitaplari","7":"pa_tur-kitap","8":"pa_yayinevi-timas-cocuk","9":"pa_yazar-ahmet-marasli","11":"first","12":"instock","13":"sale","14":"shipping-taxable","15":"purchasable","16":"product-type-simple"},"_links":{"self":[{"href":"https:\/\/roveyayinevi.com.tr\/index.php\/wp-json\/wp\/v2\/product\/693242","targetHints":{"allow":["GET"]}}],"collection":[{"href":"https:\/\/roveyayinevi.com.tr\/index.php\/wp-json\/wp\/v2\/product"}],"about":[{"href":"https:\/\/roveyayinevi.com.tr\/index.php\/wp-json\/wp\/v2\/types\/product"}],"wp:attachment":[{"href":"https:\/\/roveyayinevi.com.tr\/index.php\/wp-json\/wp\/v2\/media?parent=693242"}],"wp:term":[{"taxonomy":"product_brand","embeddable":true,"href":"https:\/\/roveyayinevi.com.tr\/index.php\/wp-json\/wp\/v2\/product_brand?post=693242"},{"taxonomy":"product_cat","embeddable":true,"href":"https:\/\/roveyayinevi.com.tr\/index.php\/wp-json\/wp\/v2\/product_cat?post=693242"},{"taxonomy":"product_tag","embeddable":true,"href":"https:\/\/roveyayinevi.com.tr\/index.php\/wp-json\/wp\/v2\/product_tag?post=693242"}],"curies":[{"name":"wp","href":"https:\/\/api.w.org\/{rel}","templated":true}]}}