{"id":693234,"date":"2025-08-27T14:12:09","date_gmt":"2025-08-27T11:12:09","guid":{"rendered":"https:\/\/roveyayinevi.com.tr\/index.php\/urun\/kan-tunelleri\/"},"modified":"2026-04-16T02:03:05","modified_gmt":"2026-04-15T23:03:05","slug":"kan-tunelleri","status":"publish","type":"product","link":"https:\/\/roveyayinevi.com.tr\/index.php\/urun\/kan-tunelleri\/","title":{"rendered":"Kan T\u00fcnelleri"},"content":{"rendered":"<p>Vampirin asistan\u0131 Darren Shan, Evra ve Bay Crepsley ile Ucubeler Sirki\u2019nden ayr\u0131l\u0131nca \u015fehir hayat\u0131na ad\u0131m atar. Geceleri Vampir gizli i\u015fler \u00e7evirirken g\u00fcnd\u00fczleri Darren, \u00f6zg\u00fcrl\u00fc\u011f\u00fcn tad\u0131n\u0131 \u00e7\u0131kar\u0131r. Ancak sonra cesetler ortaya \u00e7\u0131kmaya ba\u015flar&#8230; Kan\u0131 emilmi\u015f cesetler&#8230; Katil av\u0131 ba\u015flam\u0131\u015ft\u0131r ve Darren\u2019\u0131n ba\u011fl\u0131l\u0131\u011f\u0131, korkular\u0131n\u0131n doru\u011funda s\u0131nanmaktad\u0131r. Tek bir hatas\u0131 herkesi kan t\u00fcnellerinde bo\u011facakt\u0131r&#8230; Vampirimiz, midenize a\u011fr\u0131lar sokacak ayr\u0131nt\u0131l\u0131 bir anlat\u0131mla yine kar\u015f\u0131m\u0131zda. Okunmas\u0131 \u00e7ok zevkli bir kitap. -School Library Journal- Darren Shan olduk\u00e7a ilgin\u00e7, muhte\u015fem yarat\u0131c\u0131l\u0131ktaki hikayelerine bir yenisini daha ekliyor -Children\u2019s Literature- <\/p>\n","protected":false},"excerpt":{"rendered":"<p>Vampirin asistan\u0131 Darren Shan, Evra ve Bay Crepsley ile Ucubeler Sirki\u2019nden ayr\u0131l\u0131nca \u015fehir hayat\u0131na ad\u0131m atar. Geceleri Vampir gizli i\u015fler \u00e7evirirken g\u00fcnd\u00fczleri Darren, \u00f6zg\u00fcrl\u00fc\u011f\u00fcn tad\u0131n\u0131 \u00e7\u0131kar\u0131r.<span class=\"excerpt-hellip\"> [\u2026]<\/span><\/p>\n","protected":false},"featured_media":0,"template":"","meta":{"_monsterinsights_skip_tracking":false,"_monsterinsights_sitenote_active":false,"_monsterinsights_sitenote_note":"","_monsterinsights_sitenote_category":0},"product_brand":[],"product_cat":[12291,14777],"product_tag":[],"class_list":{"0":"post-693234","1":"product","2":"type-product","3":"status-publish","5":"product_cat-edebiyat","6":"product_cat-fantastik","7":"pa_tur-kitap","8":"pa_yayinevi-tudem-yayinlari","9":"pa_yazar-darren-shan","11":"first","12":"instock","13":"sale","14":"shipping-taxable","15":"purchasable","16":"product-type-simple"},"_links":{"self":[{"href":"https:\/\/roveyayinevi.com.tr\/index.php\/wp-json\/wp\/v2\/product\/693234","targetHints":{"allow":["GET"]}}],"collection":[{"href":"https:\/\/roveyayinevi.com.tr\/index.php\/wp-json\/wp\/v2\/product"}],"about":[{"href":"https:\/\/roveyayinevi.com.tr\/index.php\/wp-json\/wp\/v2\/types\/product"}],"wp:attachment":[{"href":"https:\/\/roveyayinevi.com.tr\/index.php\/wp-json\/wp\/v2\/media?parent=693234"}],"wp:term":[{"taxonomy":"product_brand","embeddable":true,"href":"https:\/\/roveyayinevi.com.tr\/index.php\/wp-json\/wp\/v2\/product_brand?post=693234"},{"taxonomy":"product_cat","embeddable":true,"href":"https:\/\/roveyayinevi.com.tr\/index.php\/wp-json\/wp\/v2\/product_cat?post=693234"},{"taxonomy":"product_tag","embeddable":true,"href":"https:\/\/roveyayinevi.com.tr\/index.php\/wp-json\/wp\/v2\/product_tag?post=693234"}],"curies":[{"name":"wp","href":"https:\/\/api.w.org\/{rel}","templated":true}]}}