{"id":693222,"date":"2025-08-27T14:12:06","date_gmt":"2025-08-27T11:12:06","guid":{"rendered":"https:\/\/roveyayinevi.com.tr\/index.php\/urun\/kalbim-kucuk-sevgim-buyuk\/"},"modified":"2026-04-16T02:03:05","modified_gmt":"2026-04-15T23:03:05","slug":"kalbim-kucuk-sevgim-buyuk","status":"publish","type":"product","link":"https:\/\/roveyayinevi.com.tr\/index.php\/urun\/kalbim-kucuk-sevgim-buyuk\/","title":{"rendered":"Kalbim K\u00fc\u00e7\u00fck Sevgim B\u00fcy\u00fck"},"content":{"rendered":"<p>Hekimo\u011flu \u0130smail\u2019in 9 ya\u015f ve \u00fcst\u00fc \u00e7ocuklar i\u00e7in yazd\u0131\u011f\u0131, Kalbim K\u00fc\u00e7\u00fck Sevgim B\u00fcy\u00fck kitab\u0131, ak\u0131c\u0131 bir \u00fcslup, sevgi dolu hik\u00e2yeler ve s\u0131cac\u0131k bir dil ile okuyucusunu g\u00fczel bir yolculu\u011fa \u00e7\u0131kar\u0131yor. Rabbimizin Yaratt\u0131\u011f\u0131 G\u00fczellikler; D\u00fc\u015f\u00fcnmek ne g\u00fczel bir kabiliyettir! \u0130nsan d\u00fc\u015f\u00fcnd\u00fck\u00e7e neler neler bulur. Her \u015feyin iyisini, g\u00fczelini, do\u011frusunu bulmak ve g\u00f6rmek i\u00e7in d\u00fc\u015f\u00fcnmeliyiz&#8230; \u00d6yleyse, d\u00fc\u015f\u00fcnmek \u00e7ok \u00f6nemli. Haydi, gelin biz de birlikte Rabb\u2019imizin yaratt\u0131\u011f\u0131 g\u00fczellikleri d\u00fc\u015f\u00fcnelim. B\u00f6ylece O\u2019na olan sevgimizi artt\u0131ral\u0131m.<\/p>\n","protected":false},"excerpt":{"rendered":"<p>Hekimo\u011flu \u0130smail\u2019in 9 ya\u015f ve \u00fcst\u00fc \u00e7ocuklar i\u00e7in yazd\u0131\u011f\u0131, Kalbim K\u00fc\u00e7\u00fck Sevgim B\u00fcy\u00fck kitab\u0131, ak\u0131c\u0131 bir \u00fcslup, sevgi dolu hik\u00e2yeler ve s\u0131cac\u0131k bir dil ile okuyucusunu<span class=\"excerpt-hellip\"> [\u2026]<\/span><\/p>\n","protected":false},"featured_media":0,"template":"","meta":{"_monsterinsights_skip_tracking":false,"_monsterinsights_sitenote_active":false,"_monsterinsights_sitenote_note":"","_monsterinsights_sitenote_category":0},"product_brand":[],"product_cat":[16789,12718,12719],"product_tag":[],"class_list":{"0":"post-693222","1":"product","2":"type-product","3":"status-publish","5":"product_cat-diger-islam","6":"product_cat-din","7":"product_cat-islam","8":"pa_cilt-ciltsiz","9":"pa_tur-kitap","10":"pa_yayinevi-timas-cocuk","11":"pa_yazar-hekimoglu-ismail","13":"first","14":"instock","15":"sale","16":"shipping-taxable","17":"purchasable","18":"product-type-simple"},"_links":{"self":[{"href":"https:\/\/roveyayinevi.com.tr\/index.php\/wp-json\/wp\/v2\/product\/693222","targetHints":{"allow":["GET"]}}],"collection":[{"href":"https:\/\/roveyayinevi.com.tr\/index.php\/wp-json\/wp\/v2\/product"}],"about":[{"href":"https:\/\/roveyayinevi.com.tr\/index.php\/wp-json\/wp\/v2\/types\/product"}],"wp:attachment":[{"href":"https:\/\/roveyayinevi.com.tr\/index.php\/wp-json\/wp\/v2\/media?parent=693222"}],"wp:term":[{"taxonomy":"product_brand","embeddable":true,"href":"https:\/\/roveyayinevi.com.tr\/index.php\/wp-json\/wp\/v2\/product_brand?post=693222"},{"taxonomy":"product_cat","embeddable":true,"href":"https:\/\/roveyayinevi.com.tr\/index.php\/wp-json\/wp\/v2\/product_cat?post=693222"},{"taxonomy":"product_tag","embeddable":true,"href":"https:\/\/roveyayinevi.com.tr\/index.php\/wp-json\/wp\/v2\/product_tag?post=693222"}],"curies":[{"name":"wp","href":"https:\/\/api.w.org\/{rel}","templated":true}]}}