{"id":693208,"date":"2025-08-27T14:12:03","date_gmt":"2025-08-27T11:12:03","guid":{"rendered":"https:\/\/roveyayinevi.com.tr\/index.php\/urun\/guliver-devler-ulkesinde\/"},"modified":"2026-04-16T02:03:05","modified_gmt":"2026-04-15T23:03:05","slug":"guliver-devler-ulkesinde","status":"publish","type":"product","link":"https:\/\/roveyayinevi.com.tr\/index.php\/urun\/guliver-devler-ulkesinde\/","title":{"rendered":"G\u00fcliver Devler \u00dclkesinde"},"content":{"rendered":"<p>Alan\u0131nda uzman \u00e7izerlerce resimlenen kitaplar kapa\u011f\u0131, cildi ve reng\u00e2renk sayfalar\u0131 ile \u015fip\u015firin \u00e7ocuklar\u0131n be\u011feniyle okuyacaklar\u0131 bir dizi olu\u015fturduk. Titiz bir \u00e7al\u0131\u015fma ile pedogoglar dan\u0131\u015fmanl\u0131\u011f\u0131nda haz\u0131rlanan, onlar\u0131n zihinlerinde olumsuz etki b\u0131rakacak terimlerden sak\u0131nd\u0131r\u0131larak haz\u0131rlanm\u0131\u015f metinlerle \u00e7ocuklara okumay\u0131 sevdirmeyi ama\u00e7lad\u0131\u011f\u0131m\u0131z serimiz rengarenk masal ve hikayelerden olu\u015fuyor. Her \u00e7ok bir g\u00fcn bir yerde Pollyanna&#8217;y\u0131 okur, Pinokyo&#8217;nun uzayan burnuna g\u00fcler, Alis ile harikalar diyar\u0131n\u0131 gezer, daha b\u00fcy\u00fck hayallere resimlenmi\u015f k\u00fc\u00e7\u00fck masallar\u0131n kap\u0131s\u0131ndan girer&#8230; Onlar\u0131n hayal g\u00fc\u00e7lerini bilin\u00e7li olarak geli\u015ftirmek, hayallerine model olmak i\u00e7in onlara kitap okutmak gerek&#8230; Sizde \u00e7ocuklar\u0131n\u0131z\u0131n s\u0131k\u0131lmadan, zevkle \u00fcstelik MEB&#8217;in tavsiye etti\u011fi hikaye ve masallar\u0131 okumas\u0131n\u0131 istiyorsan\u0131z, bu dizi tam size g\u00f6re&#8230;<\/p>\n","protected":false},"excerpt":{"rendered":"<p>Alan\u0131nda uzman \u00e7izerlerce resimlenen kitaplar kapa\u011f\u0131, cildi ve reng\u00e2renk sayfalar\u0131 ile \u015fip\u015firin \u00e7ocuklar\u0131n be\u011feniyle okuyacaklar\u0131 bir dizi olu\u015fturduk. Titiz bir \u00e7al\u0131\u015fma ile pedogoglar dan\u0131\u015fmanl\u0131\u011f\u0131nda haz\u0131rlanan, onlar\u0131n<span class=\"excerpt-hellip\"> [\u2026]<\/span><\/p>\n","protected":false},"featured_media":0,"template":"","meta":{"_monsterinsights_skip_tracking":false,"_monsterinsights_sitenote_active":false,"_monsterinsights_sitenote_note":"","_monsterinsights_sitenote_category":0},"product_brand":[],"product_cat":[12274,12284],"product_tag":[],"class_list":{"0":"post-693208","1":"product","2":"type-product","3":"status-publish","5":"product_cat-cocuk-ve-genclik-kitaplari","6":"product_cat-hikayeler","7":"pa_cilt-ciltsiz","8":"pa_tur-kitap","9":"pa_yayinevi-timas-cocuk","10":"pa_yazar-jonathan-swift","12":"first","13":"instock","14":"sale","15":"shipping-taxable","16":"purchasable","17":"product-type-simple"},"_links":{"self":[{"href":"https:\/\/roveyayinevi.com.tr\/index.php\/wp-json\/wp\/v2\/product\/693208","targetHints":{"allow":["GET"]}}],"collection":[{"href":"https:\/\/roveyayinevi.com.tr\/index.php\/wp-json\/wp\/v2\/product"}],"about":[{"href":"https:\/\/roveyayinevi.com.tr\/index.php\/wp-json\/wp\/v2\/types\/product"}],"wp:attachment":[{"href":"https:\/\/roveyayinevi.com.tr\/index.php\/wp-json\/wp\/v2\/media?parent=693208"}],"wp:term":[{"taxonomy":"product_brand","embeddable":true,"href":"https:\/\/roveyayinevi.com.tr\/index.php\/wp-json\/wp\/v2\/product_brand?post=693208"},{"taxonomy":"product_cat","embeddable":true,"href":"https:\/\/roveyayinevi.com.tr\/index.php\/wp-json\/wp\/v2\/product_cat?post=693208"},{"taxonomy":"product_tag","embeddable":true,"href":"https:\/\/roveyayinevi.com.tr\/index.php\/wp-json\/wp\/v2\/product_tag?post=693208"}],"curies":[{"name":"wp","href":"https:\/\/api.w.org\/{rel}","templated":true}]}}