{"id":693188,"date":"2025-08-27T14:11:59","date_gmt":"2025-08-27T11:11:59","guid":{"rendered":"https:\/\/roveyayinevi.com.tr\/index.php\/urun\/isikli-ayakkabilar\/"},"modified":"2026-04-16T02:03:04","modified_gmt":"2026-04-15T23:03:04","slug":"isikli-ayakkabilar","status":"publish","type":"product","link":"https:\/\/roveyayinevi.com.tr\/index.php\/urun\/isikli-ayakkabilar\/","title":{"rendered":"I\u015f\u0131kl\u0131 Ayakkab\u0131lar"},"content":{"rendered":"<p>\u201cNice zamand\u0131r i\u00e7i gidiyor \u0131\u015f\u0131kl\u0131 ayakkab\u0131lara Semih\u2019in. Annesini k\u00f6\u015fedeki ayakkab\u0131c\u0131ya s\u00fcr\u00fcklediyse de de\u011fi\u015fen bir \u015fey olmad\u0131. Annesi kesin konu\u015fuyordu. Ayakkab\u0131lar\u0131, yani \u015fimdi giydikleri eskiyinceye de\u011fin beklemek zorundayd\u0131 Semih. Ya da bu ayakkab\u0131lar ayaklar\u0131na k\u00fc\u00e7\u00fck gelmeliydi. Yani b\u00fcy\u00fcmesi gerekiyordu. O zaman da zaten eskimi\u015f olacaklard\u0131. Ba\u015fka t\u00fcrl\u00fc yeni bir ayakkab\u0131 almalar\u0131 olanaks\u0131zd\u0131; \u0131\u015f\u0131kl\u0131 ya da \u0131\u015f\u0131ks\u0131z.\u201dG\u00f6ky\u00fcz\u00fcn\u00fcn mavili\u011finden y\u00fcreklerde h\u00fcz\u00fcn ve umut \u00e7i\u00e7ekleri a\u00e7t\u0131ran, durulu\u011fundan da \u00e7ocuk\u00e7a bir duyarl\u0131\u011f\u0131n yans\u0131t\u0131ld\u0131\u011f\u0131 \u00f6yk\u00fcler\u2026\u00c7ocuk d\u00fcnyas\u0131n\u0131, \u00e7ocuk duyarl\u0131l\u0131\u011f\u0131yla yans\u0131tan d\u00f6rt \u00f6yk\u00fcden olu\u015fuyor kitab\u0131m\u0131z. D\u00f6rt \u00f6yk\u00fcn\u00fcn de ortak temas\u0131 &#8220;g\u00f6ky\u00fcz\u00fcn\u00fcn mavili\u011fi&#8221;, \u00e7ocuklar\u0131n \u00f6zlemlerinin sembol\u00fc.<\/p>\n","protected":false},"excerpt":{"rendered":"<p>\u201cNice zamand\u0131r i\u00e7i gidiyor \u0131\u015f\u0131kl\u0131 ayakkab\u0131lara Semih\u2019in. Annesini k\u00f6\u015fedeki ayakkab\u0131c\u0131ya s\u00fcr\u00fcklediyse de de\u011fi\u015fen bir \u015fey olmad\u0131. Annesi kesin konu\u015fuyordu. Ayakkab\u0131lar\u0131, yani \u015fimdi giydikleri eskiyinceye de\u011fin beklemek<span class=\"excerpt-hellip\"> [\u2026]<\/span><\/p>\n","protected":false},"featured_media":0,"template":"","meta":{"_monsterinsights_skip_tracking":false,"_monsterinsights_sitenote_active":false,"_monsterinsights_sitenote_note":"","_monsterinsights_sitenote_category":0},"product_brand":[],"product_cat":[12275,12274],"product_tag":[],"class_list":{"0":"post-693188","1":"product","2":"type-product","3":"status-publish","5":"product_cat-6-12-yas-kitaplari","6":"product_cat-cocuk-ve-genclik-kitaplari","7":"pa_cilt-ciltsiz","8":"pa_tur-kitap","9":"pa_yayinevi-tudem-yayinlari","10":"pa_yazar-ferda-izbudak-akinci","12":"first","13":"instock","14":"sale","15":"shipping-taxable","16":"purchasable","17":"product-type-simple"},"_links":{"self":[{"href":"https:\/\/roveyayinevi.com.tr\/index.php\/wp-json\/wp\/v2\/product\/693188","targetHints":{"allow":["GET"]}}],"collection":[{"href":"https:\/\/roveyayinevi.com.tr\/index.php\/wp-json\/wp\/v2\/product"}],"about":[{"href":"https:\/\/roveyayinevi.com.tr\/index.php\/wp-json\/wp\/v2\/types\/product"}],"wp:attachment":[{"href":"https:\/\/roveyayinevi.com.tr\/index.php\/wp-json\/wp\/v2\/media?parent=693188"}],"wp:term":[{"taxonomy":"product_brand","embeddable":true,"href":"https:\/\/roveyayinevi.com.tr\/index.php\/wp-json\/wp\/v2\/product_brand?post=693188"},{"taxonomy":"product_cat","embeddable":true,"href":"https:\/\/roveyayinevi.com.tr\/index.php\/wp-json\/wp\/v2\/product_cat?post=693188"},{"taxonomy":"product_tag","embeddable":true,"href":"https:\/\/roveyayinevi.com.tr\/index.php\/wp-json\/wp\/v2\/product_tag?post=693188"}],"curies":[{"name":"wp","href":"https:\/\/api.w.org\/{rel}","templated":true}]}}