{"id":693187,"date":"2025-08-27T14:11:58","date_gmt":"2025-08-27T11:11:58","guid":{"rendered":"https:\/\/roveyayinevi.com.tr\/index.php\/urun\/yildiz-gecidi\/"},"modified":"2025-09-09T09:22:05","modified_gmt":"2025-09-09T06:22:05","slug":"yildiz-gecidi","status":"publish","type":"product","link":"https:\/\/roveyayinevi.com.tr\/index.php\/urun\/yildiz-gecidi\/","title":{"rendered":"Y\u0131ld\u0131z Ge\u00e7idi"},"content":{"rendered":"<p>Davetiye geldi\u011finde inanamad\u0131m. Egzotik Asteroit Ku\u015fa\u011f\u0131\u2019nda ge\u00e7irilecek bedava bir tatil ger\u00e7ek olamayacak kadar g\u00fczel g\u00f6r\u00fcn\u00fcyordu. Ve evet ne yaz\u0131k ki ger\u00e7ek de\u011fildi. <\/p>\n","protected":false},"excerpt":{"rendered":"<p>Davetiye geldi\u011finde inanamad\u0131m. Egzotik Asteroit Ku\u015fa\u011f\u0131\u2019nda ge\u00e7irilecek bedava bir tatil ger\u00e7ek olamayacak kadar g\u00fczel g\u00f6r\u00fcn\u00fcyordu. Ve evet ne yaz\u0131k ki ger\u00e7ek de\u011fildi.<\/p>\n","protected":false},"featured_media":0,"template":"","meta":{"_monsterinsights_skip_tracking":false,"_monsterinsights_sitenote_active":false,"_monsterinsights_sitenote_note":"","_monsterinsights_sitenote_category":0},"product_brand":[],"product_cat":[12291,14777],"product_tag":[],"class_list":{"0":"post-693187","1":"product","2":"type-product","3":"status-publish","5":"product_cat-edebiyat","6":"product_cat-fantastik","7":"pa_tur-kitap","8":"pa_yayinevi-tudem-yayinlari","9":"pa_yazar-philip-reeve","11":"first","12":"instock","13":"sale","14":"shipping-taxable","15":"purchasable","16":"product-type-simple"},"_links":{"self":[{"href":"https:\/\/roveyayinevi.com.tr\/index.php\/wp-json\/wp\/v2\/product\/693187","targetHints":{"allow":["GET"]}}],"collection":[{"href":"https:\/\/roveyayinevi.com.tr\/index.php\/wp-json\/wp\/v2\/product"}],"about":[{"href":"https:\/\/roveyayinevi.com.tr\/index.php\/wp-json\/wp\/v2\/types\/product"}],"wp:attachment":[{"href":"https:\/\/roveyayinevi.com.tr\/index.php\/wp-json\/wp\/v2\/media?parent=693187"}],"wp:term":[{"taxonomy":"product_brand","embeddable":true,"href":"https:\/\/roveyayinevi.com.tr\/index.php\/wp-json\/wp\/v2\/product_brand?post=693187"},{"taxonomy":"product_cat","embeddable":true,"href":"https:\/\/roveyayinevi.com.tr\/index.php\/wp-json\/wp\/v2\/product_cat?post=693187"},{"taxonomy":"product_tag","embeddable":true,"href":"https:\/\/roveyayinevi.com.tr\/index.php\/wp-json\/wp\/v2\/product_tag?post=693187"}],"curies":[{"name":"wp","href":"https:\/\/api.w.org\/{rel}","templated":true}]}}