{"id":693124,"date":"2025-08-27T14:11:45","date_gmt":"2025-08-27T11:11:45","guid":{"rendered":"https:\/\/roveyayinevi.com.tr\/index.php\/urun\/balonla-bes-hafta\/"},"modified":"2026-04-16T02:03:03","modified_gmt":"2026-04-15T23:03:03","slug":"balonla-bes-hafta","status":"publish","type":"product","link":"https:\/\/roveyayinevi.com.tr\/index.php\/urun\/balonla-bes-hafta\/","title":{"rendered":"Balonla Be\u015f Hafta"},"content":{"rendered":"<p>&#8220;Doktor Fergusson b\u00fcy\u00fck bir k\u00e2\u015fif ve bilim adam\u0131d\u0131r. Arkada\u015f\u0131 Dick Kennedy ve sad\u0131k u\u015fa\u011f\u0131 Joe ile birlikte Afrika&#8217;y\u0131 balonla bir ba\u015ftan di\u011ferine ge\u00e7meyi planlar.Bu inan\u0131lmaz macera i\u00e7in \u00e7ok b\u00fcy\u00fck bir balon yapt\u0131r\u0131r. Sonunda yolculuk ba\u015flar. Be\u015f hafta boyunca tehlikelerle dolu, heyecan verici ve ayn\u0131 zamanda da inan\u0131lmaz derecede e\u011flenceli bir Afrika maceras\u0131 ya\u015fan\u0131r.&#8221; <\/p>\n","protected":false},"excerpt":{"rendered":"<p>&#8220;Doktor Fergusson b\u00fcy\u00fck bir k\u00e2\u015fif ve bilim adam\u0131d\u0131r. Arkada\u015f\u0131 Dick Kennedy ve sad\u0131k u\u015fa\u011f\u0131 Joe ile birlikte Afrika&#8217;y\u0131 balonla bir ba\u015ftan di\u011ferine ge\u00e7meyi planlar.Bu inan\u0131lmaz macera<span class=\"excerpt-hellip\"> [\u2026]<\/span><\/p>\n","protected":false},"featured_media":0,"template":"","meta":{"_monsterinsights_skip_tracking":false,"_monsterinsights_sitenote_active":false,"_monsterinsights_sitenote_note":"","_monsterinsights_sitenote_category":0},"product_brand":[],"product_cat":[12274,12284],"product_tag":[],"class_list":{"0":"post-693124","1":"product","2":"type-product","3":"status-publish","5":"product_cat-cocuk-ve-genclik-kitaplari","6":"product_cat-hikayeler","7":"pa_cilt-ciltsiz","8":"pa_tur-kitap","9":"pa_yayinevi-timas-cocuk","10":"pa_yazar-jules-verne","12":"first","13":"instock","14":"sale","15":"shipping-taxable","16":"purchasable","17":"product-type-simple"},"_links":{"self":[{"href":"https:\/\/roveyayinevi.com.tr\/index.php\/wp-json\/wp\/v2\/product\/693124","targetHints":{"allow":["GET"]}}],"collection":[{"href":"https:\/\/roveyayinevi.com.tr\/index.php\/wp-json\/wp\/v2\/product"}],"about":[{"href":"https:\/\/roveyayinevi.com.tr\/index.php\/wp-json\/wp\/v2\/types\/product"}],"wp:attachment":[{"href":"https:\/\/roveyayinevi.com.tr\/index.php\/wp-json\/wp\/v2\/media?parent=693124"}],"wp:term":[{"taxonomy":"product_brand","embeddable":true,"href":"https:\/\/roveyayinevi.com.tr\/index.php\/wp-json\/wp\/v2\/product_brand?post=693124"},{"taxonomy":"product_cat","embeddable":true,"href":"https:\/\/roveyayinevi.com.tr\/index.php\/wp-json\/wp\/v2\/product_cat?post=693124"},{"taxonomy":"product_tag","embeddable":true,"href":"https:\/\/roveyayinevi.com.tr\/index.php\/wp-json\/wp\/v2\/product_tag?post=693124"}],"curies":[{"name":"wp","href":"https:\/\/api.w.org\/{rel}","templated":true}]}}