{"id":693096,"date":"2025-08-27T14:11:39","date_gmt":"2025-08-27T11:11:39","guid":{"rendered":"https:\/\/roveyayinevi.com.tr\/index.php\/urun\/hayaletin-hatasi\/"},"modified":"2026-04-16T02:03:02","modified_gmt":"2026-04-15T23:03:02","slug":"hayaletin-hatasi","status":"publish","type":"product","link":"https:\/\/roveyayinevi.com.tr\/index.php\/urun\/hayaletin-hatasi\/","title":{"rendered":"Hayaletin Hatas\u0131"},"content":{"rendered":"<p>Dikkat: Karanl\u0131k Bast\u0131ktan Sonra Okunmamal\u0131! Korku dolu dakikalar. \u0130ngiliz yazar Joseph Delaney\u2019in, t\u00fcm d\u00fcnyada milyonlarca okuru pe\u015finde s\u00fcr\u00fckleyen on kitapl\u0131k Wardstone G\u00fcnl\u00fckleri Serisi\u2019nin merakla beklenen be\u015finci kitab\u0131 raflardaki yerini al\u0131yor. Yak\u0131n bir gelecekte beyazperdeye de uyarlanmas\u0131 planlanan seri, \u015fimdiden fantezi-korku edebiyat\u0131 t\u00fcr\u00fc klasikleri aras\u0131ndaki yerini almay\u0131 ba\u015fard\u0131. Bu maceralar\u0131nda; ya\u015fanan tehlikelerin boyutlar\u0131 artt\u0131k\u00e7a Hayalet, \u00e7\u0131ra\u011f\u0131 Tom\u2019u kendini geli\u015ftirmesi i\u00e7in Bill Arkwright ad\u0131nda teknikleri son derece zorlu ve zalim olan ba\u015fka bir hayaletin yan\u0131na e\u011fitime g\u00f6nderir. Tom\u2019un birlikte \u00e7al\u0131\u015fmaya ba\u015flad\u0131\u011f\u0131 yeni ustas\u0131 s\u0131n\u0131r tan\u0131maz eski su cad\u0131s\u0131 Morwena ile kar\u015f\u0131la\u015f\u0131nca, Tom\u2019u d\u00fc\u015fmanlarla yaln\u0131z ba\u015f\u0131na b\u0131rakmak gibi \u00f6l\u00fcmc\u00fcl bir hataya d\u00fc\u015fer. Bu durum kar\u015f\u0131s\u0131nda Hayalet Tom\u2019u kurtarabilmek i\u00e7in zaman\u0131nda yeti\u015febilecek midir? Kahramanlar\u0131m\u0131z b\u00f6ylesi korkun\u00e7 ve karanl\u0131k g\u00fc\u00e7lere sahip varl\u0131klar\u0131 yenmeyi ba\u015farabilecekler mi?.. Yoksa Hayalet\u2019in yapt\u0131\u011f\u0131 hatalar Karanl\u0131k\u2019a son zaferini mi arma\u011fan edecek dersiniz? Serinin nefes nefese okunacak yeni kitab\u0131, heyecan dolu alt\u0131nc\u0131 macera i\u00e7in de k\u00fc\u00e7\u00fck bir kap\u0131 aral\u0131yor. Hayaletin Kurban\u0131 \u00e7ok yak\u0131nda sizlerle.. Ensenizde bir g\u00f6lgeyle okumak istemiyorsan\u0131z l\u00fctfen ge\u00e7 saatlerde okumaktan \u015fiddetle ka\u00e7\u0131n\u0131n!.. <\/p>\n","protected":false},"excerpt":{"rendered":"<p>Dikkat: Karanl\u0131k Bast\u0131ktan Sonra Okunmamal\u0131! Korku dolu dakikalar. \u0130ngiliz yazar Joseph Delaney\u2019in, t\u00fcm d\u00fcnyada milyonlarca okuru pe\u015finde s\u00fcr\u00fckleyen on kitapl\u0131k Wardstone G\u00fcnl\u00fckleri Serisi\u2019nin merakla beklenen be\u015finci<span class=\"excerpt-hellip\"> [\u2026]<\/span><\/p>\n","protected":false},"featured_media":0,"template":"","meta":{"_monsterinsights_skip_tracking":false,"_monsterinsights_sitenote_active":false,"_monsterinsights_sitenote_note":"","_monsterinsights_sitenote_category":0},"product_brand":[],"product_cat":[12291,14777],"product_tag":[],"class_list":{"0":"post-693096","1":"product","2":"type-product","3":"status-publish","5":"product_cat-edebiyat","6":"product_cat-fantastik","7":"pa_tur-kitap","8":"pa_yayinevi-tudem-yayinlari","9":"pa_yazar-joseph-delaney","11":"first","12":"instock","13":"sale","14":"shipping-taxable","15":"purchasable","16":"product-type-simple"},"_links":{"self":[{"href":"https:\/\/roveyayinevi.com.tr\/index.php\/wp-json\/wp\/v2\/product\/693096","targetHints":{"allow":["GET"]}}],"collection":[{"href":"https:\/\/roveyayinevi.com.tr\/index.php\/wp-json\/wp\/v2\/product"}],"about":[{"href":"https:\/\/roveyayinevi.com.tr\/index.php\/wp-json\/wp\/v2\/types\/product"}],"wp:attachment":[{"href":"https:\/\/roveyayinevi.com.tr\/index.php\/wp-json\/wp\/v2\/media?parent=693096"}],"wp:term":[{"taxonomy":"product_brand","embeddable":true,"href":"https:\/\/roveyayinevi.com.tr\/index.php\/wp-json\/wp\/v2\/product_brand?post=693096"},{"taxonomy":"product_cat","embeddable":true,"href":"https:\/\/roveyayinevi.com.tr\/index.php\/wp-json\/wp\/v2\/product_cat?post=693096"},{"taxonomy":"product_tag","embeddable":true,"href":"https:\/\/roveyayinevi.com.tr\/index.php\/wp-json\/wp\/v2\/product_tag?post=693096"}],"curies":[{"name":"wp","href":"https:\/\/api.w.org\/{rel}","templated":true}]}}