{"id":693092,"date":"2025-08-27T14:11:38","date_gmt":"2025-08-27T11:11:38","guid":{"rendered":"https:\/\/roveyayinevi.com.tr\/index.php\/urun\/bir-kadin-bir-ses\/"},"modified":"2026-04-16T02:03:02","modified_gmt":"2026-04-15T23:03:02","slug":"bir-kadin-bir-ses","status":"publish","type":"product","link":"https:\/\/roveyayinevi.com.tr\/index.php\/urun\/bir-kadin-bir-ses\/","title":{"rendered":"Bir Kad\u0131n Bir Ses"},"content":{"rendered":"<p>Bu kitapta bir kad\u0131n ve onun sesi var, ama anlat\u0131lan ger\u00e7ek ya\u015fam \u00f6yk\u00fcs\u00fcn\u00fcn en \u00f6nemli kahraman\u0131 bir erkek.Saniye, Toroslar\u0131n bir k\u00f6y\u00fcnde b\u00fcy\u00fcd\u00fc. Babas\u0131n\u0131n g\u00f6z\u00fcne girebilmek i\u00e7in \u2018erkek gibi bir k\u0131z&#8217; olmas\u0131 gerekti\u011fini anlad\u0131 ve k\u0131sa sa\u00e7\u0131yla, sert bak\u0131\u015f\u0131yla, asker gibi rap rap y\u00fcr\u00fcy\u00fc\u015f\u00fcyle onun takdirini kazand\u0131. <\/p>\n","protected":false},"excerpt":{"rendered":"<p>Bu kitapta bir kad\u0131n ve onun sesi var, ama anlat\u0131lan ger\u00e7ek ya\u015fam \u00f6yk\u00fcs\u00fcn\u00fcn en \u00f6nemli kahraman\u0131 bir erkek.Saniye, Toroslar\u0131n bir k\u00f6y\u00fcnde b\u00fcy\u00fcd\u00fc. Babas\u0131n\u0131n g\u00f6z\u00fcne girebilmek i\u00e7in<span class=\"excerpt-hellip\"> [\u2026]<\/span><\/p>\n","protected":false},"featured_media":0,"template":"","meta":{"_monsterinsights_skip_tracking":false,"_monsterinsights_sitenote_active":false,"_monsterinsights_sitenote_note":"","_monsterinsights_sitenote_category":0},"product_brand":[],"product_cat":[13701,12291],"product_tag":[],"class_list":{"0":"post-693092","1":"product","2":"type-product","3":"status-publish","5":"product_cat-ani-mektup-gunluk","6":"product_cat-edebiyat","7":"pa_cilt-ciltsiz","8":"pa_tur-kitap","9":"pa_yayinevi-remzi-kitabevi","10":"pa_yazar-dogan-cuceloglu","12":"first","13":"instock","14":"sale","15":"shipping-taxable","16":"purchasable","17":"product-type-simple"},"_links":{"self":[{"href":"https:\/\/roveyayinevi.com.tr\/index.php\/wp-json\/wp\/v2\/product\/693092","targetHints":{"allow":["GET"]}}],"collection":[{"href":"https:\/\/roveyayinevi.com.tr\/index.php\/wp-json\/wp\/v2\/product"}],"about":[{"href":"https:\/\/roveyayinevi.com.tr\/index.php\/wp-json\/wp\/v2\/types\/product"}],"wp:attachment":[{"href":"https:\/\/roveyayinevi.com.tr\/index.php\/wp-json\/wp\/v2\/media?parent=693092"}],"wp:term":[{"taxonomy":"product_brand","embeddable":true,"href":"https:\/\/roveyayinevi.com.tr\/index.php\/wp-json\/wp\/v2\/product_brand?post=693092"},{"taxonomy":"product_cat","embeddable":true,"href":"https:\/\/roveyayinevi.com.tr\/index.php\/wp-json\/wp\/v2\/product_cat?post=693092"},{"taxonomy":"product_tag","embeddable":true,"href":"https:\/\/roveyayinevi.com.tr\/index.php\/wp-json\/wp\/v2\/product_tag?post=693092"}],"curies":[{"name":"wp","href":"https:\/\/api.w.org\/{rel}","templated":true}]}}