{"id":693090,"date":"2025-08-27T14:11:38","date_gmt":"2025-08-27T11:11:38","guid":{"rendered":"https:\/\/roveyayinevi.com.tr\/index.php\/urun\/batinin-politikalari-bugun-de-ayni-bol-ve-yut\/"},"modified":"2026-04-15T02:04:01","modified_gmt":"2026-04-14T23:04:01","slug":"batinin-politikalari-bugun-de-ayni-bol-ve-yut","status":"publish","type":"product","link":"https:\/\/roveyayinevi.com.tr\/index.php\/urun\/batinin-politikalari-bugun-de-ayni-bol-ve-yut\/","title":{"rendered":"Bat\u0131\u2019n\u0131n Politikalar\u0131 Bug\u00fcn de Ayn\u0131: B\u00f6l ve Yut"},"content":{"rendered":"<p>13 \u00dclkede Bat\u0131 Projeleri\u2026Bat\u0131\u2019n\u0131n politikalar\u0131 Ortado\u011fu&#8217;da \u0130srail devleti kurulurken de ayn\u0131yd\u0131, bug\u00fcn Kafkaslar&#8217;da, Balkanlar&#8217;da, Afrika ve Uzak Asya&#8217;da da ayn\u0131&#8230;Banu Avar bu b\u00f6lgelerde yer alan 13 \u00fclkede, \u201cB\u00f6l ve Yut\u201d \u015fablonuna uygun olarak, halklar\u0131n nas\u0131l birbirine k\u0131rd\u0131r\u0131ld\u0131\u011f\u0131n\u0131, kom\u015fu \u00fclkelerin aras\u0131na kamalar\u0131n nas\u0131l sokuldu\u011funu, \u201chedefe\u201d ula\u015fmak i\u00e7in de\u011fi\u015fmez bir y\u00f6ntemin, i\u015fbirlik\u00e7iler arac\u0131l\u0131\u011f\u0131yla nas\u0131l sahnelendi\u011fini yerinde g\u00f6rd\u00fc; b\u00f6lge insanlar\u0131n\u0131 dinledi ve ya\u015fananlar\u0131 yaz\u0131ya d\u00f6kt\u00fc&#8230;Bu kitap, Bat\u0131l\u0131 devlet temsilcilerinin bask\u0131s\u0131yla yasaklanan \u2018S\u0131n\u0131rlar Aras\u0131nda\u2019 program\u0131n\u0131n son yolculuk notlar\u0131ndan olu\u015fuyor&#8230; <\/p>\n","protected":false},"excerpt":{"rendered":"<p>13 \u00dclkede Bat\u0131 Projeleri\u2026Bat\u0131\u2019n\u0131n politikalar\u0131 Ortado\u011fu&#8217;da \u0130srail devleti kurulurken de ayn\u0131yd\u0131, bug\u00fcn Kafkaslar&#8217;da, Balkanlar&#8217;da, Afrika ve Uzak Asya&#8217;da da ayn\u0131&#8230;Banu Avar bu b\u00f6lgelerde yer alan 13<span class=\"excerpt-hellip\"> [\u2026]<\/span><\/p>\n","protected":false},"featured_media":0,"template":"","meta":{"_monsterinsights_skip_tracking":false,"_monsterinsights_sitenote_active":false,"_monsterinsights_sitenote_note":"","_monsterinsights_sitenote_category":0},"product_brand":[],"product_cat":[12338,12337],"product_tag":[],"class_list":{"0":"post-693090","1":"product","2":"type-product","3":"status-publish","5":"product_cat-dunya-siyaseti-ve-politikasi","6":"product_cat-politika-siyaset","7":"pa_cilt-ciltsiz","8":"pa_tur-kitap","9":"pa_yayinevi-remzi-kitabevi","10":"pa_yazar-banu-avar","12":"first","13":"instock","14":"sale","15":"shipping-taxable","16":"purchasable","17":"product-type-simple"},"_links":{"self":[{"href":"https:\/\/roveyayinevi.com.tr\/index.php\/wp-json\/wp\/v2\/product\/693090","targetHints":{"allow":["GET"]}}],"collection":[{"href":"https:\/\/roveyayinevi.com.tr\/index.php\/wp-json\/wp\/v2\/product"}],"about":[{"href":"https:\/\/roveyayinevi.com.tr\/index.php\/wp-json\/wp\/v2\/types\/product"}],"wp:attachment":[{"href":"https:\/\/roveyayinevi.com.tr\/index.php\/wp-json\/wp\/v2\/media?parent=693090"}],"wp:term":[{"taxonomy":"product_brand","embeddable":true,"href":"https:\/\/roveyayinevi.com.tr\/index.php\/wp-json\/wp\/v2\/product_brand?post=693090"},{"taxonomy":"product_cat","embeddable":true,"href":"https:\/\/roveyayinevi.com.tr\/index.php\/wp-json\/wp\/v2\/product_cat?post=693090"},{"taxonomy":"product_tag","embeddable":true,"href":"https:\/\/roveyayinevi.com.tr\/index.php\/wp-json\/wp\/v2\/product_tag?post=693090"}],"curies":[{"name":"wp","href":"https:\/\/api.w.org\/{rel}","templated":true}]}}