{"id":693083,"date":"2025-08-27T14:11:36","date_gmt":"2025-08-27T11:11:36","guid":{"rendered":"https:\/\/roveyayinevi.com.tr\/index.php\/urun\/buyuyen-cocuk\/"},"modified":"2026-04-11T13:21:32","modified_gmt":"2026-04-11T10:21:32","slug":"buyuyen-cocuk","status":"publish","type":"product","link":"https:\/\/roveyayinevi.com.tr\/index.php\/urun\/buyuyen-cocuk\/","title":{"rendered":"B\u00fcy\u00fcyen \u00c7ocuk"},"content":{"rendered":"<p>Mevsimler, D\u00fcnya\u2019n\u0131n G\u00fcne\u015f\u2019e yak\u0131nl\u0131\u011f\u0131 ya da uzakl\u0131\u011f\u0131 ile mi olu\u015fuyor zannediyorsunuz? \u00d6yle olmad\u0131\u011f\u0131n\u0131 bu kitaptan \u00f6\u011freneceksiniz. Gr\u00f6nland\u2019da buzullar eriyip suya kar\u0131\u015ft\u0131\u011f\u0131 halde deniz seviyesinin niye y\u00fckselmedi\u011finin yan\u0131t\u0131 da sizi bekliyor. Solucanlar\u0131n ya\u011fmurda ortaya \u00e7\u0131kmalar\u0131n\u0131n nedeni de \u00f6yle\u2026 B\u00fcy\u00fcmek i\u00e7in acele eden Cem sizi g\u00fcld\u00fcrecek. Kendine sessiz bir d\u00fcnya kuran Can\u2019\u0131n ser\u00fcvenini takip ederken mutlaka duygulanacaks\u0131n\u0131z. \u00c7ocuklar\u0131n inceli\u011fiyle g\u00fczelle\u015fen yoksul bir do\u011fum g\u00fcn\u00fc kutlamas\u0131na kat\u0131lacaks\u0131n\u0131z. <\/p>\n","protected":false},"excerpt":{"rendered":"<p>Mevsimler, D\u00fcnya\u2019n\u0131n G\u00fcne\u015f\u2019e yak\u0131nl\u0131\u011f\u0131 ya da uzakl\u0131\u011f\u0131 ile mi olu\u015fuyor zannediyorsunuz? \u00d6yle olmad\u0131\u011f\u0131n\u0131 bu kitaptan \u00f6\u011freneceksiniz. Gr\u00f6nland\u2019da buzullar eriyip suya kar\u0131\u015ft\u0131\u011f\u0131 halde deniz seviyesinin niye y\u00fckselmedi\u011finin<span class=\"excerpt-hellip\"> [\u2026]<\/span><\/p>\n","protected":false},"featured_media":0,"template":"","meta":{"_monsterinsights_skip_tracking":false,"_monsterinsights_sitenote_active":false,"_monsterinsights_sitenote_note":"","_monsterinsights_sitenote_category":0},"product_brand":[],"product_cat":[12274,12284],"product_tag":[],"class_list":{"0":"post-693083","1":"product","2":"type-product","3":"status-publish","5":"product_cat-cocuk-ve-genclik-kitaplari","6":"product_cat-hikayeler","7":"pa_tur-kitap","8":"pa_yayinevi-tudem-yayinlari","9":"pa_yazar-toprak-isik","11":"first","12":"instock","13":"sale","14":"shipping-taxable","15":"purchasable","16":"product-type-simple"},"_links":{"self":[{"href":"https:\/\/roveyayinevi.com.tr\/index.php\/wp-json\/wp\/v2\/product\/693083","targetHints":{"allow":["GET"]}}],"collection":[{"href":"https:\/\/roveyayinevi.com.tr\/index.php\/wp-json\/wp\/v2\/product"}],"about":[{"href":"https:\/\/roveyayinevi.com.tr\/index.php\/wp-json\/wp\/v2\/types\/product"}],"wp:attachment":[{"href":"https:\/\/roveyayinevi.com.tr\/index.php\/wp-json\/wp\/v2\/media?parent=693083"}],"wp:term":[{"taxonomy":"product_brand","embeddable":true,"href":"https:\/\/roveyayinevi.com.tr\/index.php\/wp-json\/wp\/v2\/product_brand?post=693083"},{"taxonomy":"product_cat","embeddable":true,"href":"https:\/\/roveyayinevi.com.tr\/index.php\/wp-json\/wp\/v2\/product_cat?post=693083"},{"taxonomy":"product_tag","embeddable":true,"href":"https:\/\/roveyayinevi.com.tr\/index.php\/wp-json\/wp\/v2\/product_tag?post=693083"}],"curies":[{"name":"wp","href":"https:\/\/api.w.org\/{rel}","templated":true}]}}