{"id":693078,"date":"2025-08-27T14:11:35","date_gmt":"2025-08-27T11:11:35","guid":{"rendered":"https:\/\/roveyayinevi.com.tr\/index.php\/urun\/sifaul-esrar\/"},"modified":"2026-04-16T02:03:02","modified_gmt":"2026-04-15T23:03:02","slug":"sifaul-esrar","status":"publish","type":"product","link":"https:\/\/roveyayinevi.com.tr\/index.php\/urun\/sifaul-esrar\/","title":{"rendered":"\u015eifa\u00fc\u2019l Esrar"},"content":{"rendered":"<p>Osmanl\u0131 tasavvufunun 15-19. as\u0131rlar aras\u0131ndaki en b\u00fcy\u00fck mektebi olan ve k\u0131rktan fazla kolu ile b\u00fct\u00fcn Osmanl\u0131 co\u011frafyas\u0131na yay\u0131lan Halvetiyye\u2019nin ilk merkezi Bak\u00fc, Pir-i Sanisi Seyyid Yahya \u015eirvani idi. Anadolu\u2019dan ak\u0131n ak\u0131n Seyyid Yahya\u2019n\u0131n hankah\u0131na gelen hakikat a\u015f\u0131klar\u0131, buradan ald\u0131klar\u0131 ilim ve irfan\u0131, yeni bir Yesevi ruhu ile y\u0131llar boyu Anadolu\u2019ya ta\u015f\u0131d\u0131lar. Edebi ve tasavvufi k\u00fclt\u00fcr\u00fcm\u00fcz\u00fcn \u015faheserlerinden \u015eifa\u00fc\u2019l-Esrar\u2019\u0131n yolculu\u011fu b\u00f6yle ba\u015flad\u0131.\ufffcTan\u0131t\u0131m Metni<\/p>\n","protected":false},"excerpt":{"rendered":"<p>Osmanl\u0131 tasavvufunun 15-19. as\u0131rlar aras\u0131ndaki en b\u00fcy\u00fck mektebi olan ve k\u0131rktan fazla kolu ile b\u00fct\u00fcn Osmanl\u0131 co\u011frafyas\u0131na yay\u0131lan Halvetiyye\u2019nin ilk merkezi Bak\u00fc, Pir-i Sanisi Seyyid Yahya<span class=\"excerpt-hellip\"> [\u2026]<\/span><\/p>\n","protected":false},"featured_media":0,"template":"","meta":{"_monsterinsights_skip_tracking":false,"_monsterinsights_sitenote_active":false,"_monsterinsights_sitenote_note":"","_monsterinsights_sitenote_category":0},"product_brand":[],"product_cat":[12718,12719,12720],"product_tag":[],"class_list":{"0":"post-693078","1":"product","2":"type-product","3":"status-publish","5":"product_cat-din","6":"product_cat-islam","7":"product_cat-tasavvuf-mezhepler-tarikatlar","8":"pa_cilt-ciltsiz","9":"pa_tur-kitap","10":"pa_yayinevi-sufi-kitap","11":"pa_yazar-seyyid-yahya-sirvani","13":"first","14":"instock","15":"sale","16":"shipping-taxable","17":"purchasable","18":"product-type-simple"},"_links":{"self":[{"href":"https:\/\/roveyayinevi.com.tr\/index.php\/wp-json\/wp\/v2\/product\/693078","targetHints":{"allow":["GET"]}}],"collection":[{"href":"https:\/\/roveyayinevi.com.tr\/index.php\/wp-json\/wp\/v2\/product"}],"about":[{"href":"https:\/\/roveyayinevi.com.tr\/index.php\/wp-json\/wp\/v2\/types\/product"}],"wp:attachment":[{"href":"https:\/\/roveyayinevi.com.tr\/index.php\/wp-json\/wp\/v2\/media?parent=693078"}],"wp:term":[{"taxonomy":"product_brand","embeddable":true,"href":"https:\/\/roveyayinevi.com.tr\/index.php\/wp-json\/wp\/v2\/product_brand?post=693078"},{"taxonomy":"product_cat","embeddable":true,"href":"https:\/\/roveyayinevi.com.tr\/index.php\/wp-json\/wp\/v2\/product_cat?post=693078"},{"taxonomy":"product_tag","embeddable":true,"href":"https:\/\/roveyayinevi.com.tr\/index.php\/wp-json\/wp\/v2\/product_tag?post=693078"}],"curies":[{"name":"wp","href":"https:\/\/api.w.org\/{rel}","templated":true}]}}