{"id":693069,"date":"2025-08-27T14:11:33","date_gmt":"2025-08-27T11:11:33","guid":{"rendered":"https:\/\/roveyayinevi.com.tr\/index.php\/urun\/bir-elma-iki-ayna-bir-ikiye-nasil-yansidi\/"},"modified":"2026-04-16T02:03:02","modified_gmt":"2026-04-15T23:03:02","slug":"bir-elma-iki-ayna-bir-ikiye-nasil-yansidi","status":"publish","type":"product","link":"https:\/\/roveyayinevi.com.tr\/index.php\/urun\/bir-elma-iki-ayna-bir-ikiye-nasil-yansidi\/","title":{"rendered":"Bir Elma \u0130ki Ayna &#8211; Bir \u0130kiye Nas\u0131l Yans\u0131d\u0131?"},"content":{"rendered":"<p>O, sonsuz zaman \u00f6ncesinden beri s\u00fcrekli olarak a\u015fk sa\u00e7ar. Her anda ma\u015fukluk y\u00fcz\u00fcnden bir perde kald\u0131r\u0131r, her nefes a\u015f\u0131kl\u0131k y\u00fcz\u00fcnden destan yarat\u0131r. B\u00fct\u00fcn alem a\u015fk na\u011fmesinin sessiz bir sedas\u0131d\u0131r. A\u015f\u0131k, isim ve s\u0131fatlarla ma\u015fuka aynad\u0131r.Ma\u015fuk da ayna olarak nurunu yayar. Ay, g\u00fcne\u015fe ayna olunca, ne g\u00fcne\u015f zat\u0131ndan aynada ve ne de aynan\u0131n zat\u0131ndan bir \u015fey g\u00fcne\u015fte vard\u0131r. O\u2019ndan ba\u015fka hi\u00e7bir varl\u0131\u011f\u0131n, O\u2019ndan \u00fcst\u00fcn bir varl\u0131\u011fa sahip olmamas\u0131 ger\u00e7e\u011fi; O\u2019nun d\u0131\u015f\u0131ndaki t\u00fcm \u2018g\u00f6r\u00fcnen\u2019 varl\u0131klar\u0131n \u2018ger\u00e7ek\u2019 v\u00fccutlar\u0131n\u0131n olmad\u0131\u011f\u0131n\u0131 a\u00e7\u0131klar. O zaman t\u00fcm bu evren ve i\u00e7indekiler nedir? Sadece bir hayal, bir serap ya da r\u00fcya m\u0131? Hayal perdesinde oyna\u015f\u0131p duran g\u00f6lgelerin ahenkli ve ritmik bir raks\u0131 m\u0131? Ta\u015fk\u0131n Tuna, \u2018aynalara\u2019 yans\u0131yan bu hayallerin g\u00f6lgeli oyununu, usta bir y\u00f6netmenin titiz ve \u00e7arp\u0131c\u0131 yorumu ile dile getiriyor. Heyecan, d\u00fc\u015f\u00fcnce ve duygu y\u00fckl\u00fc \u00f6yk\u00fcleri ile.. \ufffcTan\u0131t\u0131m Metni<\/p>\n","protected":false},"excerpt":{"rendered":"<p>O, sonsuz zaman \u00f6ncesinden beri s\u00fcrekli olarak a\u015fk sa\u00e7ar. Her anda ma\u015fukluk y\u00fcz\u00fcnden bir perde kald\u0131r\u0131r, her nefes a\u015f\u0131kl\u0131k y\u00fcz\u00fcnden destan yarat\u0131r. B\u00fct\u00fcn alem a\u015fk na\u011fmesinin<span class=\"excerpt-hellip\"> [\u2026]<\/span><\/p>\n","protected":false},"featured_media":0,"template":"","meta":{"_monsterinsights_skip_tracking":false,"_monsterinsights_sitenote_active":false,"_monsterinsights_sitenote_note":"","_monsterinsights_sitenote_category":0},"product_brand":[],"product_cat":[18094,12718,12719],"product_tag":[],"class_list":{"0":"post-693069","1":"product","2":"type-product","3":"status-publish","5":"product_cat-biyografi-otobiyografi-islam","6":"product_cat-din","7":"product_cat-islam","8":"pa_tur-kitap","9":"pa_yayinevi-sule-yayinlari","10":"pa_yazar-taskin-tuna","12":"first","13":"instock","14":"sale","15":"shipping-taxable","16":"purchasable","17":"product-type-simple"},"_links":{"self":[{"href":"https:\/\/roveyayinevi.com.tr\/index.php\/wp-json\/wp\/v2\/product\/693069","targetHints":{"allow":["GET"]}}],"collection":[{"href":"https:\/\/roveyayinevi.com.tr\/index.php\/wp-json\/wp\/v2\/product"}],"about":[{"href":"https:\/\/roveyayinevi.com.tr\/index.php\/wp-json\/wp\/v2\/types\/product"}],"wp:attachment":[{"href":"https:\/\/roveyayinevi.com.tr\/index.php\/wp-json\/wp\/v2\/media?parent=693069"}],"wp:term":[{"taxonomy":"product_brand","embeddable":true,"href":"https:\/\/roveyayinevi.com.tr\/index.php\/wp-json\/wp\/v2\/product_brand?post=693069"},{"taxonomy":"product_cat","embeddable":true,"href":"https:\/\/roveyayinevi.com.tr\/index.php\/wp-json\/wp\/v2\/product_cat?post=693069"},{"taxonomy":"product_tag","embeddable":true,"href":"https:\/\/roveyayinevi.com.tr\/index.php\/wp-json\/wp\/v2\/product_tag?post=693069"}],"curies":[{"name":"wp","href":"https:\/\/api.w.org\/{rel}","templated":true}]}}