{"id":693066,"date":"2025-08-27T14:11:33","date_gmt":"2025-08-27T11:11:33","guid":{"rendered":"https:\/\/roveyayinevi.com.tr\/index.php\/urun\/18-beyit-dinle\/"},"modified":"2026-04-16T02:03:01","modified_gmt":"2026-04-15T23:03:01","slug":"18-beyit-dinle","status":"publish","type":"product","link":"https:\/\/roveyayinevi.com.tr\/index.php\/urun\/18-beyit-dinle\/","title":{"rendered":"18 Beyit &#8211; Dinle"},"content":{"rendered":"<p>Mesnev\u00ee\u2019nin Fatiha\u2019s\u0131 Mesnev\u00ee\u2019nin \u0130lk 18 Beytinin \u015eerhiyle Sesleni\u015f Mesnev\u00ee\u2019nin ilk on sekiz beyti, adeta bu k\u0131ymetli eserin kalbi gibidir. \u00c7\u00fcnk\u00fc bunlar, bizzat Hz. Mevl\u00e2n\u00e2\u2019n\u0131n yazm\u0131\u015f oldu\u011fu beyitlerdir. Di\u011fer beyitler ise halifesi H\u00fcsameddin \u00c7elebi\u2019ye s\u00f6yleyerek yazd\u0131rd\u0131\u011f\u0131 yani kaleme ald\u0131rd\u0131\u011f\u0131 beyitlerdir. \u0130lk on sekiz beyit i\u00e7in &#8220;Mesnev\u00ee\u2019nin Fatiha\u2019s\u0131&#8221; tabiri kullan\u0131l\u0131r. Bu tabir hem Kur\u2019an-\u0131 Ker\u00eem\u2019deki Fatiha\u2019n\u0131n s\u0131rr\u0131na i\u015faret eder hem de ilk on sekiz beytin Mesnev\u00ee\u2019yi a\u00e7an ve \u00f6z\u00fcn\u00fc anlatan y\u00f6n\u00fcne dikkat \u00e7eker. M. Fatih \u00c7\u0131tlak, bu eserinde Mesnev\u00ee\u2019nin s\u0131rr\u0131 olan bu on sekiz beyti, daha evvel kaleme al\u0131nm\u0131\u015f \u015ferhlerden farkl\u0131 bir tarzda \u015ferh ediyor. Kitap, sadece beyitlerin i\u00e7indeki incelikleri a\u00e7\u0131klamakla kalm\u0131yor ayn\u0131 zamanda bug\u00fcn, okuyucuya nas\u0131l hitap etti\u011fini de g\u00f6steriyor. Yazar\u0131n tercih etti\u011fi hitab\u00ee \u00fcslup ile Mesnev\u00ee\u2019nin i\u00e7erisindeki mana yolculu\u011fu ayn\u0131 heyecanla okuyucuya aktar\u0131l\u0131yor.<\/p>\n","protected":false},"excerpt":{"rendered":"<p>Mesnev\u00ee\u2019nin Fatiha\u2019s\u0131 Mesnev\u00ee\u2019nin \u0130lk 18 Beytinin \u015eerhiyle Sesleni\u015f Mesnev\u00ee\u2019nin ilk on sekiz beyti, adeta bu k\u0131ymetli eserin kalbi gibidir. \u00c7\u00fcnk\u00fc bunlar, bizzat Hz. Mevl\u00e2n\u00e2\u2019n\u0131n yazm\u0131\u015f oldu\u011fu<span class=\"excerpt-hellip\"> [\u2026]<\/span><\/p>\n","protected":false},"featured_media":0,"template":"","meta":{"_monsterinsights_skip_tracking":false,"_monsterinsights_sitenote_active":false,"_monsterinsights_sitenote_note":"","_monsterinsights_sitenote_category":0},"product_brand":[],"product_cat":[12718,12719,12720],"product_tag":[],"class_list":{"0":"post-693066","1":"product","2":"type-product","3":"status-publish","5":"product_cat-din","6":"product_cat-islam","7":"product_cat-tasavvuf-mezhepler-tarikatlar","8":"pa_cilt-ciltsiz","9":"pa_tur-kitap","10":"pa_yayinevi-sufi-kitap","11":"pa_yazar-m-fatih-citlak","13":"first","14":"instock","15":"sale","16":"shipping-taxable","17":"purchasable","18":"product-type-simple"},"_links":{"self":[{"href":"https:\/\/roveyayinevi.com.tr\/index.php\/wp-json\/wp\/v2\/product\/693066","targetHints":{"allow":["GET"]}}],"collection":[{"href":"https:\/\/roveyayinevi.com.tr\/index.php\/wp-json\/wp\/v2\/product"}],"about":[{"href":"https:\/\/roveyayinevi.com.tr\/index.php\/wp-json\/wp\/v2\/types\/product"}],"wp:attachment":[{"href":"https:\/\/roveyayinevi.com.tr\/index.php\/wp-json\/wp\/v2\/media?parent=693066"}],"wp:term":[{"taxonomy":"product_brand","embeddable":true,"href":"https:\/\/roveyayinevi.com.tr\/index.php\/wp-json\/wp\/v2\/product_brand?post=693066"},{"taxonomy":"product_cat","embeddable":true,"href":"https:\/\/roveyayinevi.com.tr\/index.php\/wp-json\/wp\/v2\/product_cat?post=693066"},{"taxonomy":"product_tag","embeddable":true,"href":"https:\/\/roveyayinevi.com.tr\/index.php\/wp-json\/wp\/v2\/product_tag?post=693066"}],"curies":[{"name":"wp","href":"https:\/\/api.w.org\/{rel}","templated":true}]}}