{"id":693063,"date":"2025-08-27T14:11:32","date_gmt":"2025-08-27T11:11:32","guid":{"rendered":"https:\/\/roveyayinevi.com.tr\/index.php\/urun\/aclik\/"},"modified":"2026-04-16T02:03:01","modified_gmt":"2026-04-15T23:03:01","slug":"aclik","status":"publish","type":"product","link":"https:\/\/roveyayinevi.com.tr\/index.php\/urun\/aclik\/","title":{"rendered":"A\u00e7l\u0131k"},"content":{"rendered":"<p>&#8221; Yazd\u0131klar\u0131m\u0131 yay\u0131nlatabilirsem belki birka\u00e7 kuru\u015f elime ge\u00e7er. A\u00e7l\u0131ktan bir iki g\u00fcn kurtulurdum&#8221; diye d\u00fc\u015f\u00fcnd\u00fc. Ayaklar\u0131, zor da olsa onu Servet-i F\u00fcnun Dergisi&#8217;nin kap\u0131s\u0131na kadar g\u00f6t\u00fcrd\u00fc. \u015eimdi kap\u0131da, i\u00e7eri girip girmemekte ikilem ya\u015famaktayd\u0131. \u00c7ok sevdi\u011fi \u0130stanbul&#8217;un bu kadar ac\u0131mas\u0131zl\u0131\u011f\u0131n\u0131n \u015fa\u015fk\u0131nl\u0131\u011f\u0131 i\u00e7indeydi.\u201d \u00c7ocuklu\u011funu \u0130stanbul Dar\u00fcleytamlar\u0131\u2019nda ya\u015fam\u0131\u015f, ilkokulu burada okumu\u015ftu. \u015eimdi G\u00fczel Sanatlar Akademisi\u2019nde okuyacakt\u0131. Ge\u00e7mi\u015f g\u00fcnleri ve arkada\u015flar\u0131n\u0131 an\u0131msad\u0131. Onlardan birka\u00e7\u0131n\u0131 bularak eski g\u00fcnleri and\u0131lar. Yaz g\u00fcnleri h\u0131zla ge\u00e7erken paras\u0131 da t\u00fckenmi\u015fti. Bir ba\u015fka \u015fehirde g\u00f6revli olan ablas\u0131ndan yard\u0131m gelene kadar otelden ayr\u0131lacak ve arkada\u015flar\u0131nda bar\u0131nacakt\u0131. Ba\u015fka da \u00e7aresi yoktu. Ama arkada\u015flar\u0131 da kendisi gibi be\u015f paras\u0131zd\u0131lar. G\u00fcnl\u00fck ya\u015famaya \u00e7al\u0131\u015f\u0131yorlard\u0131. G\u00fcnler ge\u00e7mi\u015f yard\u0131m gelmemi\u015fti. Moralini y\u00fcksek tutmaya \u00e7al\u0131\u015farak bir taraftan da s\u0131k\u0131 \u015fiirler yazmaya \u00e7al\u0131\u015fmaktayd\u0131. G\u00fcnlerdir bo\u011faz\u0131ndan do\u011fru d\u00fcr\u00fcst bir \u015fey ge\u00e7memi\u015f s\u0131cak bir yatak y\u00fcz\u00fc g\u00f6rmemi\u015fti. Gecelerini parklarda saklan\u0131p yatarak ge\u00e7irmeye \u00e7al\u0131\u015f\u0131yordu. Y\u00fcr\u00fcrken a\u00e7l\u0131ktan ayaklar\u0131 yere basm\u0131yor havada y\u00fcr\u00fcyor gibi hissediyordu.  Yazd\u0131klar\u0131m\u0131 yay\u0131nlatabilirsem belki birka\u00e7 kuru\u015f elime ge\u00e7er. A\u00e7l\u0131ktan bir iki g\u00fcn kurtulurdum  diye d\u00fc\u015f\u00fcnd\u00fc. Ayaklar\u0131, zor da olsa onu Servet-i F\u00fcnun Dergisi\u2018nin kap\u0131s\u0131na kadar g\u00f6t\u00fcrd\u00fc. \u015eimdi kap\u0131da, i\u00e7eri girip girmemekte ikilem ya\u015famaktayd\u0131. \u00c7ok sevdi\u011fi \u0130stanbul\u2019un bu kadar ac\u0131mas\u0131zl\u0131\u011f\u0131n\u0131n \u015fa\u015fk\u0131nl\u0131\u011f\u0131 i\u00e7indeydi. <\/p>\n","protected":false},"excerpt":{"rendered":"<p>&#8221; Yazd\u0131klar\u0131m\u0131 yay\u0131nlatabilirsem belki birka\u00e7 kuru\u015f elime ge\u00e7er. A\u00e7l\u0131ktan bir iki g\u00fcn kurtulurdum&#8221; diye d\u00fc\u015f\u00fcnd\u00fc. Ayaklar\u0131, zor da olsa onu Servet-i F\u00fcnun Dergisi&#8217;nin kap\u0131s\u0131na kadar g\u00f6t\u00fcrd\u00fc.<span class=\"excerpt-hellip\"> [\u2026]<\/span><\/p>\n","protected":false},"featured_media":0,"template":"","meta":{"_monsterinsights_skip_tracking":false,"_monsterinsights_sitenote_active":false,"_monsterinsights_sitenote_note":"","_monsterinsights_sitenote_category":0},"product_brand":[],"product_cat":[12291,12292],"product_tag":[],"class_list":{"0":"post-693063","1":"product","2":"type-product","3":"status-publish","5":"product_cat-edebiyat","6":"product_cat-turk-edebiyati","7":"pa_cilt-ciltsiz","8":"pa_tur-kitap","9":"pa_yayinevi-tekin-yayinevi","10":"pa_yazar-hasan-izzettin-dinamo","12":"first","13":"instock","14":"sale","15":"shipping-taxable","16":"purchasable","17":"product-type-simple"},"_links":{"self":[{"href":"https:\/\/roveyayinevi.com.tr\/index.php\/wp-json\/wp\/v2\/product\/693063","targetHints":{"allow":["GET"]}}],"collection":[{"href":"https:\/\/roveyayinevi.com.tr\/index.php\/wp-json\/wp\/v2\/product"}],"about":[{"href":"https:\/\/roveyayinevi.com.tr\/index.php\/wp-json\/wp\/v2\/types\/product"}],"wp:attachment":[{"href":"https:\/\/roveyayinevi.com.tr\/index.php\/wp-json\/wp\/v2\/media?parent=693063"}],"wp:term":[{"taxonomy":"product_brand","embeddable":true,"href":"https:\/\/roveyayinevi.com.tr\/index.php\/wp-json\/wp\/v2\/product_brand?post=693063"},{"taxonomy":"product_cat","embeddable":true,"href":"https:\/\/roveyayinevi.com.tr\/index.php\/wp-json\/wp\/v2\/product_cat?post=693063"},{"taxonomy":"product_tag","embeddable":true,"href":"https:\/\/roveyayinevi.com.tr\/index.php\/wp-json\/wp\/v2\/product_tag?post=693063"}],"curies":[{"name":"wp","href":"https:\/\/api.w.org\/{rel}","templated":true}]}}