{"id":693062,"date":"2025-08-27T14:11:32","date_gmt":"2025-08-27T11:11:32","guid":{"rendered":"https:\/\/roveyayinevi.com.tr\/index.php\/urun\/fususul-hikem\/"},"modified":"2026-04-16T02:03:01","modified_gmt":"2026-04-15T23:03:01","slug":"fususul-hikem","status":"publish","type":"product","link":"https:\/\/roveyayinevi.com.tr\/index.php\/urun\/fususul-hikem\/","title":{"rendered":"F\u00fcsusu\u2019l-Hikem"},"content":{"rendered":"<p>\u0130slam irfan tarihinin en m\u00fchim \u015fahsiyetlerinden biri olan \u015eeyh\u00fc\u2019l-Ekber Muhyiddin \u0130bn\u00fc\u2019l-Arab\u00ee\u2019nin, en \u00e7ok tart\u0131\u015f\u0131lan eseri F\u00fcsusu\u2019l-Hikem (Hikmetlerin \u00d6z\u00fc)\u2019dir. Peygamberimiz\u2019den ald\u0131\u011f\u0131 talimat \u00fczerine, ne bir harf noksan ne de bir harf fazla olmamak \u00fczere nakledilen bu hikmetlerin her biri, bir Peygamber\u2019in hakikatinden s\u00fcz\u00fcl\u00fcp gelmi\u015ftir. Eserleri ile \u0130slam irfan\u0131n\u0131n zenginli\u011fini ve enginli\u011fini ortaya koymu\u015f olan bu b\u00fcy\u00fck bilgenin, m\u00fchim eseri F\u00fcsusu\u2019l-Hikem\u2019in yeni bir terc\u00fcmesini sizlerle payla\u015f\u0131yoruz. F\u00fcsus\u2019un T\u00fcrk\u00e7e okuyup yazanlar a\u00e7\u0131s\u0131ndan sarih, temiz ve duru bir terc\u00fcmesi olma dile\u011fiyle sundu\u011fumuz bu kitab\u0131n \u015eeyh\u00fc\u2019l-Ekber\u2019in irfan d\u00fcnyas\u0131ndaki derinli\u011fini aksettirmesi dile\u011fimizdir. Ne nebiyim ben ne resul. Allah El\u00e7isi\u2019nin miras\u00e7\u0131s\u0131 ve \u00f6te d\u00fcnya bilgisini yayanlardan\u0131m. Her ne isterseniz Allah\u2019tan isteyin, Allah\u2019a y\u00f6nelin. Benden dinlediklerinizi hat\u0131r\u0131n\u0131zda tutun. Ard\u0131ndan bu s\u00f6zlerin anlam\u0131na s\u0131zarak onu geni\u015fletin ve toplay\u0131n. Sonra dileyene ula\u015ft\u0131r\u0131n bu kitab\u0131, okumak isteyeni engellemeyin. Bu, ku\u015fkusuz \u00fczerinize serilen birrahmettir, geni\u015fletin ve art\u0131r\u0131n.<\/p>\n","protected":false},"excerpt":{"rendered":"<p>\u0130slam irfan tarihinin en m\u00fchim \u015fahsiyetlerinden biri olan \u015eeyh\u00fc\u2019l-Ekber Muhyiddin \u0130bn\u00fc\u2019l-Arab\u00ee\u2019nin, en \u00e7ok tart\u0131\u015f\u0131lan eseri F\u00fcsusu\u2019l-Hikem (Hikmetlerin \u00d6z\u00fc)\u2019dir. Peygamberimiz\u2019den ald\u0131\u011f\u0131 talimat \u00fczerine, ne bir harf noksan<span class=\"excerpt-hellip\"> [\u2026]<\/span><\/p>\n","protected":false},"featured_media":0,"template":"","meta":{"_monsterinsights_skip_tracking":false,"_monsterinsights_sitenote_active":false,"_monsterinsights_sitenote_note":"","_monsterinsights_sitenote_category":0},"product_brand":[],"product_cat":[12718,12719,13025],"product_tag":[],"class_list":{"0":"post-693062","1":"product","2":"type-product","3":"status-publish","5":"product_cat-din","6":"product_cat-islam","7":"product_cat-islam-ve-gunumuz-islam-dusuncesi","8":"pa_cilt-ciltsiz","9":"pa_tur-kitap","10":"pa_yayinevi-sufi-kitap","11":"pa_yazar-muhyiddin-ibn-arabi","13":"first","14":"instock","15":"sale","16":"shipping-taxable","17":"purchasable","18":"product-type-simple"},"_links":{"self":[{"href":"https:\/\/roveyayinevi.com.tr\/index.php\/wp-json\/wp\/v2\/product\/693062","targetHints":{"allow":["GET"]}}],"collection":[{"href":"https:\/\/roveyayinevi.com.tr\/index.php\/wp-json\/wp\/v2\/product"}],"about":[{"href":"https:\/\/roveyayinevi.com.tr\/index.php\/wp-json\/wp\/v2\/types\/product"}],"wp:attachment":[{"href":"https:\/\/roveyayinevi.com.tr\/index.php\/wp-json\/wp\/v2\/media?parent=693062"}],"wp:term":[{"taxonomy":"product_brand","embeddable":true,"href":"https:\/\/roveyayinevi.com.tr\/index.php\/wp-json\/wp\/v2\/product_brand?post=693062"},{"taxonomy":"product_cat","embeddable":true,"href":"https:\/\/roveyayinevi.com.tr\/index.php\/wp-json\/wp\/v2\/product_cat?post=693062"},{"taxonomy":"product_tag","embeddable":true,"href":"https:\/\/roveyayinevi.com.tr\/index.php\/wp-json\/wp\/v2\/product_tag?post=693062"}],"curies":[{"name":"wp","href":"https:\/\/api.w.org\/{rel}","templated":true}]}}