{"id":693060,"date":"2025-08-27T14:11:31","date_gmt":"2025-08-27T11:11:31","guid":{"rendered":"https:\/\/roveyayinevi.com.tr\/index.php\/urun\/hz-mevlana\/"},"modified":"2026-04-16T02:03:01","modified_gmt":"2026-04-15T23:03:01","slug":"hz-mevlana","status":"publish","type":"product","link":"https:\/\/roveyayinevi.com.tr\/index.php\/urun\/hz-mevlana\/","title":{"rendered":"Hz. Mevlana"},"content":{"rendered":"<p>Benim Peygamberimin yolu a\u015fk yoludur. Ben a\u015fk \u00e7ocu\u011fuyum ve benim anam a\u015fkt\u0131r. -Hz. Mevl\u00e2n\u00e2-Bir muhabbet vel\u00eesi Hz. Mevl\u00e2n\u00e2\u2019n\u0131n a\u015fk hakk\u0131ndaki en \u00f6nemli s\u00f6zlerinden biridir bu beyit. Allah Res\u00fbl\u00fc\u2019n\u00fcn yolunun topra\u011f\u0131 olmakla en b\u00fcy\u00fck \u015feref sahibi oldu\u011funu anlatan Hz. Mevl\u00e2n\u00e2 Muhammed Cel\u00e2ledd\u00een-i R\u00fbm\u00ee ile Hz. Peygamber aras\u0131ndaki irtibat\u0131 \u00f6ne \u00e7\u0131kar\u0131yor bu kitab\u0131nda \u00d6. Tu\u011frul \u0130nan\u00e7er. Allahu Te\u00e2l\u00e2 \u2018M\u00fcminler Allah\u2019\u0131 \u015fiddetle severler\u2019 buyuruyor. \u015eiddetle sevmenin ad\u0131na \u2018a\u015fk\u2019 derler y\u00e2hu. \u2018E\u015fedd\u00fc hubben lillah.\u2019 \u0130\u015fte Kur\u2019\u00e2n-\u0131 Ker\u00eem\u2019deki a\u015fk\u0131n t\u00e2rifi. Hz. Peygamber ise \u2018Sevdi\u011finin ad\u0131 ge\u00e7ip de depre\u015fmeyen m\u00fcr\u00fcvvetsizdir\u2019 buyuruyor. Tasavvuftaki unsurlardan biri olan a\u015fkta, sembol \u015fahsiyet Hz. Mevl\u00e2n\u00e2\u2019d\u0131r. B\u00fct\u00fcn tasavvuf ekollerince \u2018\u00c2\u015f\u0131klar\u0131n Sult\u00e2n\u0131\u2019 olarak kabul edilir. \u00d6tekiler peki? Onlar da \u00f6yledir ama sembol odur. Ve Hz. Mevl\u00e2n\u00e2\u2019n\u0131n a\u015fk\u0131, Res\u00fblullah Efendimizin a\u015fk\u0131ndan asla farkl\u0131 bir \u015fey de\u011fildir&#8230; \u00d6. Tu\u011frul \u0130nan\u00e7er kendine has, a\u00e7\u0131k ve dikkat \u00e7ekici \u00fcslubuyla Hazreti Mevl\u00e2n\u00e2: Bir Muhammed\u00ee \u00c2\u015f\u0131k\u2019ta Mevlev\u00eelik, Hz. Mevl\u00e2n\u00e2 ve Hz. Peygamber hakk\u0131ndaki sorular yelpazesine muhabbet vurgusuyla s\u0131ra d\u0131\u015f\u0131 cevaplar veriyor. Hz. Mevl\u00e2n\u00e2\u2019n\u0131n \u015eems-i Tebriz\u00ee\u2019den \u00f6nceki m\u00fcr\u015fidleri kimlerdi? Hz. \u015eems\u2019i anahtar yapan \u00f6zellik nedir? Hz. Mevl\u00e2n\u00e2\u2019n\u0131n ilkeleri nelerdir? Hz. Mevl\u00e2n\u00e2 hakk\u0131nda faaliyette bulunmak i\u00e7in onu sevmi\u015f olmak yetmez mi? Bunun i\u00e7in Mevlev\u00ee olmak, ic\u00e2zet almak m\u0131 gerekir? Mevlev\u00ee olmak i\u00e7in nas\u0131l bir yol izlenmeli? Bir aya\u011f\u0131m merkezde, bir aya\u011f\u0131m yetmi\u015f iki millette s\u00f6z\u00fcn\u00fcn anlam\u0131 nedir? Nefs nedir, seyr u s\u00fcl\u00fbk ve m\u00e2rifet ne anlama gelir? \u0130bn Arab\u00ee ile Hz. Mevl\u00e2n\u00e2 kar\u015f\u0131la\u015ft\u0131r\u0131labilir mi? \ufffcTan\u0131t\u0131m Metni<\/p>\n","protected":false},"excerpt":{"rendered":"<p>Benim Peygamberimin yolu a\u015fk yoludur. Ben a\u015fk \u00e7ocu\u011fuyum ve benim anam a\u015fkt\u0131r. -Hz. Mevl\u00e2n\u00e2-Bir muhabbet vel\u00eesi Hz. Mevl\u00e2n\u00e2\u2019n\u0131n a\u015fk hakk\u0131ndaki en \u00f6nemli s\u00f6zlerinden biridir bu beyit.<span class=\"excerpt-hellip\"> [\u2026]<\/span><\/p>\n","protected":false},"featured_media":0,"template":"","meta":{"_monsterinsights_skip_tracking":false,"_monsterinsights_sitenote_active":false,"_monsterinsights_sitenote_note":"","_monsterinsights_sitenote_category":0},"product_brand":[],"product_cat":[12718,12719,12720],"product_tag":[],"class_list":{"0":"post-693060","1":"product","2":"type-product","3":"status-publish","5":"product_cat-din","6":"product_cat-islam","7":"product_cat-tasavvuf-mezhepler-tarikatlar","8":"pa_cilt-ciltsiz","9":"pa_tur-kitap","10":"pa_yayinevi-sufi-kitap","11":"pa_yazar-tugrul-inancer","13":"first","14":"instock","15":"sale","16":"shipping-taxable","17":"purchasable","18":"product-type-simple"},"_links":{"self":[{"href":"https:\/\/roveyayinevi.com.tr\/index.php\/wp-json\/wp\/v2\/product\/693060","targetHints":{"allow":["GET"]}}],"collection":[{"href":"https:\/\/roveyayinevi.com.tr\/index.php\/wp-json\/wp\/v2\/product"}],"about":[{"href":"https:\/\/roveyayinevi.com.tr\/index.php\/wp-json\/wp\/v2\/types\/product"}],"wp:attachment":[{"href":"https:\/\/roveyayinevi.com.tr\/index.php\/wp-json\/wp\/v2\/media?parent=693060"}],"wp:term":[{"taxonomy":"product_brand","embeddable":true,"href":"https:\/\/roveyayinevi.com.tr\/index.php\/wp-json\/wp\/v2\/product_brand?post=693060"},{"taxonomy":"product_cat","embeddable":true,"href":"https:\/\/roveyayinevi.com.tr\/index.php\/wp-json\/wp\/v2\/product_cat?post=693060"},{"taxonomy":"product_tag","embeddable":true,"href":"https:\/\/roveyayinevi.com.tr\/index.php\/wp-json\/wp\/v2\/product_tag?post=693060"}],"curies":[{"name":"wp","href":"https:\/\/api.w.org\/{rel}","templated":true}]}}