{"id":693057,"date":"2025-08-27T14:11:31","date_gmt":"2025-08-27T11:11:31","guid":{"rendered":"https:\/\/roveyayinevi.com.tr\/index.php\/urun\/amerikada-bir-turk\/"},"modified":"2026-04-16T02:03:01","modified_gmt":"2026-04-15T23:03:01","slug":"amerikada-bir-turk","status":"publish","type":"product","link":"https:\/\/roveyayinevi.com.tr\/index.php\/urun\/amerikada-bir-turk\/","title":{"rendered":"Amerika\u2019da Bir T\u00fcrk"},"content":{"rendered":"<p>\u015eeyh Tosun Bekir Bayraktaro\u011flu\u2019nun hayat hik\u00e2yesini birka\u00e7 c\u00fcmleyle \u00f6zetlemek ger\u00e7ekten \u00e7ok zor. Robert Kolej\u2019de ge\u00e7en gen\u00e7lik y\u0131llar\u0131nda sosyalist; Bat\u0131\u2019da ge\u00e7en sanat dolu d\u00f6neminde bohem ve anar\u015fist; Fas\u2019ta ge\u00e7en ticaret d\u00f6neminde zengin ve aristokrat; \u0130stanbul\u2019daki Cerrah\u00ee tekkesindeyken dervi\u015f; New York y\u0131llar\u0131nda ise \u015feyh. Seksen alt\u0131 y\u0131l gibi nispeten uzun bir zaman dilimine bile s\u0131\u011fmakta zorlanan bu bereketli ve enerjik hayat\u0131 \u015eeyh Tosun Efendi\u2019nin leziz anlat\u0131m\u0131ndan okurken, hakikatin \u00e7a\u011fr\u0131s\u0131na kap\u0131lman\u0131n anlam\u0131 \u00fczerine d\u00fc\u015f\u00fcn\u00fcyor; bir sanat\u00e7\u0131 ruhun, \u015f\u00f6hretinin ve sanat\u0131n\u0131n zirvesindeyken manevi bir aray\u0131\u015fla nas\u0131l \u00e7\u0131rp\u0131nmaya ba\u015flad\u0131\u011f\u0131na \u015fahitlik ediyoruz. \u015eeyh Tosun Efendi, kendi kaleminden \u00e7\u0131kan bu hat\u0131rat\u0131nda, bizi sadece kendi hayat\u0131n\u0131 okumaya de\u011fil, Cumhuriyet d\u00f6neminin tamam\u0131n\u0131 g\u00f6zden ge\u00e7irmeye \u00e7a\u011f\u0131r\u0131yor. Cumhuriyet elitlerinden say\u0131labilecek bir ailede yeti\u015fen, Londra\u2019daki gen\u00e7lik y\u0131llar\u0131nda B\u00fclent ve Rah\u015fan Ecevit, Can Y\u00fccel, Ali Neyzi gibi gen\u00e7lerle ayn\u0131 evi payla\u015fan Tosun Bekir Bayraktaro\u011flu\u2019nun, sonras\u0131nda mistisizm ve G\u00fcrciyef\u00e7i \u00f6\u011fretiden ge\u00e7en yolu nihayet tasavvufa ula\u015f\u0131yor, onu \u00f6nce dervi\u015f sonras\u0131nda \u015feyh yap\u0131yor. Son derece samimi, s\u0131cak, ak\u0131c\u0131 ve okuru bir kez yakalad\u0131 m\u0131 art\u0131k b\u0131rakmayan bir hik\u00e2ye&#8230; Do\u011fu\u2019dan Bat\u0131\u2019ya, sonra tekrar Bat\u0131\u2019dan Do\u011fu\u2019ya uzanan bir ruh maceras\u0131&#8230; Her kula nasip olmayacak bir hayat ve her okura nasip olas\u0131 bir kitap: Amerika\u2019da Bir T\u00fcrk. <\/p>\n","protected":false},"excerpt":{"rendered":"<p>\u015eeyh Tosun Bekir Bayraktaro\u011flu\u2019nun hayat hik\u00e2yesini birka\u00e7 c\u00fcmleyle \u00f6zetlemek ger\u00e7ekten \u00e7ok zor. Robert Kolej\u2019de ge\u00e7en gen\u00e7lik y\u0131llar\u0131nda sosyalist; Bat\u0131\u2019da ge\u00e7en sanat dolu d\u00f6neminde bohem ve anar\u015fist;<span class=\"excerpt-hellip\"> [\u2026]<\/span><\/p>\n","protected":false},"featured_media":0,"template":"","meta":{"_monsterinsights_skip_tracking":false,"_monsterinsights_sitenote_active":false,"_monsterinsights_sitenote_note":"","_monsterinsights_sitenote_category":0},"product_brand":[],"product_cat":[12718,18102,12719],"product_tag":[],"class_list":{"0":"post-693057","1":"product","2":"type-product","3":"status-publish","5":"product_cat-din","6":"product_cat-edebiyat-roman","7":"product_cat-islam","8":"pa_cilt-ciltsiz","9":"pa_tur-kitap","10":"pa_yayinevi-sufi-kitap","11":"pa_yazar-tosun-bekir-bayraktaroglu","13":"first","14":"instock","15":"sale","16":"shipping-taxable","17":"purchasable","18":"product-type-simple"},"_links":{"self":[{"href":"https:\/\/roveyayinevi.com.tr\/index.php\/wp-json\/wp\/v2\/product\/693057","targetHints":{"allow":["GET"]}}],"collection":[{"href":"https:\/\/roveyayinevi.com.tr\/index.php\/wp-json\/wp\/v2\/product"}],"about":[{"href":"https:\/\/roveyayinevi.com.tr\/index.php\/wp-json\/wp\/v2\/types\/product"}],"wp:attachment":[{"href":"https:\/\/roveyayinevi.com.tr\/index.php\/wp-json\/wp\/v2\/media?parent=693057"}],"wp:term":[{"taxonomy":"product_brand","embeddable":true,"href":"https:\/\/roveyayinevi.com.tr\/index.php\/wp-json\/wp\/v2\/product_brand?post=693057"},{"taxonomy":"product_cat","embeddable":true,"href":"https:\/\/roveyayinevi.com.tr\/index.php\/wp-json\/wp\/v2\/product_cat?post=693057"},{"taxonomy":"product_tag","embeddable":true,"href":"https:\/\/roveyayinevi.com.tr\/index.php\/wp-json\/wp\/v2\/product_tag?post=693057"}],"curies":[{"name":"wp","href":"https:\/\/api.w.org\/{rel}","templated":true}]}}