{"id":693050,"date":"2025-08-27T14:11:29","date_gmt":"2025-08-27T11:11:29","guid":{"rendered":"https:\/\/roveyayinevi.com.tr\/index.php\/urun\/bir-cadi-masali\/"},"modified":"2026-04-16T02:03:01","modified_gmt":"2026-04-15T23:03:01","slug":"bir-cadi-masali","status":"publish","type":"product","link":"https:\/\/roveyayinevi.com.tr\/index.php\/urun\/bir-cadi-masali\/","title":{"rendered":"Bir Cad\u0131 Masal\u0131"},"content":{"rendered":"<p>\u00d6zellikle bizimkine benzer k\u00fclt\u00fcrlerde, \u00f6fkenin d\u0131\u015favurulmas\u0131 konusunda kad\u0131n ve erkek a\u00e7\u0131s\u0131ndan bir \u00e7ifte standart s\u00f6z konusudur. Erke\u011fin \u00f6fkesini d\u0131\u015favurmas\u0131 erkek\u00e7e bir davran\u0131\u015f olarak ho\u015fg\u00f6r\u00fcl\u00fcr, kabul edilir ve neredeyse desteklenirken, kad\u0131n, kad\u0131ns\u0131 l\u0131\u011f\u0131ndan kaybetmek, ay\u0131planmak, cad\u0131 l\u0131kla su\u00e7lanmak korkular\u0131yla yeti\u015ftirildi\u011finden, \u00f6fkesini bast\u0131rmaya ko\u015fulland\u0131r\u0131l\u0131r. D\u0131\u015favurulmayan arzular, k\u0131zg\u0131nl\u0131klar, d\u00fc\u015f\u00fcnceler zamanla tahrip edici bir g\u00fcce d\u00f6n\u00fc\u015f\u00fcr, en olmad\u0131k yerde patlayarak, ki\u015finin i\u00e7 d\u00fcnyas\u0131n\u0131 oldu\u011fu kadar \u00e7evresiyle ili\u015fkilerini de y\u0131kar ge\u00e7er. Leyla Navaro, bu kitab\u0131nda, k\u0131zg\u0131nl\u0131\u011f\u0131n belirtilerine, i\u00e7imizden gelen ve \u00e7evremizdekilerin g\u00f6nderdi\u011fi i\u015faretlere kulak vermenin \u00f6nemini, k\u0131zg\u0131nl\u0131\u011f\u0131m\u0131z\u0131 ifade etmenin yollar\u0131n\u0131 ve bu tahripkar g\u00fcc\u00fc nas\u0131l olumlu bir enerjiye d\u00f6n\u00fc\u015ft\u00fcrebilece\u011fini anlat\u0131yor; ya\u015fanm\u0131\u015f \u00f6rnek olaylardan yola \u00e7\u0131karak, ruhsal sa\u011fl\u0131\u011f\u0131m\u0131z\u0131 koruman\u0131n ipu\u00e7lar\u0131n\u0131 sunuyor. \ufffcTan\u0131t\u0131m Metni<\/p>\n","protected":false},"excerpt":{"rendered":"<p>\u00d6zellikle bizimkine benzer k\u00fclt\u00fcrlerde, \u00f6fkenin d\u0131\u015favurulmas\u0131 konusunda kad\u0131n ve erkek a\u00e7\u0131s\u0131ndan bir \u00e7ifte standart s\u00f6z konusudur. Erke\u011fin \u00f6fkesini d\u0131\u015favurmas\u0131 erkek\u00e7e bir davran\u0131\u015f olarak ho\u015fg\u00f6r\u00fcl\u00fcr, kabul edilir<span class=\"excerpt-hellip\"> [\u2026]<\/span><\/p>\n","protected":false},"featured_media":0,"template":"","meta":{"_monsterinsights_skip_tracking":false,"_monsterinsights_sitenote_active":false,"_monsterinsights_sitenote_note":"","_monsterinsights_sitenote_category":0},"product_brand":[],"product_cat":[12358,12357],"product_tag":[],"class_list":{"0":"post-693050","1":"product","2":"type-product","3":"status-publish","5":"product_cat-genel-psikoloji","6":"product_cat-psikoloji","7":"pa_cilt-ciltsiz","8":"pa_tur-kitap","9":"pa_yayinevi-remzi-kitabevi","10":"pa_yazar-leyla-navaro","12":"first","13":"instock","14":"sale","15":"shipping-taxable","16":"purchasable","17":"product-type-simple"},"_links":{"self":[{"href":"https:\/\/roveyayinevi.com.tr\/index.php\/wp-json\/wp\/v2\/product\/693050","targetHints":{"allow":["GET"]}}],"collection":[{"href":"https:\/\/roveyayinevi.com.tr\/index.php\/wp-json\/wp\/v2\/product"}],"about":[{"href":"https:\/\/roveyayinevi.com.tr\/index.php\/wp-json\/wp\/v2\/types\/product"}],"wp:attachment":[{"href":"https:\/\/roveyayinevi.com.tr\/index.php\/wp-json\/wp\/v2\/media?parent=693050"}],"wp:term":[{"taxonomy":"product_brand","embeddable":true,"href":"https:\/\/roveyayinevi.com.tr\/index.php\/wp-json\/wp\/v2\/product_brand?post=693050"},{"taxonomy":"product_cat","embeddable":true,"href":"https:\/\/roveyayinevi.com.tr\/index.php\/wp-json\/wp\/v2\/product_cat?post=693050"},{"taxonomy":"product_tag","embeddable":true,"href":"https:\/\/roveyayinevi.com.tr\/index.php\/wp-json\/wp\/v2\/product_tag?post=693050"}],"curies":[{"name":"wp","href":"https:\/\/api.w.org\/{rel}","templated":true}]}}