{"id":693018,"date":"2025-08-27T14:10:08","date_gmt":"2025-08-27T11:10:08","guid":{"rendered":"https:\/\/roveyayinevi.com.tr\/index.php\/urun\/anahtarlar-ve-kilitler-kisa-duz-yazilar\/"},"modified":"2026-04-16T02:03:00","modified_gmt":"2026-04-15T23:03:00","slug":"anahtarlar-ve-kilitler-kisa-duz-yazilar","status":"publish","type":"product","link":"https:\/\/roveyayinevi.com.tr\/index.php\/urun\/anahtarlar-ve-kilitler-kisa-duz-yazilar\/","title":{"rendered":"Anahtarlar ve Kilitler K\u0131sa D\u00fcz Yaz\u0131lar"},"content":{"rendered":"<p>\u00c7a\u011fda\u015f Frans\u0131z edebiyat\u0131n\u0131n en b\u00fcy\u00fck romanc\u0131lar\u0131ndan olan Michel Tournier ayn\u0131 zamanda usta bir deneme yazar\u0131d\u0131r. Anahtarlar ve Kilitler de bunun en parlak \u00f6rneklerinden biridir. \u00c7\u00fcnk\u00fc i\u00e7indeki metinlerin neredeyse t\u00fcm\u00fc hem deneme, hem anlat\u0131, hem \u015fiir izlenimi uyand\u0131r\u0131r. Kitap bu niteli\u011fiyle bizi hem \u015fa\u015f\u0131rt\u0131r, hem b\u00fcy\u00fcler. Yazar\u0131n kendine \u00f6zg\u00fc, do\u011fal, yal\u0131n, g\u00fclery\u00fczl\u00fc anlat\u0131m\u0131 kadar, anlatt\u0131\u011f\u0131n\u0131n da pay\u0131 vard\u0131r bunda: Tournier en s\u0131radan olaylardan, en s\u0131k kar\u015f\u0131la\u015ft\u0131\u011f\u0131m\u0131z durumlardan, en bildik nesnelerden s\u00f6z ederken bile g\u00f6zlemleriyle hayal g\u00fcc\u00fcm\u00fcz\u00fc geni\u015fletir, derin duyarl\u0131l\u0131\u011f\u0131yla alg\u0131lama yetene\u011fimize yeni boyutlar katar. \u201cKilit\u201d diye adland\u0131rd\u0131\u011f\u0131 insan y\u00fcz\u00fc, kitap, kad\u0131n, yabanc\u0131 \u00fclke, sanat yap\u0131t\u0131 ve bur\u00e7lar ile \u201canahtar\u201d diye adland\u0131rd\u0131\u011f\u0131 silah, para, insan, ula\u015f\u0131m ara\u00e7lar\u0131 ve m\u00fczik aletinin bulu\u015fmas\u0131n\u0131n yaratt\u0131\u011f\u0131 i\u00e7\u00e7a\u011fr\u0131s\u0131na dikkat \u00e7eker. Hayatla g\u00f6r\u00fcnt\u00fc \u00fczerinden ili\u015fki kuran g\u00f6z\u00fcn, bedenin di\u011fer b\u00f6lgelerini hi\u00e7le\u015ftirdi\u011fine; sa\u011fl\u0131k d\u00fc\u015fk\u00fcn\u00fc a\u015f\u0131r\u0131 titiz toplumumuzun \u201cdokunmak\u201dtan ka\u00e7\u0131narak yoksunla\u015ft\u0131\u011f\u0131na i\u015faret eder. \u0130nsanlar\u0131n daha \u00e7ok teslim olmas\u0131n\u0131 talep eden t\u0131bb\u0131n g\u00fc\u00e7 iste\u011finin giderek hayat\u0131m\u0131za el koymaya d\u00f6n\u00fc\u015ft\u00fc\u011f\u00fcn\u00fc g\u00f6sterir. \u201cZaman u\u00e7urumdur\u201d der ve her \u015feyi yok eden zamana kar\u015f\u0131 \u00e7aresiz kalan insan\u0131n ona imgeyle kar\u015f\u0131l\u0131k verme \u00e7abas\u0131n\u0131 anlat\u0131r.<\/p>\n","protected":false},"excerpt":{"rendered":"<p>\u00c7a\u011fda\u015f Frans\u0131z edebiyat\u0131n\u0131n en b\u00fcy\u00fck romanc\u0131lar\u0131ndan olan Michel Tournier ayn\u0131 zamanda usta bir deneme yazar\u0131d\u0131r. Anahtarlar ve Kilitler de bunun en parlak \u00f6rneklerinden biridir. \u00c7\u00fcnk\u00fc i\u00e7indeki<span class=\"excerpt-hellip\"> [\u2026]<\/span><\/p>\n","protected":false},"featured_media":0,"template":"","meta":{"_monsterinsights_skip_tracking":false,"_monsterinsights_sitenote_active":false,"_monsterinsights_sitenote_note":"","_monsterinsights_sitenote_category":0},"product_brand":[],"product_cat":[12291,13376],"product_tag":[],"class_list":{"0":"post-693018","1":"product","2":"type-product","3":"status-publish","5":"product_cat-edebiyat","6":"product_cat-fransiz-edebiyati","7":"pa_cilt-ciltsiz","8":"pa_tur-kitap","9":"pa_yayinevi-ayrinti-yayinlari","10":"pa_yazar-michel-tournier","12":"first","13":"instock","14":"sale","15":"shipping-taxable","16":"purchasable","17":"product-type-simple"},"_links":{"self":[{"href":"https:\/\/roveyayinevi.com.tr\/index.php\/wp-json\/wp\/v2\/product\/693018","targetHints":{"allow":["GET"]}}],"collection":[{"href":"https:\/\/roveyayinevi.com.tr\/index.php\/wp-json\/wp\/v2\/product"}],"about":[{"href":"https:\/\/roveyayinevi.com.tr\/index.php\/wp-json\/wp\/v2\/types\/product"}],"wp:attachment":[{"href":"https:\/\/roveyayinevi.com.tr\/index.php\/wp-json\/wp\/v2\/media?parent=693018"}],"wp:term":[{"taxonomy":"product_brand","embeddable":true,"href":"https:\/\/roveyayinevi.com.tr\/index.php\/wp-json\/wp\/v2\/product_brand?post=693018"},{"taxonomy":"product_cat","embeddable":true,"href":"https:\/\/roveyayinevi.com.tr\/index.php\/wp-json\/wp\/v2\/product_cat?post=693018"},{"taxonomy":"product_tag","embeddable":true,"href":"https:\/\/roveyayinevi.com.tr\/index.php\/wp-json\/wp\/v2\/product_tag?post=693018"}],"curies":[{"name":"wp","href":"https:\/\/api.w.org\/{rel}","templated":true}]}}