{"id":693011,"date":"2025-08-27T14:10:06","date_gmt":"2025-08-27T11:10:06","guid":{"rendered":"https:\/\/roveyayinevi.com.tr\/index.php\/urun\/turkiyede-kesisen-catisan-dinsel-ve-etnik-kimlikler\/"},"modified":"2026-04-16T02:03:00","modified_gmt":"2026-04-15T23:03:00","slug":"turkiyede-kesisen-catisan-dinsel-ve-etnik-kimlikler","status":"publish","type":"product","link":"https:\/\/roveyayinevi.com.tr\/index.php\/urun\/turkiyede-kesisen-catisan-dinsel-ve-etnik-kimlikler\/","title":{"rendered":"T\u00fcrkiye\u2019de Kesi\u015fen-\u00c7at\u0131\u015fan Dinsel Ve Etnik Kimlikler"},"content":{"rendered":"<p>Bug\u00fcn siyasetin kimlikler \u00fczerinden tan\u0131mland\u0131\u011f\u0131 bir d\u00f6nemde ya\u015f\u0131yoruz. Bu, ulus devletin bize sundu\u011fu vatanda\u015fl\u0131k kategorisinin krize girdi\u011fi bir d\u00f6nemi i\u015faret etmekte, liberal demokrasilerin kurumlar\u0131 ve siyasal k\u00fclt\u00fcr\u00fc bu krizi \u00e7\u00f6zmede yetersiz kalmaktad\u0131r. Darfur\u2019dan Ruanda\u2019ya, Somali\u2019den Bask\u2019a, T\u00fcrkiye\u2019den Korsika\u2019ya kadar geni\u015f bir co\u011frafyada \u00e7\u0131kan etnik ve (etno) dinsel \u00e7at\u0131\u015fmalar ise bu durumun somut bir \u00f6rne\u011fidir. <\/p>\n","protected":false},"excerpt":{"rendered":"<p>Bug\u00fcn siyasetin kimlikler \u00fczerinden tan\u0131mland\u0131\u011f\u0131 bir d\u00f6nemde ya\u015f\u0131yoruz. Bu, ulus devletin bize sundu\u011fu vatanda\u015fl\u0131k kategorisinin krize girdi\u011fi bir d\u00f6nemi i\u015faret etmekte, liberal demokrasilerin kurumlar\u0131 ve siyasal<span class=\"excerpt-hellip\"> [\u2026]<\/span><\/p>\n","protected":false},"featured_media":0,"template":"","meta":{"_monsterinsights_skip_tracking":false,"_monsterinsights_sitenote_active":false,"_monsterinsights_sitenote_note":"","_monsterinsights_sitenote_category":0},"product_brand":[],"product_cat":[13656,12337],"product_tag":[],"class_list":{"0":"post-693011","1":"product","2":"type-product","3":"status-publish","5":"product_cat-azinliklar-etnik-sorunlar","6":"product_cat-politika-siyaset","7":"pa_cilt-ciltsiz","8":"pa_tur-kitap","9":"pa_yayinevi-say-yayinlari","10":"pa_yazar-r-ozgur-donmez","12":"first","13":"instock","14":"sale","15":"shipping-taxable","16":"purchasable","17":"product-type-simple"},"_links":{"self":[{"href":"https:\/\/roveyayinevi.com.tr\/index.php\/wp-json\/wp\/v2\/product\/693011","targetHints":{"allow":["GET"]}}],"collection":[{"href":"https:\/\/roveyayinevi.com.tr\/index.php\/wp-json\/wp\/v2\/product"}],"about":[{"href":"https:\/\/roveyayinevi.com.tr\/index.php\/wp-json\/wp\/v2\/types\/product"}],"wp:attachment":[{"href":"https:\/\/roveyayinevi.com.tr\/index.php\/wp-json\/wp\/v2\/media?parent=693011"}],"wp:term":[{"taxonomy":"product_brand","embeddable":true,"href":"https:\/\/roveyayinevi.com.tr\/index.php\/wp-json\/wp\/v2\/product_brand?post=693011"},{"taxonomy":"product_cat","embeddable":true,"href":"https:\/\/roveyayinevi.com.tr\/index.php\/wp-json\/wp\/v2\/product_cat?post=693011"},{"taxonomy":"product_tag","embeddable":true,"href":"https:\/\/roveyayinevi.com.tr\/index.php\/wp-json\/wp\/v2\/product_tag?post=693011"}],"curies":[{"name":"wp","href":"https:\/\/api.w.org\/{rel}","templated":true}]}}