{"id":693010,"date":"2025-08-27T14:10:06","date_gmt":"2025-08-27T11:10:06","guid":{"rendered":"https:\/\/roveyayinevi.com.tr\/index.php\/urun\/modernite-versus-postmodernite\/"},"modified":"2026-04-16T02:03:00","modified_gmt":"2026-04-15T23:03:00","slug":"modernite-versus-postmodernite","status":"publish","type":"product","link":"https:\/\/roveyayinevi.com.tr\/index.php\/urun\/modernite-versus-postmodernite\/","title":{"rendered":"Modernite Versus Postmodernite"},"content":{"rendered":"<p>Bu derleme, T\u00fcrkiye\u2019deki postmodernizm tart\u0131\u015fmalar\u0131nda g\u00f6ze \u00e7arpan ak-kara kavgas\u0131n\u0131n y\u00fczeyselli\u011fine (istisnalar mevcut elbette, \u00f6rnek al\u0131nas\u0131, parmakla g\u00f6sterilecek kadar az istisnalar) bir m\u00fcdahale olarak tasarland\u0131. Meselenin \u00e7e\u015fitli boyutlar\u0131n\u0131 farkl\u0131 yakla\u015f\u0131mlarla tart\u0131\u015fan ve baz\u0131 isimlerin T\u00fcrk\u00e7ede ilk kez yer ald\u0131\u011f\u0131 bu derlemenin, ta\u015f\u0131d\u0131\u011f\u0131 t\u00fcm eksikliklere ra\u011fmen \u00fclkemizdeki postmodernizm tart\u0131\u015fmalar\u0131na k\u00fc\u00e7\u00fck de olsa bir a\u00e7\u0131l\u0131m getirece\u011fini san\u0131yor ve diliyorum. Bu arada, \u00fclkemizde ayd\u0131nlar\u0131n, genel olarak g\u00f6rmezden gelme gibi bir taktik konusunda \u015fa\u015f\u0131rt\u0131c\u0131 bir yetene\u011fe sahip olmalar\u0131ndan \u00f6t\u00fcr\u00fc, \u015fu noktaya i\u015faret etme zorunlulu\u011funu duydu\u011fum i\u00e7in okuyucunun beni ba\u011f\u0131\u015flamas\u0131n\u0131 diliyorum: Elinizdeki bu kitap, zaten derlenip kitapla\u015ft\u0131r\u0131lm\u0131\u015f bir \u00e7al\u0131\u015fman\u0131n \u00e7evirisi de\u011fil, bizzat derleyenin kendi okumalar\u0131 aras\u0131ndan se\u00e7erek bir araya getirdi\u011fi makalelerden olu\u015fuyor. B\u00f6yle olmas\u0131 da ka\u00e7\u0131n\u0131lmazd\u0131 zaten. Bat\u0131n\u0131n kendi \u00f6zg\u00fcl kayg\u0131lar\u0131yla derledi\u011fi herhangi bir \u00e7al\u0131\u015fma, T\u00fcrkiye ortam\u0131nda eksikli\u011fini g\u00f6rd\u00fc\u011f\u00fcm noktalara e\u015fanl\u0131 olarak m\u00fcdahale edemezdi. Olduk\u00e7a farkl\u0131 kayg\u0131lar\u0131 bar\u0131nd\u0131ran, farkl\u0131 gelenekler i\u00e7inde \u015fekillenmi\u015f baz\u0131 yaz\u0131lar\u0131 \u00f6zellikle se\u00e7tim. Meselenin, bir taraf-kar\u015f\u0131 olma meselesi olmad\u0131\u011f\u0131n\u0131, dahas\u0131 \u00f6zellikle kar\u015f\u0131 olanlara \u00e7ok i\u015f d\u00fc\u015ft\u00fc\u011f\u00fcn\u00fc g\u00f6stermek istedim. ikili kutupsall\u0131klar\u0131n, hangi kaygan zeminler \u00fczerinde savunulmak zorunda oldu\u011funu sergilemek istedim. Takdir okuyucunun elbette. <\/p>\n","protected":false},"excerpt":{"rendered":"<p>Bu derleme, T\u00fcrkiye\u2019deki postmodernizm tart\u0131\u015fmalar\u0131nda g\u00f6ze \u00e7arpan ak-kara kavgas\u0131n\u0131n y\u00fczeyselli\u011fine (istisnalar mevcut elbette, \u00f6rnek al\u0131nas\u0131, parmakla g\u00f6sterilecek kadar az istisnalar) bir m\u00fcdahale olarak tasarland\u0131. Meselenin \u00e7e\u015fitli<span class=\"excerpt-hellip\"> [\u2026]<\/span><\/p>\n","protected":false},"featured_media":0,"template":"","meta":{"_monsterinsights_skip_tracking":false,"_monsterinsights_sitenote_active":false,"_monsterinsights_sitenote_note":"","_monsterinsights_sitenote_category":0},"product_brand":[],"product_cat":[12388,15309],"product_tag":[],"class_list":{"0":"post-693010","1":"product","2":"type-product","3":"status-publish","5":"product_cat-felsefe","6":"product_cat-felsefi-akimlar","7":"pa_cilt-ciltsiz","8":"pa_tur-kitap","9":"pa_yayinevi-say-yayinlari","10":"pa_yazar-derleme","12":"first","13":"instock","14":"sale","15":"shipping-taxable","16":"purchasable","17":"product-type-simple"},"_links":{"self":[{"href":"https:\/\/roveyayinevi.com.tr\/index.php\/wp-json\/wp\/v2\/product\/693010","targetHints":{"allow":["GET"]}}],"collection":[{"href":"https:\/\/roveyayinevi.com.tr\/index.php\/wp-json\/wp\/v2\/product"}],"about":[{"href":"https:\/\/roveyayinevi.com.tr\/index.php\/wp-json\/wp\/v2\/types\/product"}],"wp:attachment":[{"href":"https:\/\/roveyayinevi.com.tr\/index.php\/wp-json\/wp\/v2\/media?parent=693010"}],"wp:term":[{"taxonomy":"product_brand","embeddable":true,"href":"https:\/\/roveyayinevi.com.tr\/index.php\/wp-json\/wp\/v2\/product_brand?post=693010"},{"taxonomy":"product_cat","embeddable":true,"href":"https:\/\/roveyayinevi.com.tr\/index.php\/wp-json\/wp\/v2\/product_cat?post=693010"},{"taxonomy":"product_tag","embeddable":true,"href":"https:\/\/roveyayinevi.com.tr\/index.php\/wp-json\/wp\/v2\/product_tag?post=693010"}],"curies":[{"name":"wp","href":"https:\/\/api.w.org\/{rel}","templated":true}]}}