{"id":693008,"date":"2025-08-27T14:10:06","date_gmt":"2025-08-27T11:10:06","guid":{"rendered":"https:\/\/roveyayinevi.com.tr\/index.php\/urun\/merleau-ponty-sozlugu\/"},"modified":"2026-04-16T02:03:00","modified_gmt":"2026-04-15T23:03:00","slug":"merleau-ponty-sozlugu","status":"publish","type":"product","link":"https:\/\/roveyayinevi.com.tr\/index.php\/urun\/merleau-ponty-sozlugu\/","title":{"rendered":"Merleau &#8211; Ponty S\u00f6zl\u00fc\u011f\u00fc"},"content":{"rendered":"<p>Merleau-Ponty, Sartre ve Levinas ile birlikte en b\u00fcy\u00fck Frans\u0131z fenomenologlar\u0131ndan biridir. Yazar\u0131n d\u00fc\u015f\u00fcncesi Husserl, Heidegger ve Bergson gibi \u00e7a\u011fda\u015f felsefenin temel fig\u00fcrleriyle s\u0131k\u0131 bir ili\u015fki i\u00e7inde olsa da, Montaigne, Pascal, Descartes gibi klasik filozoflardan da ayr\u0131lamaz. Elinizdeki s\u00f6zl\u00fck, Merleau-Ponty\u2019nin metaforik ve karma\u015f\u0131k gibi g\u00f6r\u00fcnen ama asl\u0131nda ince bir \u015fekilde i\u015flenmi\u015f \u00fcslubunu ayd\u0131nlatmak i\u00e7in haz\u0131rlanm\u0131\u015ft\u0131r. Bu \u00fcslup, halihaz\u0131rda bizim yerimize d\u00fc\u015f\u00fcnen eskimi\u015f felsefi kategorilerden \u00e7\u0131karak fenomenolojinin betimleyici g\u00fcc\u00fcn\u00fc yeniden ortaya koymaya \u00e7al\u0131\u015f\u0131r. S\u00f6z konusu anlat\u0131m, dilin kullan\u0131m\u0131yla kemikle\u015fmi\u015f kategorileri k\u0131rarak, onlar\u0131 birbirleriyle kesi\u015fecekleri bir d\u00fcnyaya yerle\u015ftirir. Yazar\u0131n metaforik anlat\u0131m\u0131, eskimi\u015f felsefi kavramlar\u0131n keskin ayr\u0131mlar\u0131n\u0131 bir kenara b\u0131rak\u0131p bizi alg\u0131n\u0131n k\u00f6kensel mevcudiyetine davet eder. B\u00f6ylece kar\u015f\u0131m\u0131za Merleau-Ponty\u2019nin ortaya koydu\u011fu felsefi eserden daha fazlas\u0131n\u0131 i\u00e7eren bir program \u00e7\u0131kar, \u00f6yle ki bu program art\u0131k yazara ait oldu\u011fu kadar bize de aittir. <\/p>\n","protected":false},"excerpt":{"rendered":"<p>Merleau-Ponty, Sartre ve Levinas ile birlikte en b\u00fcy\u00fck Frans\u0131z fenomenologlar\u0131ndan biridir. Yazar\u0131n d\u00fc\u015f\u00fcncesi Husserl, Heidegger ve Bergson gibi \u00e7a\u011fda\u015f felsefenin temel fig\u00fcrleriyle s\u0131k\u0131 bir ili\u015fki i\u00e7inde<span class=\"excerpt-hellip\"> [\u2026]<\/span><\/p>\n","protected":false},"featured_media":0,"template":"","meta":{"_monsterinsights_skip_tracking":false,"_monsterinsights_sitenote_active":false,"_monsterinsights_sitenote_note":"","_monsterinsights_sitenote_category":0},"product_brand":[],"product_cat":[13590,12337],"product_tag":[],"class_list":{"0":"post-693008","1":"product","2":"type-product","3":"status-publish","5":"product_cat-arastirma-inceleme-politika-siyaset","6":"product_cat-politika-siyaset","7":"pa_cilt-ciltsiz","8":"pa_tur-kitap","9":"pa_yayinevi-say-yayinlari","10":"pa_yazar-pascal-dupond","12":"first","13":"instock","14":"sale","15":"shipping-taxable","16":"purchasable","17":"product-type-simple"},"_links":{"self":[{"href":"https:\/\/roveyayinevi.com.tr\/index.php\/wp-json\/wp\/v2\/product\/693008","targetHints":{"allow":["GET"]}}],"collection":[{"href":"https:\/\/roveyayinevi.com.tr\/index.php\/wp-json\/wp\/v2\/product"}],"about":[{"href":"https:\/\/roveyayinevi.com.tr\/index.php\/wp-json\/wp\/v2\/types\/product"}],"wp:attachment":[{"href":"https:\/\/roveyayinevi.com.tr\/index.php\/wp-json\/wp\/v2\/media?parent=693008"}],"wp:term":[{"taxonomy":"product_brand","embeddable":true,"href":"https:\/\/roveyayinevi.com.tr\/index.php\/wp-json\/wp\/v2\/product_brand?post=693008"},{"taxonomy":"product_cat","embeddable":true,"href":"https:\/\/roveyayinevi.com.tr\/index.php\/wp-json\/wp\/v2\/product_cat?post=693008"},{"taxonomy":"product_tag","embeddable":true,"href":"https:\/\/roveyayinevi.com.tr\/index.php\/wp-json\/wp\/v2\/product_tag?post=693008"}],"curies":[{"name":"wp","href":"https:\/\/api.w.org\/{rel}","templated":true}]}}