{"id":693003,"date":"2025-08-27T14:10:05","date_gmt":"2025-08-27T11:10:05","guid":{"rendered":"https:\/\/roveyayinevi.com.tr\/index.php\/urun\/toplum-sozlesmesi-ya-da-siyaset-hukuku-ilkeleri\/"},"modified":"2026-04-16T02:03:00","modified_gmt":"2026-04-15T23:03:00","slug":"toplum-sozlesmesi-ya-da-siyaset-hukuku-ilkeleri","status":"publish","type":"product","link":"https:\/\/roveyayinevi.com.tr\/index.php\/urun\/toplum-sozlesmesi-ya-da-siyaset-hukuku-ilkeleri\/","title":{"rendered":"Toplum S\u00f6zle\u015fmesi ya da Siyaset Hukuku \u0130lkeleri"},"content":{"rendered":"<p>Jean-Jacques Rousseau bir \u00f6zg\u00fcrl\u00fck filozofudur. Bu ba\u011flamda sivil toplumun \u00e7eli\u015fkilerini sorgulam\u0131\u015f ve bu sorgulamay\u0131 ger\u00e7ekle\u015ftirirken de insan-yurtta\u015f, do\u011fa-toplum, k\u0131r-kent ili\u015fkilerini \u00f6ne \u00e7\u0131karm\u0131\u015ft\u0131r. Onun felsefesinde insan do\u011fu\u015ftan iyidir ama, toplum taraf\u0131ndan as\u0131l do\u011fas\u0131ndan uzakla\u015ft\u0131r\u0131lm\u0131\u015f ve do\u011fal \u00f6zg\u00fcrl\u00fc\u011f\u00fcn\u00fc yitirmi\u015f bir konumdad\u0131r. Rousseau\u2019nun ere\u011fi, toplumda dolay\u0131ms\u0131z birli\u011fin yeniden kurulmas\u0131 amac\u0131yla bireylere ger\u00e7ek bir toplum s\u00f6zle\u015fmesi sunarak sivil \u00f6zg\u00fcrl\u00fc\u011f\u00fcn sa\u011flanmas\u0131d\u0131r. \ufffcTan\u0131t\u0131m Metni<\/p>\n","protected":false},"excerpt":{"rendered":"<p>Jean-Jacques Rousseau bir \u00f6zg\u00fcrl\u00fck filozofudur. Bu ba\u011flamda sivil toplumun \u00e7eli\u015fkilerini sorgulam\u0131\u015f ve bu sorgulamay\u0131 ger\u00e7ekle\u015ftirirken de insan-yurtta\u015f, do\u011fa-toplum, k\u0131r-kent ili\u015fkilerini \u00f6ne \u00e7\u0131karm\u0131\u015ft\u0131r. Onun felsefesinde insan do\u011fu\u015ftan<span class=\"excerpt-hellip\"> [\u2026]<\/span><\/p>\n","protected":false},"featured_media":0,"template":"","meta":{"_monsterinsights_skip_tracking":false,"_monsterinsights_sitenote_active":false,"_monsterinsights_sitenote_note":"","_monsterinsights_sitenote_category":0},"product_brand":[],"product_cat":[12965,12337],"product_tag":[],"class_list":{"0":"post-693003","1":"product","2":"type-product","3":"status-publish","5":"product_cat-genel-politika","6":"product_cat-politika-siyaset","7":"pa_cilt-ciltsiz","8":"pa_tur-kitap","9":"pa_yayinevi-say-yayinlari","10":"pa_yazar-jean-jacques-rousseau","12":"first","13":"instock","14":"sale","15":"shipping-taxable","16":"purchasable","17":"product-type-simple"},"_links":{"self":[{"href":"https:\/\/roveyayinevi.com.tr\/index.php\/wp-json\/wp\/v2\/product\/693003","targetHints":{"allow":["GET"]}}],"collection":[{"href":"https:\/\/roveyayinevi.com.tr\/index.php\/wp-json\/wp\/v2\/product"}],"about":[{"href":"https:\/\/roveyayinevi.com.tr\/index.php\/wp-json\/wp\/v2\/types\/product"}],"wp:attachment":[{"href":"https:\/\/roveyayinevi.com.tr\/index.php\/wp-json\/wp\/v2\/media?parent=693003"}],"wp:term":[{"taxonomy":"product_brand","embeddable":true,"href":"https:\/\/roveyayinevi.com.tr\/index.php\/wp-json\/wp\/v2\/product_brand?post=693003"},{"taxonomy":"product_cat","embeddable":true,"href":"https:\/\/roveyayinevi.com.tr\/index.php\/wp-json\/wp\/v2\/product_cat?post=693003"},{"taxonomy":"product_tag","embeddable":true,"href":"https:\/\/roveyayinevi.com.tr\/index.php\/wp-json\/wp\/v2\/product_tag?post=693003"}],"curies":[{"name":"wp","href":"https:\/\/api.w.org\/{rel}","templated":true}]}}