{"id":692994,"date":"2025-08-27T14:10:03","date_gmt":"2025-08-27T11:10:03","guid":{"rendered":"https:\/\/roveyayinevi.com.tr\/index.php\/urun\/suheyl-ile-nevbahar\/"},"modified":"2026-04-16T02:03:00","modified_gmt":"2026-04-15T23:03:00","slug":"suheyl-ile-nevbahar","status":"publish","type":"product","link":"https:\/\/roveyayinevi.com.tr\/index.php\/urun\/suheyl-ile-nevbahar\/","title":{"rendered":"S\u00fcheyl ile Nevbahar"},"content":{"rendered":"<p>Eski Anadolu T\u00fcrk\u00e7esi ile yaz\u0131lm\u0131\u015f di\u011fer mesnevilere k\u0131yasla dili daha sade olan S\u00fcheyl ile Nevbahar mesnevisi, T\u00fcrk edebiyat\u0131nda be\u015feri a\u015fk\u0131 konu alan ilk mesnevi olma \u00f6zelli\u011fini ta\u015f\u0131r. <\/p>\n","protected":false},"excerpt":{"rendered":"<p>Eski Anadolu T\u00fcrk\u00e7esi ile yaz\u0131lm\u0131\u015f di\u011fer mesnevilere k\u0131yasla dili daha sade olan S\u00fcheyl ile Nevbahar mesnevisi, T\u00fcrk edebiyat\u0131nda be\u015feri a\u015fk\u0131 konu alan ilk mesnevi olma \u00f6zelli\u011fini<span class=\"excerpt-hellip\"> [\u2026]<\/span><\/p>\n","protected":false},"featured_media":0,"template":"","meta":{"_monsterinsights_skip_tracking":false,"_monsterinsights_sitenote_active":false,"_monsterinsights_sitenote_note":"","_monsterinsights_sitenote_category":0},"product_brand":[],"product_cat":[12291,13706],"product_tag":[],"class_list":{"0":"post-692994","1":"product","2":"type-product","3":"status-publish","5":"product_cat-edebiyat","6":"product_cat-efsane-destan-masal","7":"pa_cilt-ciltsiz","8":"pa_tur-kitap","9":"pa_yayinevi-say-yayinlari","10":"pa_yazar-mesud-bin-ahmed","12":"first","13":"instock","14":"sale","15":"shipping-taxable","16":"purchasable","17":"product-type-simple"},"_links":{"self":[{"href":"https:\/\/roveyayinevi.com.tr\/index.php\/wp-json\/wp\/v2\/product\/692994","targetHints":{"allow":["GET"]}}],"collection":[{"href":"https:\/\/roveyayinevi.com.tr\/index.php\/wp-json\/wp\/v2\/product"}],"about":[{"href":"https:\/\/roveyayinevi.com.tr\/index.php\/wp-json\/wp\/v2\/types\/product"}],"wp:attachment":[{"href":"https:\/\/roveyayinevi.com.tr\/index.php\/wp-json\/wp\/v2\/media?parent=692994"}],"wp:term":[{"taxonomy":"product_brand","embeddable":true,"href":"https:\/\/roveyayinevi.com.tr\/index.php\/wp-json\/wp\/v2\/product_brand?post=692994"},{"taxonomy":"product_cat","embeddable":true,"href":"https:\/\/roveyayinevi.com.tr\/index.php\/wp-json\/wp\/v2\/product_cat?post=692994"},{"taxonomy":"product_tag","embeddable":true,"href":"https:\/\/roveyayinevi.com.tr\/index.php\/wp-json\/wp\/v2\/product_tag?post=692994"}],"curies":[{"name":"wp","href":"https:\/\/api.w.org\/{rel}","templated":true}]}}