{"id":692986,"date":"2025-08-27T14:10:01","date_gmt":"2025-08-27T11:10:01","guid":{"rendered":"https:\/\/roveyayinevi.com.tr\/index.php\/urun\/ibrani-mitleri\/"},"modified":"2026-04-16T02:03:00","modified_gmt":"2026-04-15T23:03:00","slug":"ibrani-mitleri","status":"publish","type":"product","link":"https:\/\/roveyayinevi.com.tr\/index.php\/urun\/ibrani-mitleri\/","title":{"rendered":"\u0130brani Mitleri"},"content":{"rendered":"<p>\u0130brani isminin veya \u0130branilerin bir kolunun ad\u0131n\u0131n \u0130srailli olarak de\u011fi\u015fmesi Yakup\u2019un Tanr\u0131sal bir yarat\u0131kla g\u00fcre\u015fmesinin an\u0131s\u0131nad\u0131r. Bundan sonra \u0130brani ad\u0131 sadece dilin ve yaz\u0131n\u0131n ismini tan\u0131mlamakta ve ayr\u0131ca Musa \u00f6ncesi d\u00f6nemin karakterine at\u0131fta bulunmaktad\u0131r. 19. y\u00fczy\u0131ldan itibaren \u0130brani kelimesi, Musevi ya da Yahudi gibi din \u00e7a\u011fr\u0131\u015f\u0131ml\u0131 de\u011fil, etnik \u00e7a\u011fr\u0131\u015f\u0131ml\u0131 bir isim olarak kullan\u0131lmaya ba\u015flanm\u0131\u015ft\u0131r. \u0130lk bask\u0131s\u0131 1964 y\u0131l\u0131nda ger\u00e7ekle\u015ftirilen \u0130brani Mitleri, \u0130brani s\u00f6ylencelerini \u00e7e\u015fitli kaynaklardaki halleriyle bir bir \u00f6n\u00fcm\u00fcze sererken ayn\u0131 zamanda onlar\u0131 Ege, Miken ve Mezopotamya mitleriyle ili\u015fkilendirip \u00e7e\u015fitli temalar\u0131n farkl\u0131 toplumlardaki ge\u00e7i\u015fkenli\u011fini ve deyim yerindeyse evrenselli\u011fini vurguluyor. Anlat\u0131msall\u0131\u011f\u0131n \u00f6n plana \u00e7\u0131kt\u0131\u011f\u0131 \u0130brani Mitleri, Tekvin, Midra\u015flar, Talmud kitaplar\u0131 arac\u0131l\u0131\u011f\u0131yla destekleniyor. Daha \u00f6nce  Yunan Mitleri  adl\u0131 \u00e7al\u0131\u015fmas\u0131n\u0131 da yay\u0131mlad\u0131\u011f\u0131m\u0131z, s\u00f6ylence ve din ili\u015fkileri \u00fczerine uzmanl\u0131k derecesinde \u00e7al\u0131\u015fmalar yapan Robert Graves, bu kitab\u0131 Yahudi k\u00fclt\u00fcr\u00fc \u00fczerine benzer \u00e7al\u0131\u015fmalar yapan Raphael Patai ile birlikte haz\u0131rlam\u0131\u015f. \u0130brani Mitleri, her bir mitin k\u00f6kenine inerek Antik Yunan\u2019daki benzer mitlere yapt\u0131\u011f\u0131 g\u00f6ndermelerle hem bir kar\u015f\u0131la\u015ft\u0131rmal\u0131 dinler tarihi hem de kar\u015f\u0131la\u015ft\u0131rmal\u0131 mitler dizgesi sunuyor. <\/p>\n","protected":false},"excerpt":{"rendered":"<p>\u0130brani isminin veya \u0130branilerin bir kolunun ad\u0131n\u0131n \u0130srailli olarak de\u011fi\u015fmesi Yakup\u2019un Tanr\u0131sal bir yarat\u0131kla g\u00fcre\u015fmesinin an\u0131s\u0131nad\u0131r. Bundan sonra \u0130brani ad\u0131 sadece dilin ve yaz\u0131n\u0131n ismini tan\u0131mlamakta<span class=\"excerpt-hellip\"> [\u2026]<\/span><\/p>\n","protected":false},"featured_media":0,"template":"","meta":{"_monsterinsights_skip_tracking":false,"_monsterinsights_sitenote_active":false,"_monsterinsights_sitenote_note":"","_monsterinsights_sitenote_category":0},"product_brand":[],"product_cat":[16382,12718],"product_tag":[],"class_list":{"0":"post-692986","1":"product","2":"type-product","3":"status-publish","5":"product_cat-diger-inanclar","6":"product_cat-din","7":"pa_cilt-ciltsiz","8":"pa_tur-kitap","9":"pa_yayinevi-say-yayinlari","10":"pa_yazar-robert-graves","12":"first","13":"instock","14":"sale","15":"shipping-taxable","16":"purchasable","17":"product-type-simple"},"_links":{"self":[{"href":"https:\/\/roveyayinevi.com.tr\/index.php\/wp-json\/wp\/v2\/product\/692986","targetHints":{"allow":["GET"]}}],"collection":[{"href":"https:\/\/roveyayinevi.com.tr\/index.php\/wp-json\/wp\/v2\/product"}],"about":[{"href":"https:\/\/roveyayinevi.com.tr\/index.php\/wp-json\/wp\/v2\/types\/product"}],"wp:attachment":[{"href":"https:\/\/roveyayinevi.com.tr\/index.php\/wp-json\/wp\/v2\/media?parent=692986"}],"wp:term":[{"taxonomy":"product_brand","embeddable":true,"href":"https:\/\/roveyayinevi.com.tr\/index.php\/wp-json\/wp\/v2\/product_brand?post=692986"},{"taxonomy":"product_cat","embeddable":true,"href":"https:\/\/roveyayinevi.com.tr\/index.php\/wp-json\/wp\/v2\/product_cat?post=692986"},{"taxonomy":"product_tag","embeddable":true,"href":"https:\/\/roveyayinevi.com.tr\/index.php\/wp-json\/wp\/v2\/product_tag?post=692986"}],"curies":[{"name":"wp","href":"https:\/\/api.w.org\/{rel}","templated":true}]}}